{"id":28724,"date":"2023-02-15T18:04:44","date_gmt":"2023-02-15T17:04:44","guid":{"rendered":"https:\/\/www.exenia.eu\/informativa-sulla-privacy\/"},"modified":"2023-05-19T16:22:50","modified_gmt":"2023-05-19T14:22:50","slug":"datenschutzerklaerung-old","status":"publish","type":"page","link":"https:\/\/restyling.exenia.eu\/de\/datenschutzerklaerung-old\/","title":{"rendered":"Datenschutzerkl\u00e4rung &#8211; old"},"content":{"rendered":"<h2 class=\"wp-block-heading\">INFORMATIONEN \u00dcBER DIE VERARBEITUNG VON PERSONENBEZOGENEN DATEN<\/h2><p>Exenia s.r.l. (im Folgenden auch &#8222;das Unternehmen&#8220;) m\u00f6chte Sie gem\u00e4\u00df Artikel 13 der Verordnung (EU) 2016\/679 (im Folgenden auch &#8222;DSGVO&#8220; oder &#8222;Allgemeine Datenschutzverordnung&#8220;) dar\u00fcber informieren, dass Ihre Daten unter Einhaltung der Datenschutzbestimmungen gem\u00e4\u00df den nachstehenden Angaben verarbeitet werden.<\/p><p>1. Wer wir sind<br>Der Inhaber der Datenverarbeitung ist Exenia s.r.l. mit Sitz in Calenzano (FI), Via della Chiesa n\u00b0 38, E-Mail Adresse privacy@exenia.eu.<\/p><p>Rechtsgrundlage und Zweck der Verarbeitung<br>Das Unternehmen verarbeitet die personenbezogenen Daten, die Sie beim Ausf\u00fcllen des Formulars auf unserer Website angeben (Vorname, Nachname, E-Mail-Adresse), um Ihre Anfrage zum Erhalt des Exenia-Newsletters zu erf\u00fcllen. Der Versand des Newsletters unterliegt Ihrer ausdr\u00fccklichen, freien und informierten Zustimmung (Art. 6, Absatz 1, Buchstabe a der DSGVO), die durch ein spezielles Kontrollk\u00e4stchen dokumentiert wird (Art. 7 Absatz 1 der DSGVO).<\/p><p>Verarbeitungsmethoden<br>Ihre Daten werden mit Hilfe von Computern und auf Papier gem\u00e4\u00df den gesetzlichen Bestimmungen verarbeitet, um die Sicherheit und Vertraulichkeit sowie die Richtigkeit, Aktualit\u00e4t und Relevanz der Daten f\u00fcr die angegebenen Zwecke zu gew\u00e4hrleisten. Die Verarbeitung Ihrer Daten erfolgt mittels der in Art. 4 Nr. 2 der Verordnung (EU) 2016\/679 genannten Vorg\u00e4nge, und zwar: Erhebung, Aufzeichnung, Organisation, Speicherung, Abfrage, Verarbeitung, \u00c4nderung, Auswahl, Extraktion, Vergleich, Verwendung, Verkn\u00fcpfung, Sperrung, Mitteilung, L\u00f6schung und Vernichtung von Daten.<\/p><p>Ihre Daten werden in unseren Archiven f\u00fcr die unter Punkt 2 genannten Zwecke so lange aufbewahrt, wie es f\u00fcr die Erreichung der Zwecke, f\u00fcr die sie erhoben wurden, erforderlich ist, und in jedem Fall unter Einhaltung der gesetzlichen Bestimmungen. Sollten Sie sich entscheiden, den Newsletter-Dienst abzubestellen, werden Ihre Daten aus den Systemen und Archiven, in denen sie vorhanden sind, gel\u00f6scht.<\/p><p>Kategorien von Datenempf\u00e4ngern<br>Ihre pers\u00f6nlichen Daten werden zu den unter Punkt 2 dieses Informationsschreibens genannten Zwecken folgenden Personen zug\u00e4nglich gemacht<\/p><p>vom f\u00fcr die Verarbeitung Verantwortlichen autorisiertes Personal;<br>Drittunternehmen oder andere Subjekte (wie Berater oder IT-Hilfsunternehmen) in ihrer Eigenschaft als autonome Datenverantwortliche oder Datenverarbeiter im Auftrag des f\u00fcr die Datenverarbeitung Verantwortlichen. Eine Liste mit den Namen der Datenverarbeiter kann bei dem f\u00fcr die Verarbeitung Verantwortlichen angefordert werden. Das vom f\u00fcr die Verarbeitung Verantwortlichen beauftragte Personal sowie die beauftragten Auftragsverarbeiter haben besondere Anweisungen erhalten und sind zur Wahrung der Vertraulichkeit Ihrer Daten verpflichtet worden.<br>Daten\u00fcbertragung<br>Ihre pers\u00f6nlichen Daten werden auf Servern in Kanada gespeichert, einem Land, das als den europ\u00e4ischen Datenschutzstandards angemessen gilt. In jedem Fall kann der f\u00fcr die Datenverarbeitung Verantwortliche die Server erforderlichenfalls in L\u00e4nder au\u00dferhalb der EU verlegen. In diesem Fall versichert der f\u00fcr die Verarbeitung Verantwortliche bereits jetzt, dass die \u00dcbermittlung von Daten in L\u00e4nder au\u00dferhalb der EU im Einklang mit den geltenden Rechtsvorschriften und unter Einhaltung der von der Europ\u00e4ischen Kommission vorgesehenen Standardvertragsklauseln erfolgen wird.<\/p><p>Art der Daten\u00fcbermittlung und Folgen einer Antwortverweigerung<br>Die Angabe Ihrer pers\u00f6nlichen Daten und die Erteilung Ihrer Zustimmung sind freiwillig. Die Nichtbereitstellung Ihrer pers\u00f6nlichen Daten macht es Exenia srl unm\u00f6glich, Ihr Abonnement des Exenia-Newsletters zu genehmigen, und macht es folglich unm\u00f6glich, Ihnen kommerzielle oder werbliche Mitteilungen zu senden, die auf die Verbreitung von Produkten der Beleuchtungstechnik ausgerichtet sind.<\/p><p>Rechte der betroffenen Partei<br>In Ihrer Eigenschaft als betroffene Person haben Sie die in den Artikeln 15-22 der EU-Verordnung 2016\/679 festgelegten Rechte. Sie haben insbesondere das Recht, von dem f\u00fcr die Verarbeitung Verantwortlichen Folgendes zu verlangen: a) Zugang zu Ihren personenbezogenen Daten und deren Berichtigung oder L\u00f6schung; b) Einschr\u00e4nkung der Verarbeitung der Sie betreffenden Daten und Widerspruch gegen deren Verarbeitung; c) Daten\u00fcbertragbarkeit; d) jederzeitiger Widerruf Ihrer Einwilligung, ohne dass die Rechtm\u00e4\u00dfigkeit der Verarbeitung aufgrund der vor dem Widerruf erteilten Einwilligung ber\u00fchrt wird.<\/p><p>Sie haben auch das Recht, eine Beschwerde bei der italienischen Datenschutzbeh\u00f6rde einzureichen.<\/p><p>Wie Sie Ihre Rechte wahrnehmen k\u00f6nnen<br>Sie k\u00f6nnen Ihre Rechte aus\u00fcben, indem Sie eine E-Mail an privacy@exenia.eu senden, auf die wir innerhalb von 30 Tagen nach Erhalt antworten werden.<\/p><p>\u00dcbersetzt mit www.DeepL.com\/Translator (kostenlose Version)<\/p>","protected":false},"excerpt":{"rendered":"<p>INFORMATIONEN \u00dcBER DIE VERARBEITUNG VON PERSONENBEZOGENEN DATEN Exenia s.r.l. (im&#8230;<\/p>\n","protected":false},"author":1,"featured_media":0,"parent":0,"menu_order":0,"comment_status":"closed","ping_status":"closed","template":"tpl-no-header.php","meta":{"_acf_changed":false,"footnotes":""},"class_list":["post-28724","page","type-page","status-publish","hentry"],"acf":[],"yoast_head":"<!-- This site is optimized with the Yoast SEO plugin v27.5 - https:\/\/yoast.com\/product\/yoast-seo-wordpress\/ -->\n<title>Datenschutzerkl\u00e4rung &#8211; old | Exenia<\/title>\n<meta name=\"robots\" content=\"noindex, follow, max-snippet:-1, max-image-preview:large, max-video-preview:-1\" \/>\n<meta property=\"og:locale\" content=\"de_DE\" \/>\n<meta property=\"og:type\" content=\"article\" \/>\n<meta property=\"og:title\" content=\"Datenschutzerkl\u00e4rung &#8211; old | Exenia\" \/>\n<meta property=\"og:description\" content=\"INFORMATIONEN \u00dcBER DIE VERARBEITUNG VON PERSONENBEZOGENEN DATEN Exenia s.r.l. (im...\" \/>\n<meta property=\"og:url\" content=\"https:\/\/restyling.exenia.eu\/privacy\/\" \/>\n<meta property=\"og:site_name\" content=\"Exenia\" \/>\n<meta property=\"article:publisher\" content=\"https:\/\/www.facebook.com\/exenialighting\" \/>\n<meta property=\"article:modified_time\" content=\"2023-05-19T14:22:50+00:00\" \/>\n<meta property=\"og:image\" content=\"https:\/\/restyling.exenia.eu\/wp-content\/uploads\/2022\/09\/logo_exenia-e1678467519405.png\" \/>\n\t<meta property=\"og:image:width\" content=\"600\" \/>\n\t<meta property=\"og:image:height\" content=\"194\" \/>\n\t<meta property=\"og:image:type\" content=\"image\/png\" \/>\n<!-- \/ Yoast SEO plugin. -->","yoast_head_json":{"title":"Datenschutzerkl\u00e4rung &#8211; old | Exenia","robots":{"index":"noindex","follow":"follow","max-snippet":"max-snippet:-1","max-image-preview":"max-image-preview:large","max-video-preview":"max-video-preview:-1"},"og_locale":"de_DE","og_type":"article","og_title":"Datenschutzerkl\u00e4rung &#8211; old | Exenia","og_description":"INFORMATIONEN \u00dcBER DIE VERARBEITUNG VON PERSONENBEZOGENEN DATEN Exenia s.r.l. (im...","og_url":"https:\/\/restyling.exenia.eu\/privacy\/","og_site_name":"Exenia","article_publisher":"https:\/\/www.facebook.com\/exenialighting","article_modified_time":"2023-05-19T14:22:50+00:00","og_image":[{"width":600,"height":194,"url":"https:\/\/restyling.exenia.eu\/wp-content\/uploads\/2022\/09\/logo_exenia-e1678467519405.png","type":"image\/png"}],"schema":{"@context":"https:\/\/schema.org","@graph":[{"@type":"WebPage","@id":"https:\/\/restyling.exenia.eu\/privacy\/","url":"https:\/\/restyling.exenia.eu\/privacy\/","name":"Datenschutzerkl\u00e4rung &#8211; old | Exenia","isPartOf":{"@id":"https:\/\/restyling.exenia.eu\/#website"},"datePublished":"2023-02-15T17:04:44+00:00","dateModified":"2023-05-19T14:22:50+00:00","breadcrumb":{"@id":"https:\/\/restyling.exenia.eu\/privacy\/#breadcrumb"},"inLanguage":"de","potentialAction":[{"@type":"ReadAction","target":["https:\/\/restyling.exenia.eu\/privacy\/"]}]},{"@type":"BreadcrumbList","@id":"https:\/\/restyling.exenia.eu\/privacy\/#breadcrumb","itemListElement":[{"@type":"ListItem","position":1,"name":"Home","item":"https:\/\/restyling.exenia.eu\/"},{"@type":"ListItem","position":2,"name":"Datenschutzerkl\u00e4rung &#8211; old"}]},{"@type":"WebSite","@id":"https:\/\/restyling.exenia.eu\/#website","url":"https:\/\/restyling.exenia.eu\/","name":"Exenia","description":"","publisher":{"@id":"https:\/\/restyling.exenia.eu\/#organization"},"potentialAction":[{"@type":"SearchAction","target":{"@type":"EntryPoint","urlTemplate":"https:\/\/restyling.exenia.eu\/?s={search_term_string}"},"query-input":{"@type":"PropertyValueSpecification","valueRequired":true,"valueName":"search_term_string"}}],"inLanguage":"de"},{"@type":"Organization","@id":"https:\/\/restyling.exenia.eu\/#organization","name":"Exenia","url":"https:\/\/restyling.exenia.eu\/","logo":{"@type":"ImageObject","inLanguage":"de","@id":"https:\/\/restyling.exenia.eu\/#\/schema\/logo\/image\/","url":"https:\/\/restyling.exenia.eu\/wp-content\/uploads\/2022\/09\/logo_exenia-e1678467519405.png","contentUrl":"https:\/\/restyling.exenia.eu\/wp-content\/uploads\/2022\/09\/logo_exenia-e1678467519405.png","width":600,"height":194,"caption":"Exenia"},"image":{"@id":"https:\/\/restyling.exenia.eu\/#\/schema\/logo\/image\/"},"sameAs":["https:\/\/www.facebook.com\/exenialighting","https:\/\/x.com\/ExeniaLighting"]}]}},"_links":{"self":[{"href":"https:\/\/restyling.exenia.eu\/de\/wp-json\/wp\/v2\/pages\/28724","targetHints":{"allow":["GET"]}}],"collection":[{"href":"https:\/\/restyling.exenia.eu\/de\/wp-json\/wp\/v2\/pages"}],"about":[{"href":"https:\/\/restyling.exenia.eu\/de\/wp-json\/wp\/v2\/types\/page"}],"author":[{"embeddable":true,"href":"https:\/\/restyling.exenia.eu\/de\/wp-json\/wp\/v2\/users\/1"}],"replies":[{"embeddable":true,"href":"https:\/\/restyling.exenia.eu\/de\/wp-json\/wp\/v2\/comments?post=28724"}],"version-history":[{"count":0,"href":"https:\/\/restyling.exenia.eu\/de\/wp-json\/wp\/v2\/pages\/28724\/revisions"}],"wp:attachment":[{"href":"https:\/\/restyling.exenia.eu\/de\/wp-json\/wp\/v2\/media?parent=28724"}],"curies":[{"name":"wp","href":"https:\/\/api.w.org\/{rel}","templated":true}]}}

Datenschutzerklärung &#8211; old

<h2 class="wp-block-heading">INFORMATIONEN ÜBER DIE VERARBEITUNG VON PERSONENBEZOGENEN DATEN</h2><p>Exenia s.r.l. (im Folgenden auch &#8222;das Unternehmen&#8220;) möchte Sie gemäß Artikel 13 der Verordnung (EU) 2016/679 (im Folgenden auch &#8222;DSGVO&#8220; oder &#8222;Allgemeine Datenschutzverordnung&#8220;) darüber informieren, dass Ihre Daten unter Einhaltung der Datenschutzbestimmungen gemäß den nachstehenden Angaben verarbeitet werden.</p><p>1. Wer wir sind<br>Der Inhaber der Datenverarbeitung ist Exenia s.r.l. mit Sitz in Calenzano (FI), Via della Chiesa n° 38, E-Mail Adresse privacy@exenia.eu.</p><p>Rechtsgrundlage und Zweck der Verarbeitung<br>Das Unternehmen verarbeitet die personenbezogenen Daten, die Sie beim Ausfüllen des Formulars auf unserer Website angeben (Vorname, Nachname, E-Mail-Adresse), um Ihre Anfrage zum Erhalt des Exenia-Newsletters zu erfüllen. Der Versand des Newsletters unterliegt Ihrer ausdrücklichen, freien und informierten Zustimmung (Art. 6, Absatz 1, Buchstabe a der DSGVO), die durch ein spezielles Kontrollkästchen dokumentiert wird (Art. 7 Absatz 1 der DSGVO).</p><p>Verarbeitungsmethoden<br>Ihre Daten werden mit Hilfe von Computern und auf Papier gemäß den gesetzlichen Bestimmungen verarbeitet, um die Sicherheit und Vertraulichkeit sowie die Richtigkeit, Aktualität und Relevanz der Daten für die angegebenen Zwecke zu gewährleisten. Die Verarbeitung Ihrer Daten erfolgt mittels der in Art. 4 Nr. 2 der Verordnung (EU) 2016/679 genannten Vorgänge, und zwar: Erhebung, Aufzeichnung, Organisation, Speicherung, Abfrage, Verarbeitung, Änderung, Auswahl, Extraktion, Vergleich, Verwendung, Verknüpfung, Sperrung, Mitteilung, Löschung und Vernichtung von Daten.</p><p>Ihre Daten werden in unseren Archiven für die unter Punkt 2 genannten Zwecke so lange aufbewahrt, wie es für die Erreichung der Zwecke, für die sie erhoben wurden, erforderlich ist, und in jedem Fall unter Einhaltung der gesetzlichen Bestimmungen. Sollten Sie sich entscheiden, den Newsletter-Dienst abzubestellen, werden Ihre Daten aus den Systemen und Archiven, in denen sie vorhanden sind, gelöscht.</p><p>Kategorien von Datenempfängern<br>Ihre persönlichen Daten werden zu den unter Punkt 2 dieses Informationsschreibens genannten Zwecken folgenden Personen zugänglich gemacht</p><p>vom für die Verarbeitung Verantwortlichen autorisiertes Personal;<br>Drittunternehmen oder andere Subjekte (wie Berater oder IT-Hilfsunternehmen) in ihrer Eigenschaft als autonome Datenverantwortliche oder Datenverarbeiter im Auftrag des für die Datenverarbeitung Verantwortlichen. Eine Liste mit den Namen der Datenverarbeiter kann bei dem für die Verarbeitung Verantwortlichen angefordert werden. Das vom für die Verarbeitung Verantwortlichen beauftragte Personal sowie die beauftragten Auftragsverarbeiter haben besondere Anweisungen erhalten und sind zur Wahrung der Vertraulichkeit Ihrer Daten verpflichtet worden.<br>Datenübertragung<br>Ihre persönlichen Daten werden auf Servern in Kanada gespeichert, einem Land, das als den europäischen Datenschutzstandards angemessen gilt. In jedem Fall kann der für die Datenverarbeitung Verantwortliche die Server erforderlichenfalls in Länder außerhalb der EU verlegen. In diesem Fall versichert der für die Verarbeitung Verantwortliche bereits jetzt, dass die Übermittlung von Daten in Länder außerhalb der EU im Einklang mit den geltenden Rechtsvorschriften und unter Einhaltung der von der Europäischen Kommission vorgesehenen Standardvertragsklauseln erfolgen wird.</p><p>Art der Datenübermittlung und Folgen einer Antwortverweigerung<br>Die Angabe Ihrer persönlichen Daten und die Erteilung Ihrer Zustimmung sind freiwillig. Die Nichtbereitstellung Ihrer persönlichen Daten macht es Exenia srl unmöglich, Ihr Abonnement des Exenia-Newsletters zu genehmigen, und macht es folglich unmöglich, Ihnen kommerzielle oder werbliche Mitteilungen zu senden, die auf die Verbreitung von Produkten der Beleuchtungstechnik ausgerichtet sind.</p><p>Rechte der betroffenen Partei<br>In Ihrer Eigenschaft als betroffene Person haben Sie die in den Artikeln 15-22 der EU-Verordnung 2016/679 festgelegten Rechte. Sie haben insbesondere das Recht, von dem für die Verarbeitung Verantwortlichen Folgendes zu verlangen: a) Zugang zu Ihren personenbezogenen Daten und deren Berichtigung oder Löschung; b) Einschränkung der Verarbeitung der Sie betreffenden Daten und Widerspruch gegen deren Verarbeitung; c) Datenübertragbarkeit; d) jederzeitiger Widerruf Ihrer Einwilligung, ohne dass die Rechtmäßigkeit der Verarbeitung aufgrund der vor dem Widerruf erteilten Einwilligung berührt wird.</p><p>Sie haben auch das Recht, eine Beschwerde bei der italienischen Datenschutzbehörde einzureichen.</p><p>Wie Sie Ihre Rechte wahrnehmen können<br>Sie können Ihre Rechte ausüben, indem Sie eine E-Mail an privacy@exenia.eu senden, auf die wir innerhalb von 30 Tagen nach Erhalt antworten werden.</p><p>Übersetzt mit www.DeepL.com/Translator (kostenlose Version)</p>

<p>INFORMATIONEN ÜBER DIE VERARBEITUNG VON PERSONENBEZOGENEN DATEN Exenia s.r.l. (im&#8230;</p>

<!-- This site is optimized with the Yoast SEO plugin v27.5 - https://yoast.com/product/yoast-seo-wordpress/ -->
<title>Datenschutzerklärung &#8211; old | Exenia</title>
<meta name="robots" content="noindex, follow, max-snippet:-1, max-image-preview:large, max-video-preview:-1" />
<meta property="og:locale" content="de_DE" />
<meta property="og:type" content="article" />
<meta property="og:title" content="Datenschutzerklärung &#8211; old | Exenia" />
<meta property="og:description" content="INFORMATIONEN ÜBER DIE VERARBEITUNG VON PERSONENBEZOGENEN DATEN Exenia s.r.l. (im..." />
<meta property="og:url" content="https://restyling.exenia.eu/privacy/" />
<meta property="og:site_name" content="Exenia" />
<meta property="article:publisher" content="https://www.facebook.com/exenialighting" />
<meta property="article:modified_time" content="2023-05-19T14:22:50+00:00" />
<meta property="og:image" content="https://restyling.exenia.eu/wp-content/uploads/2022/09/logo_exenia-e1678467519405.png" />
	<meta property="og:image:width" content="600" />
	<meta property="og:image:height" content="194" />
	<meta property="og:image:type" content="image/png" />
<!-- / Yoast SEO plugin. -->

Datenschutzerklärung &#8211; old | Exenia

INFORMATIONEN ÜBER DIE VERARBEITUNG VON PERSONENBEZOGENEN DATEN Exenia s.r.l. (im...
