{"id":10002,"date":"2022-05-20T00:00:00","date_gmt":"2022-05-19T22:00:00","guid":{"rendered":"https:\/\/www.exenia.eu\/progetti\/fillia-kindergarten\/"},"modified":"2023-01-05T10:57:51","modified_gmt":"2023-01-05T09:57:51","slug":"fillia-kindergarten","status":"publish","type":"progetti","link":"https:\/\/restyling.exenia.eu\/de\/projekte\/fillia-kindergarten\/","title":{"rendered":"Fillia Kindergarten"},"content":{"rendered":"<p> Das Projekt des neuen Kindergartens in Cuneo wurde entwickelt, um auf ein Ph\u00e4nomen eines starken demografischen Anstiegs in der Nachbarschaft und auf neue didaktische Bed\u00fcrfnisse zu reagieren, die die bereits bestehende Schulstruktur nicht mehr erf\u00fcllen konnte . &#038; nbsp; Das Volumen der Schule wird durch eine Reihe von Linten, die mit L\u00e4rchenholz, ein warmes und komfortables Material get\u00e4digt, ein gesch\u00fctztes Ort und ein Schutz f\u00fcr Kinder erzeugt. von ihnen, der als Filter zwischen innen und au\u00dfen fungiert und Kinder begr\u00fc\u00dft und sie im Schulraum f\u00fchrt. &#038; nbsp; W\u00e4hrend der Wintermonate werden die gro\u00dfen Fenster zu passiven Sonnensystemen, die es erm\u00f6glichen, Solarenergie zu sammeln und in das Geb\u00e4ude zu \u00fcbertragen . In den w\u00e4rmeren Monaten hingegen horizontale Aluminium -Sonnenschirme, die mit motorisierter Kontrolle einstellbar sind, die Sonneneinstrahlung reduzieren und eine \u00dcberhitzung der Innenr\u00e4ume vermeiden. <\/P><\/p>\n","protected":false},"excerpt":{"rendered":"<p>Das Projekt des neuen Kindergartens in Cuneo wurde entwickelt, um&#8230;<\/p>\n","protected":false},"featured_media":9403,"parent":0,"menu_order":0,"template":"","meta":{"_acf_changed":false,"footnotes":""},"famiglia_progetto":[],"applicazione_progetto":[341],"nazione_progetto":[712],"market":[624],"class_list":["post-10002","progetti","type-progetti","status-publish","has-post-thumbnail","hentry","applicazione_progetto-projektion-de","nazione_progetto-italien","market-education"],"acf":[],"yoast_head":"<!-- This site is optimized with the Yoast SEO plugin v27.5 - https:\/\/yoast.com\/product\/yoast-seo-wordpress\/ -->\n<title>Fillia Kindergarten | Exenia<\/title>\n<meta name=\"robots\" content=\"noindex, follow, max-snippet:-1, max-image-preview:large, max-video-preview:-1\" \/>\n<meta property=\"og:locale\" content=\"de_DE\" \/>\n<meta property=\"og:type\" content=\"article\" \/>\n<meta property=\"og:title\" content=\"Fillia Kindergarten | Exenia\" \/>\n<meta property=\"og:description\" content=\"Das Projekt des neuen Kindergartens in Cuneo wurde entwickelt, um...\" \/>\n<meta property=\"og:url\" content=\"https:\/\/restyling.exenia.eu\/de\/projekte\/fillia-kindergarten\/\" \/>\n<meta property=\"og:site_name\" content=\"Exenia\" \/>\n<meta property=\"article:publisher\" content=\"https:\/\/www.facebook.com\/exenialighting\" \/>\n<meta property=\"article:modified_time\" content=\"2023-01-05T09:57:51+00:00\" \/>\n<meta property=\"og:image\" content=\"https:\/\/restyling.exenia.eu\/wp-content\/uploads\/2023\/01\/img1-4.jpg\" \/>\n\t<meta property=\"og:image:width\" content=\"2048\" \/>\n\t<meta property=\"og:image:height\" content=\"1365\" \/>\n\t<meta property=\"og:image:type\" content=\"image\/jpeg\" \/>\n<!-- \/ Yoast SEO plugin. -->","yoast_head_json":{"title":"Fillia Kindergarten | Exenia","robots":{"index":"noindex","follow":"follow","max-snippet":"max-snippet:-1","max-image-preview":"max-image-preview:large","max-video-preview":"max-video-preview:-1"},"og_locale":"de_DE","og_type":"article","og_title":"Fillia Kindergarten | Exenia","og_description":"Das Projekt des neuen Kindergartens in Cuneo wurde entwickelt, um...","og_url":"https:\/\/restyling.exenia.eu\/de\/projekte\/fillia-kindergarten\/","og_site_name":"Exenia","article_publisher":"https:\/\/www.facebook.com\/exenialighting","article_modified_time":"2023-01-05T09:57:51+00:00","og_image":[{"width":2048,"height":1365,"url":"https:\/\/restyling.exenia.eu\/wp-content\/uploads\/2023\/01\/img1-4.jpg","type":"image\/jpeg"}],"schema":{"@context":"https:\/\/schema.org","@graph":[{"@type":"WebPage","@id":"https:\/\/restyling.exenia.eu\/de\/projekte\/fillia-kindergarten\/","url":"https:\/\/restyling.exenia.eu\/de\/projekte\/fillia-kindergarten\/","name":"Fillia Kindergarten | Exenia","isPartOf":{"@id":"https:\/\/restyling.exenia.eu\/#website"},"primaryImageOfPage":{"@id":"https:\/\/restyling.exenia.eu\/de\/projekte\/fillia-kindergarten\/#primaryimage"},"image":{"@id":"https:\/\/restyling.exenia.eu\/de\/projekte\/fillia-kindergarten\/#primaryimage"},"thumbnailUrl":"https:\/\/restyling.exenia.eu\/wp-content\/uploads\/2023\/01\/img1-4.jpg","datePublished":"2022-05-19T22:00:00+00:00","dateModified":"2023-01-05T09:57:51+00:00","breadcrumb":{"@id":"https:\/\/restyling.exenia.eu\/de\/projekte\/fillia-kindergarten\/#breadcrumb"},"inLanguage":"de","potentialAction":[{"@type":"ReadAction","target":["https:\/\/restyling.exenia.eu\/de\/projekte\/fillia-kindergarten\/"]}]},{"@type":"ImageObject","inLanguage":"de","@id":"https:\/\/restyling.exenia.eu\/de\/projekte\/fillia-kindergarten\/#primaryimage","url":"https:\/\/restyling.exenia.eu\/wp-content\/uploads\/2023\/01\/img1-4.jpg","contentUrl":"https:\/\/restyling.exenia.eu\/wp-content\/uploads\/2023\/01\/img1-4.jpg","width":2048,"height":1365},{"@type":"BreadcrumbList","@id":"https:\/\/restyling.exenia.eu\/de\/projekte\/fillia-kindergarten\/#breadcrumb","itemListElement":[{"@type":"ListItem","position":1,"name":"Home","item":"https:\/\/restyling.exenia.eu\/"},{"@type":"ListItem","position":2,"name":"Progetti","item":"https:\/\/restyling.exenia.eu\/progetti\/"},{"@type":"ListItem","position":3,"name":"Fillia Kindergarten"}]},{"@type":"WebSite","@id":"https:\/\/restyling.exenia.eu\/#website","url":"https:\/\/restyling.exenia.eu\/","name":"Exenia","description":"","publisher":{"@id":"https:\/\/restyling.exenia.eu\/#organization"},"potentialAction":[{"@type":"SearchAction","target":{"@type":"EntryPoint","urlTemplate":"https:\/\/restyling.exenia.eu\/?s={search_term_string}"},"query-input":{"@type":"PropertyValueSpecification","valueRequired":true,"valueName":"search_term_string"}}],"inLanguage":"de"},{"@type":"Organization","@id":"https:\/\/restyling.exenia.eu\/#organization","name":"Exenia","url":"https:\/\/restyling.exenia.eu\/","logo":{"@type":"ImageObject","inLanguage":"de","@id":"https:\/\/restyling.exenia.eu\/#\/schema\/logo\/image\/","url":"https:\/\/restyling.exenia.eu\/wp-content\/uploads\/2022\/09\/logo_exenia-e1678467519405.png","contentUrl":"https:\/\/restyling.exenia.eu\/wp-content\/uploads\/2022\/09\/logo_exenia-e1678467519405.png","width":600,"height":194,"caption":"Exenia"},"image":{"@id":"https:\/\/restyling.exenia.eu\/#\/schema\/logo\/image\/"},"sameAs":["https:\/\/www.facebook.com\/exenialighting","https:\/\/x.com\/ExeniaLighting"]}]}},"_links":{"self":[{"href":"https:\/\/restyling.exenia.eu\/de\/wp-json\/wp\/v2\/progetti\/10002","targetHints":{"allow":["GET"]}}],"collection":[{"href":"https:\/\/restyling.exenia.eu\/de\/wp-json\/wp\/v2\/progetti"}],"about":[{"href":"https:\/\/restyling.exenia.eu\/de\/wp-json\/wp\/v2\/types\/progetti"}],"version-history":[{"count":0,"href":"https:\/\/restyling.exenia.eu\/de\/wp-json\/wp\/v2\/progetti\/10002\/revisions"}],"wp:featuredmedia":[{"embeddable":true,"href":"https:\/\/restyling.exenia.eu\/de\/wp-json\/wp\/v2\/media\/9403"}],"wp:attachment":[{"href":"https:\/\/restyling.exenia.eu\/de\/wp-json\/wp\/v2\/media?parent=10002"}],"wp:term":[{"taxonomy":"famiglia_progetto","embeddable":true,"href":"https:\/\/restyling.exenia.eu\/de\/wp-json\/wp\/v2\/famiglia_progetto?post=10002"},{"taxonomy":"applicazione_progetto","embeddable":true,"href":"https:\/\/restyling.exenia.eu\/de\/wp-json\/wp\/v2\/applicazione_progetto?post=10002"},{"taxonomy":"nazione_progetto","embeddable":true,"href":"https:\/\/restyling.exenia.eu\/de\/wp-json\/wp\/v2\/nazione_progetto?post=10002"},{"taxonomy":"market","embeddable":true,"href":"https:\/\/restyling.exenia.eu\/de\/wp-json\/wp\/v2\/market?post=10002"}],"curies":[{"name":"wp","href":"https:\/\/api.w.org\/{rel}","templated":true}]}}

<p> Das Projekt des neuen Kindergartens in Cuneo wurde entwickelt, um auf ein Phänomen eines starken demografischen Anstiegs in der Nachbarschaft und auf neue didaktische Bedürfnisse zu reagieren, die die bereits bestehende Schulstruktur nicht mehr erfüllen konnte . &#038; nbsp; Das Volumen der Schule wird durch eine Reihe von Linten, die mit Lärchenholz, ein warmes und komfortables Material getädigt, ein geschütztes Ort und ein Schutz für Kinder erzeugt. von ihnen, der als Filter zwischen innen und außen fungiert und Kinder begrüßt und sie im Schulraum führt. &#038; nbsp; Während der Wintermonate werden die großen Fenster zu passiven Sonnensystemen, die es ermöglichen, Solarenergie zu sammeln und in das Gebäude zu übertragen . In den wärmeren Monaten hingegen horizontale Aluminium -Sonnenschirme, die mit motorisierter Kontrolle einstellbar sind, die Sonneneinstrahlung reduzieren und eine Überhitzung der Innenräume vermeiden. </P></p>
