{"id":10027,"date":"2018-12-26T00:00:00","date_gmt":"2018-12-25T23:00:00","guid":{"rendered":"https:\/\/www.exenia.eu\/progetti\/palacio-de-mafra-the-throne-room\/"},"modified":"2023-01-05T10:59:01","modified_gmt":"2023-01-05T09:59:01","slug":"palacio-de-mafra-the-throne-room","status":"publish","type":"progetti","link":"https:\/\/restyling.exenia.eu\/de\/projekte\/palacio-de-mafra-the-throne-room\/","title":{"rendered":"Palacio De Mafra, The Throne room"},"content":{"rendered":"<p> Mafra ist eine h\u00fcbsche Stadt, nur wenige Kilometer von Lissabon entfernt, die daf\u00fcr bekannt ist, eine der kolossalen und extravagantesten Pal\u00e4ste Europas, die Palacio de Mafra, zu beherbergen. Der Komplex erbaut in der ersten H\u00e4lfte des 18 <sup> -Th -Jahrhunderts unter Verwendung von Marmor- und Steinkalkstein. Er umfasst eine Fl\u00e4che von 40000 m <sup> 2 <\/sup> und umfasst ein Kloster, eine monumentale Basilika und eine Bibliothek mit \u00fcber 36000 alte Texte.  <\/p>\n<p> Der Palast geh\u00f6rt zu den am besten dekorierten Umgebungen in Sala del Trono und wird von den K\u00fcnstlern von Domingos Sequeiras Hof mit Werken bezogen, w\u00e4hrend allegorische Motive, die von Cyrillo Volkmar Machado gemalt wurden, die spektakul\u00e4re Decke versch\u00f6nern. <\/p>\n<p> Als H\u00f6hepunkt der j\u00fcngsten Renovierung entwickelte und f\u00fchrte die Beleuchtungsdesigner trotz der begrenzten Budget- und Naturschutzbedenken ein unglaubliches Design. <\/p>\n<p> Das Designteam konzentrierte sich darauf, die Flexibilit\u00e4t eines ultra-kompakten Leuchtens mit einer maximalen Leistung von 5200 Lumen, einem hohen Farbwarenindex (95) und einer gro\u00dfen Auswahl an Optiken zu ihrem Vorteil zu nutzen. Ein Projektor mit einer niedrigen invasiven Basis mit artikulierten Verriegelungsarmen, die die Montage vor Ort erm\u00f6glicht und das Licht angemessen orientiert, war das perfekte Werkzeug f\u00fcr dieses Projekt. <\/p>\n<p> Das Fehlen hervorstehender Frames oder andere architektonische Elemente, bei denen ein Leuchten montiert oder versteckt werden konnte, bedeutete, dass das Beleuchtungsteam erfinderisch sein musste. Sie brauchten Leuchten, die klein waren, aber mit der gleichen Leistung gr\u00f6\u00dferer Vorrichtungen. Die F\u00e4higkeit, die Leuchten mit Snoots und Shaper zu kontrollieren, war ein Bonus. Dadurch konnte die Gem\u00e4lde weiden und gleichzeitig das Risiko eines Blendung verringern. <\/p>\n<p> Produkte verwendet Exenia: Museo -Kompakt mit Shaper ausgestattet (mittlere Optik, CRI 95 &#8211; 2700K). <\/p>\n","protected":false},"excerpt":{"rendered":"<p>Mafra ist eine h\u00fcbsche Stadt, nur wenige Kilometer von Lissabon&#8230;<\/p>\n","protected":false},"featured_media":9521,"parent":0,"menu_order":0,"template":"","meta":{"_acf_changed":false,"footnotes":""},"famiglia_progetto":[],"applicazione_progetto":[331],"nazione_progetto":[717],"market":[636],"class_list":["post-10027","progetti","type-progetti","status-publish","has-post-thumbnail","hentry","applicazione_progetto-akzentbeleuchtung","nazione_progetto-portugal","market-gotteshaeuser-denkmaeler-und-museen"],"acf":[],"yoast_head":"<!-- This site is optimized with the Yoast SEO plugin v27.4 - https:\/\/yoast.com\/product\/yoast-seo-wordpress\/ -->\n<title>Palacio De Mafra, The Throne room | Exenia<\/title>\n<meta name=\"robots\" content=\"noindex, follow, max-snippet:-1, max-image-preview:large, max-video-preview:-1\" \/>\n<meta property=\"og:locale\" content=\"de_DE\" \/>\n<meta property=\"og:type\" content=\"article\" \/>\n<meta property=\"og:title\" content=\"Palacio De Mafra, The Throne room | Exenia\" \/>\n<meta property=\"og:description\" content=\"Mafra ist eine h\u00fcbsche Stadt, nur wenige Kilometer von Lissabon...\" \/>\n<meta property=\"og:url\" content=\"https:\/\/restyling.exenia.eu\/de\/projekte\/palacio-de-mafra-the-throne-room\/\" \/>\n<meta property=\"og:site_name\" content=\"Exenia\" \/>\n<meta property=\"article:publisher\" content=\"https:\/\/www.facebook.com\/exenialighting\" \/>\n<meta property=\"article:modified_time\" content=\"2023-01-05T09:59:01+00:00\" \/>\n<meta property=\"og:image\" content=\"https:\/\/restyling.exenia.eu\/wp-content\/uploads\/2023\/01\/palacio1-1.jpg\" \/>\n\t<meta property=\"og:image:width\" content=\"2560\" \/>\n\t<meta property=\"og:image:height\" content=\"1707\" \/>\n\t<meta property=\"og:image:type\" content=\"image\/jpeg\" \/>\n<!-- \/ Yoast SEO plugin. -->","yoast_head_json":{"title":"Palacio De Mafra, The Throne room | Exenia","robots":{"index":"noindex","follow":"follow","max-snippet":"max-snippet:-1","max-image-preview":"max-image-preview:large","max-video-preview":"max-video-preview:-1"},"og_locale":"de_DE","og_type":"article","og_title":"Palacio De Mafra, The Throne room | Exenia","og_description":"Mafra ist eine h\u00fcbsche Stadt, nur wenige Kilometer von Lissabon...","og_url":"https:\/\/restyling.exenia.eu\/de\/projekte\/palacio-de-mafra-the-throne-room\/","og_site_name":"Exenia","article_publisher":"https:\/\/www.facebook.com\/exenialighting","article_modified_time":"2023-01-05T09:59:01+00:00","og_image":[{"width":2560,"height":1707,"url":"https:\/\/restyling.exenia.eu\/wp-content\/uploads\/2023\/01\/palacio1-1.jpg","type":"image\/jpeg"}],"schema":{"@context":"https:\/\/schema.org","@graph":[{"@type":"WebPage","@id":"https:\/\/restyling.exenia.eu\/de\/projekte\/palacio-de-mafra-the-throne-room\/","url":"https:\/\/restyling.exenia.eu\/de\/projekte\/palacio-de-mafra-the-throne-room\/","name":"Palacio De Mafra, The Throne room | Exenia","isPartOf":{"@id":"https:\/\/restyling.exenia.eu\/#website"},"primaryImageOfPage":{"@id":"https:\/\/restyling.exenia.eu\/de\/projekte\/palacio-de-mafra-the-throne-room\/#primaryimage"},"image":{"@id":"https:\/\/restyling.exenia.eu\/de\/projekte\/palacio-de-mafra-the-throne-room\/#primaryimage"},"thumbnailUrl":"https:\/\/restyling.exenia.eu\/wp-content\/uploads\/2023\/01\/palacio1-1.jpg","datePublished":"2018-12-25T23:00:00+00:00","dateModified":"2023-01-05T09:59:01+00:00","breadcrumb":{"@id":"https:\/\/restyling.exenia.eu\/de\/projekte\/palacio-de-mafra-the-throne-room\/#breadcrumb"},"inLanguage":"de","potentialAction":[{"@type":"ReadAction","target":["https:\/\/restyling.exenia.eu\/de\/projekte\/palacio-de-mafra-the-throne-room\/"]}]},{"@type":"ImageObject","inLanguage":"de","@id":"https:\/\/restyling.exenia.eu\/de\/projekte\/palacio-de-mafra-the-throne-room\/#primaryimage","url":"https:\/\/restyling.exenia.eu\/wp-content\/uploads\/2023\/01\/palacio1-1.jpg","contentUrl":"https:\/\/restyling.exenia.eu\/wp-content\/uploads\/2023\/01\/palacio1-1.jpg","width":2560,"height":1707},{"@type":"BreadcrumbList","@id":"https:\/\/restyling.exenia.eu\/de\/projekte\/palacio-de-mafra-the-throne-room\/#breadcrumb","itemListElement":[{"@type":"ListItem","position":1,"name":"Home","item":"https:\/\/restyling.exenia.eu\/"},{"@type":"ListItem","position":2,"name":"Progetti","item":"https:\/\/restyling.exenia.eu\/progetti\/"},{"@type":"ListItem","position":3,"name":"Palacio De Mafra, The Throne room"}]},{"@type":"WebSite","@id":"https:\/\/restyling.exenia.eu\/#website","url":"https:\/\/restyling.exenia.eu\/","name":"Exenia","description":"","publisher":{"@id":"https:\/\/restyling.exenia.eu\/#organization"},"potentialAction":[{"@type":"SearchAction","target":{"@type":"EntryPoint","urlTemplate":"https:\/\/restyling.exenia.eu\/?s={search_term_string}"},"query-input":{"@type":"PropertyValueSpecification","valueRequired":true,"valueName":"search_term_string"}}],"inLanguage":"de"},{"@type":"Organization","@id":"https:\/\/restyling.exenia.eu\/#organization","name":"Exenia","url":"https:\/\/restyling.exenia.eu\/","logo":{"@type":"ImageObject","inLanguage":"de","@id":"https:\/\/restyling.exenia.eu\/#\/schema\/logo\/image\/","url":"https:\/\/restyling.exenia.eu\/wp-content\/uploads\/2022\/09\/logo_exenia-e1678467519405.png","contentUrl":"https:\/\/restyling.exenia.eu\/wp-content\/uploads\/2022\/09\/logo_exenia-e1678467519405.png","width":600,"height":194,"caption":"Exenia"},"image":{"@id":"https:\/\/restyling.exenia.eu\/#\/schema\/logo\/image\/"},"sameAs":["https:\/\/www.facebook.com\/exenialighting","https:\/\/x.com\/ExeniaLighting"]}]}},"_links":{"self":[{"href":"https:\/\/restyling.exenia.eu\/de\/wp-json\/wp\/v2\/progetti\/10027","targetHints":{"allow":["GET"]}}],"collection":[{"href":"https:\/\/restyling.exenia.eu\/de\/wp-json\/wp\/v2\/progetti"}],"about":[{"href":"https:\/\/restyling.exenia.eu\/de\/wp-json\/wp\/v2\/types\/progetti"}],"version-history":[{"count":0,"href":"https:\/\/restyling.exenia.eu\/de\/wp-json\/wp\/v2\/progetti\/10027\/revisions"}],"wp:featuredmedia":[{"embeddable":true,"href":"https:\/\/restyling.exenia.eu\/de\/wp-json\/wp\/v2\/media\/9521"}],"wp:attachment":[{"href":"https:\/\/restyling.exenia.eu\/de\/wp-json\/wp\/v2\/media?parent=10027"}],"wp:term":[{"taxonomy":"famiglia_progetto","embeddable":true,"href":"https:\/\/restyling.exenia.eu\/de\/wp-json\/wp\/v2\/famiglia_progetto?post=10027"},{"taxonomy":"applicazione_progetto","embeddable":true,"href":"https:\/\/restyling.exenia.eu\/de\/wp-json\/wp\/v2\/applicazione_progetto?post=10027"},{"taxonomy":"nazione_progetto","embeddable":true,"href":"https:\/\/restyling.exenia.eu\/de\/wp-json\/wp\/v2\/nazione_progetto?post=10027"},{"taxonomy":"market","embeddable":true,"href":"https:\/\/restyling.exenia.eu\/de\/wp-json\/wp\/v2\/market?post=10027"}],"curies":[{"name":"wp","href":"https:\/\/api.w.org\/{rel}","templated":true}]}}

<p> Mafra ist eine hübsche Stadt, nur wenige Kilometer von Lissabon entfernt, die dafür bekannt ist, eine der kolossalen und extravagantesten Paläste Europas, die Palacio de Mafra, zu beherbergen. Der Komplex erbaut in der ersten Hälfte des 18 <sup> -Th -Jahrhunderts unter Verwendung von Marmor- und Steinkalkstein. Er umfasst eine Fläche von 40000 m <sup> 2 </sup> und umfasst ein Kloster, eine monumentale Basilika und eine Bibliothek mit über 36000 alte Texte.  </p>
<p> Der Palast gehört zu den am besten dekorierten Umgebungen in Sala del Trono und wird von den Künstlern von Domingos Sequeiras Hof mit Werken bezogen, während allegorische Motive, die von Cyrillo Volkmar Machado gemalt wurden, die spektakuläre Decke verschönern. </p>
<p> Als Höhepunkt der jüngsten Renovierung entwickelte und führte die Beleuchtungsdesigner trotz der begrenzten Budget- und Naturschutzbedenken ein unglaubliches Design. </p>
<p> Das Designteam konzentrierte sich darauf, die Flexibilität eines ultra-kompakten Leuchtens mit einer maximalen Leistung von 5200 Lumen, einem hohen Farbwarenindex (95) und einer großen Auswahl an Optiken zu ihrem Vorteil zu nutzen. Ein Projektor mit einer niedrigen invasiven Basis mit artikulierten Verriegelungsarmen, die die Montage vor Ort ermöglicht und das Licht angemessen orientiert, war das perfekte Werkzeug für dieses Projekt. </p>
<p> Das Fehlen hervorstehender Frames oder andere architektonische Elemente, bei denen ein Leuchten montiert oder versteckt werden konnte, bedeutete, dass das Beleuchtungsteam erfinderisch sein musste. Sie brauchten Leuchten, die klein waren, aber mit der gleichen Leistung größerer Vorrichtungen. Die Fähigkeit, die Leuchten mit Snoots und Shaper zu kontrollieren, war ein Bonus. Dadurch konnte die Gemälde weiden und gleichzeitig das Risiko eines Blendung verringern. </p>
<p> Produkte verwendet Exenia: Museo -Kompakt mit Shaper ausgestattet (mittlere Optik, CRI 95 &#8211; 2700K). </p>

<p>Mafra ist eine hübsche Stadt, nur wenige Kilometer von Lissabon&#8230;</p>

<!-- This site is optimized with the Yoast SEO plugin v27.4 - https://yoast.com/product/yoast-seo-wordpress/ -->
<title>Palacio De Mafra, The Throne room | Exenia</title>
<meta name="robots" content="noindex, follow, max-snippet:-1, max-image-preview:large, max-video-preview:-1" />
<meta property="og:locale" content="de_DE" />
<meta property="og:type" content="article" />
<meta property="og:title" content="Palacio De Mafra, The Throne room | Exenia" />
<meta property="og:description" content="Mafra ist eine hübsche Stadt, nur wenige Kilometer von Lissabon..." />
<meta property="og:url" content="https://restyling.exenia.eu/de/projekte/palacio-de-mafra-the-throne-room/" />
<meta property="og:site_name" content="Exenia" />
<meta property="article:publisher" content="https://www.facebook.com/exenialighting" />
<meta property="article:modified_time" content="2023-01-05T09:59:01+00:00" />
<meta property="og:image" content="https://restyling.exenia.eu/wp-content/uploads/2023/01/palacio1-1.jpg" />
	<meta property="og:image:width" content="2560" />
	<meta property="og:image:height" content="1707" />
	<meta property="og:image:type" content="image/jpeg" />
<!-- / Yoast SEO plugin. -->

Mafra ist eine hübsche Stadt, nur wenige Kilometer von Lissabon...
