{"id":10035,"date":"2018-05-07T00:00:00","date_gmt":"2018-05-06T22:00:00","guid":{"rendered":"https:\/\/www.exenia.eu\/progetti\/porsche-showroom\/"},"modified":"2023-01-05T14:58:33","modified_gmt":"2023-01-05T13:58:33","slug":"porsche-showroom","status":"publish","type":"progetti","link":"https:\/\/restyling.exenia.eu\/de\/projekte\/porsche-showroom\/","title":{"rendered":"Porsche Showroom"},"content":{"rendered":"<p>Die Schaffung eines innovativen Showrooms, welcher der ber\u00fchmten Marke Porsche gerecht wird, ist eine gro\u00dfe Herausforderung: &#8222;Das Hauptanliegen&#8220;, sagte Gary McElkerney, Lead Design Consultant bei Chroma Lighting, &#8222;bestand darin, eine Lichtl\u00f6sung zu konzipieren die sich gut an wechselnde Gegebenheiten anpassen kann. Besuchern soll der Eindruck vermittelt werden, dass die Beleuchtung dynamisch und wandlungsf\u00e4hig ist, um den Showroom stets im frischen Licht zu pr\u00e4sentieren.&#8220; Chroma Lighting hat dieses Ziel erreicht mit Hilfe der Spitzentechnologie der M-Serie LED Spots.<\/p>\n<p>Die M4 Spots wurden vorwiegend an Stromschienen an der sechs Meter hohen Decke im Porsche-Showroom angebracht f\u00fcr die allgemeine Beleuchtung des Raums. Das Ziel war eine homogene Beleuchtung zu schaffen ohne &#8222;Hot-Spots&#8220; so das Autos jederzeit im Showroom bewegt werden k\u00f6nnen. &#8222;Wir wollten keine Spots auf dem Boden sehen oder Schatten auf den Autos selbst erzeugen&#8220;, erkl\u00e4rte McElkerney.<\/p>\n<p>Die in Belfasts Porsche-Showroom verwendeten M4 Spots mit einer Farbtemperatur von 3000K und CRI95 bieten nicht nur eine au\u00dfergew\u00f6hnliche Farbwiedergabe, sondern bieten auch eine au\u00dferordentliche Farbstabilit\u00e4t \u00fcber die Lebensdauer der LED Lichtquelle. Dies ist in dieser Anwendung von gr\u00f6\u00dfter Bedeutung, da die wahrgenommenen Farben der Waren, in diesem Fall Porsches, im Laufe der Zeit nicht beeintr\u00e4chtigt werden. &#8222;Was uns an der M4 begeisterte, war die Flexibilit\u00e4t der Optik, die dem Team f\u00fcr Gestaltungsm\u00f6glichkeiten zur Verf\u00fcgung gestellt wurde. Und nat\u00fcrlich die au\u00dfergew\u00f6hnliche Farbwiedergabe. Der Fotograf musste die Fotos aufgrund der hervorragenden Beleuchtung nicht bearbeiten.&#8220;, sagte McElkerney.<\/p>\n<p>Die M4 Spots erf\u00fcllen ihre Aufgabe in der Lumen- und Optikabteilung, w\u00e4hrend der dekorative rote Ring und das hochwertige Finish der Leuchte zuerst \u00fcberzeugten. Aber nachdem der Kunde die Leistung und die Farbwiedergabe gesehen hat war es klar, dass die M4 das perfekte Produkt f\u00fcr den Porsche Showroom war.&nbsp;<\/p>\n<p>Die Optik und die Farbwiedergabe haben uns \u00fcberzeugt. Die Spots der M-Serie gaben uns die Flexibilit\u00e4t und Leichtigkeit, die der Kunde brauchte.<\/p>\n<p><cite>Gary McElkerney&nbsp;<\/cite> <cite>Chroma Lighting<\/cite><\/p>\n","protected":false},"excerpt":{"rendered":"<p>Die Schaffung eines innovativen Showrooms, welcher der ber\u00fchmten Marke Porsche&#8230;<\/p>\n","protected":false},"featured_media":9561,"parent":0,"menu_order":0,"template":"","meta":{"_acf_changed":false,"footnotes":""},"famiglia_progetto":[],"applicazione_progetto":[337],"nazione_progetto":[718],"market":[643],"class_list":["post-10035","progetti","type-progetti","status-publish","has-post-thumbnail","hentry","applicazione_progetto-diffuse-beleuchtung","nazione_progetto-vereinigtes-koenigreich","market-retail"],"acf":[],"yoast_head":"<!-- This site is optimized with the Yoast SEO plugin v27.4 - https:\/\/yoast.com\/product\/yoast-seo-wordpress\/ -->\n<title>Porsche Showroom | Exenia<\/title>\n<meta name=\"robots\" content=\"noindex, follow, max-snippet:-1, max-image-preview:large, max-video-preview:-1\" \/>\n<meta property=\"og:locale\" content=\"de_DE\" \/>\n<meta property=\"og:type\" content=\"article\" \/>\n<meta property=\"og:title\" content=\"Porsche Showroom | Exenia\" \/>\n<meta property=\"og:description\" content=\"Die Schaffung eines innovativen Showrooms, welcher der ber\u00fchmten Marke Porsche...\" \/>\n<meta property=\"og:url\" content=\"https:\/\/restyling.exenia.eu\/de\/projekte\/porsche-showroom\/\" \/>\n<meta property=\"og:site_name\" content=\"Exenia\" \/>\n<meta property=\"article:publisher\" content=\"https:\/\/www.facebook.com\/exenialighting\" \/>\n<meta property=\"article:modified_time\" content=\"2023-01-05T13:58:33+00:00\" \/>\n<meta property=\"og:image\" content=\"https:\/\/restyling.exenia.eu\/wp-content\/uploads\/2023\/01\/lumenpulse-porsche-belfast-1-web.jpg\" \/>\n\t<meta property=\"og:image:width\" content=\"2560\" \/>\n\t<meta property=\"og:image:height\" content=\"1599\" \/>\n\t<meta property=\"og:image:type\" content=\"image\/jpeg\" \/>\n<!-- \/ Yoast SEO plugin. -->","yoast_head_json":{"title":"Porsche Showroom | Exenia","robots":{"index":"noindex","follow":"follow","max-snippet":"max-snippet:-1","max-image-preview":"max-image-preview:large","max-video-preview":"max-video-preview:-1"},"og_locale":"de_DE","og_type":"article","og_title":"Porsche Showroom | Exenia","og_description":"Die Schaffung eines innovativen Showrooms, welcher der ber\u00fchmten Marke Porsche...","og_url":"https:\/\/restyling.exenia.eu\/de\/projekte\/porsche-showroom\/","og_site_name":"Exenia","article_publisher":"https:\/\/www.facebook.com\/exenialighting","article_modified_time":"2023-01-05T13:58:33+00:00","og_image":[{"width":2560,"height":1599,"url":"https:\/\/restyling.exenia.eu\/wp-content\/uploads\/2023\/01\/lumenpulse-porsche-belfast-1-web.jpg","type":"image\/jpeg"}],"schema":{"@context":"https:\/\/schema.org","@graph":[{"@type":"WebPage","@id":"https:\/\/restyling.exenia.eu\/de\/projekte\/porsche-showroom\/","url":"https:\/\/restyling.exenia.eu\/de\/projekte\/porsche-showroom\/","name":"Porsche Showroom | Exenia","isPartOf":{"@id":"https:\/\/restyling.exenia.eu\/#website"},"primaryImageOfPage":{"@id":"https:\/\/restyling.exenia.eu\/de\/projekte\/porsche-showroom\/#primaryimage"},"image":{"@id":"https:\/\/restyling.exenia.eu\/de\/projekte\/porsche-showroom\/#primaryimage"},"thumbnailUrl":"https:\/\/restyling.exenia.eu\/wp-content\/uploads\/2023\/01\/lumenpulse-porsche-belfast-1-web.jpg","datePublished":"2018-05-06T22:00:00+00:00","dateModified":"2023-01-05T13:58:33+00:00","breadcrumb":{"@id":"https:\/\/restyling.exenia.eu\/de\/projekte\/porsche-showroom\/#breadcrumb"},"inLanguage":"de","potentialAction":[{"@type":"ReadAction","target":["https:\/\/restyling.exenia.eu\/de\/projekte\/porsche-showroom\/"]}]},{"@type":"ImageObject","inLanguage":"de","@id":"https:\/\/restyling.exenia.eu\/de\/projekte\/porsche-showroom\/#primaryimage","url":"https:\/\/restyling.exenia.eu\/wp-content\/uploads\/2023\/01\/lumenpulse-porsche-belfast-1-web.jpg","contentUrl":"https:\/\/restyling.exenia.eu\/wp-content\/uploads\/2023\/01\/lumenpulse-porsche-belfast-1-web.jpg","width":2560,"height":1599},{"@type":"BreadcrumbList","@id":"https:\/\/restyling.exenia.eu\/de\/projekte\/porsche-showroom\/#breadcrumb","itemListElement":[{"@type":"ListItem","position":1,"name":"Home","item":"https:\/\/restyling.exenia.eu\/"},{"@type":"ListItem","position":2,"name":"Progetti","item":"https:\/\/restyling.exenia.eu\/progetti\/"},{"@type":"ListItem","position":3,"name":"Porsche Showroom"}]},{"@type":"WebSite","@id":"https:\/\/restyling.exenia.eu\/#website","url":"https:\/\/restyling.exenia.eu\/","name":"Exenia","description":"","publisher":{"@id":"https:\/\/restyling.exenia.eu\/#organization"},"potentialAction":[{"@type":"SearchAction","target":{"@type":"EntryPoint","urlTemplate":"https:\/\/restyling.exenia.eu\/?s={search_term_string}"},"query-input":{"@type":"PropertyValueSpecification","valueRequired":true,"valueName":"search_term_string"}}],"inLanguage":"de"},{"@type":"Organization","@id":"https:\/\/restyling.exenia.eu\/#organization","name":"Exenia","url":"https:\/\/restyling.exenia.eu\/","logo":{"@type":"ImageObject","inLanguage":"de","@id":"https:\/\/restyling.exenia.eu\/#\/schema\/logo\/image\/","url":"https:\/\/restyling.exenia.eu\/wp-content\/uploads\/2022\/09\/logo_exenia-e1678467519405.png","contentUrl":"https:\/\/restyling.exenia.eu\/wp-content\/uploads\/2022\/09\/logo_exenia-e1678467519405.png","width":600,"height":194,"caption":"Exenia"},"image":{"@id":"https:\/\/restyling.exenia.eu\/#\/schema\/logo\/image\/"},"sameAs":["https:\/\/www.facebook.com\/exenialighting","https:\/\/x.com\/ExeniaLighting"]}]}},"_links":{"self":[{"href":"https:\/\/restyling.exenia.eu\/de\/wp-json\/wp\/v2\/progetti\/10035","targetHints":{"allow":["GET"]}}],"collection":[{"href":"https:\/\/restyling.exenia.eu\/de\/wp-json\/wp\/v2\/progetti"}],"about":[{"href":"https:\/\/restyling.exenia.eu\/de\/wp-json\/wp\/v2\/types\/progetti"}],"version-history":[{"count":0,"href":"https:\/\/restyling.exenia.eu\/de\/wp-json\/wp\/v2\/progetti\/10035\/revisions"}],"wp:featuredmedia":[{"embeddable":true,"href":"https:\/\/restyling.exenia.eu\/de\/wp-json\/wp\/v2\/media\/9561"}],"wp:attachment":[{"href":"https:\/\/restyling.exenia.eu\/de\/wp-json\/wp\/v2\/media?parent=10035"}],"wp:term":[{"taxonomy":"famiglia_progetto","embeddable":true,"href":"https:\/\/restyling.exenia.eu\/de\/wp-json\/wp\/v2\/famiglia_progetto?post=10035"},{"taxonomy":"applicazione_progetto","embeddable":true,"href":"https:\/\/restyling.exenia.eu\/de\/wp-json\/wp\/v2\/applicazione_progetto?post=10035"},{"taxonomy":"nazione_progetto","embeddable":true,"href":"https:\/\/restyling.exenia.eu\/de\/wp-json\/wp\/v2\/nazione_progetto?post=10035"},{"taxonomy":"market","embeddable":true,"href":"https:\/\/restyling.exenia.eu\/de\/wp-json\/wp\/v2\/market?post=10035"}],"curies":[{"name":"wp","href":"https:\/\/api.w.org\/{rel}","templated":true}]}}

<p>Die Schaffung eines innovativen Showrooms, welcher der berühmten Marke Porsche gerecht wird, ist eine große Herausforderung: &#8222;Das Hauptanliegen&#8220;, sagte Gary McElkerney, Lead Design Consultant bei Chroma Lighting, &#8222;bestand darin, eine Lichtlösung zu konzipieren die sich gut an wechselnde Gegebenheiten anpassen kann. Besuchern soll der Eindruck vermittelt werden, dass die Beleuchtung dynamisch und wandlungsfähig ist, um den Showroom stets im frischen Licht zu präsentieren.&#8220; Chroma Lighting hat dieses Ziel erreicht mit Hilfe der Spitzentechnologie der M-Serie LED Spots.</p>
<p>Die M4 Spots wurden vorwiegend an Stromschienen an der sechs Meter hohen Decke im Porsche-Showroom angebracht für die allgemeine Beleuchtung des Raums. Das Ziel war eine homogene Beleuchtung zu schaffen ohne &#8222;Hot-Spots&#8220; so das Autos jederzeit im Showroom bewegt werden können. &#8222;Wir wollten keine Spots auf dem Boden sehen oder Schatten auf den Autos selbst erzeugen&#8220;, erklärte McElkerney.</p>
<p>Die in Belfasts Porsche-Showroom verwendeten M4 Spots mit einer Farbtemperatur von 3000K und CRI95 bieten nicht nur eine außergewöhnliche Farbwiedergabe, sondern bieten auch eine außerordentliche Farbstabilität über die Lebensdauer der LED Lichtquelle. Dies ist in dieser Anwendung von größter Bedeutung, da die wahrgenommenen Farben der Waren, in diesem Fall Porsches, im Laufe der Zeit nicht beeinträchtigt werden. &#8222;Was uns an der M4 begeisterte, war die Flexibilität der Optik, die dem Team für Gestaltungsmöglichkeiten zur Verfügung gestellt wurde. Und natürlich die außergewöhnliche Farbwiedergabe. Der Fotograf musste die Fotos aufgrund der hervorragenden Beleuchtung nicht bearbeiten.&#8220;, sagte McElkerney.</p>
<p>Die M4 Spots erfüllen ihre Aufgabe in der Lumen- und Optikabteilung, während der dekorative rote Ring und das hochwertige Finish der Leuchte zuerst überzeugten. Aber nachdem der Kunde die Leistung und die Farbwiedergabe gesehen hat war es klar, dass die M4 das perfekte Produkt für den Porsche Showroom war.&nbsp;</p>
<p>Die Optik und die Farbwiedergabe haben uns überzeugt. Die Spots der M-Serie gaben uns die Flexibilität und Leichtigkeit, die der Kunde brauchte.</p>
<p><cite>Gary McElkerney&nbsp;</cite> <cite>Chroma Lighting</cite></p>

<p>Die Schaffung eines innovativen Showrooms, welcher der berühmten Marke Porsche&#8230;</p>

<!-- This site is optimized with the Yoast SEO plugin v27.4 - https://yoast.com/product/yoast-seo-wordpress/ -->
<title>Porsche Showroom | Exenia</title>
<meta name="robots" content="noindex, follow, max-snippet:-1, max-image-preview:large, max-video-preview:-1" />
<meta property="og:locale" content="de_DE" />
<meta property="og:type" content="article" />
<meta property="og:title" content="Porsche Showroom | Exenia" />
<meta property="og:description" content="Die Schaffung eines innovativen Showrooms, welcher der berühmten Marke Porsche..." />
<meta property="og:url" content="https://restyling.exenia.eu/de/projekte/porsche-showroom/" />
<meta property="og:site_name" content="Exenia" />
<meta property="article:publisher" content="https://www.facebook.com/exenialighting" />
<meta property="article:modified_time" content="2023-01-05T13:58:33+00:00" />
<meta property="og:image" content="https://restyling.exenia.eu/wp-content/uploads/2023/01/lumenpulse-porsche-belfast-1-web.jpg" />
	<meta property="og:image:width" content="2560" />
	<meta property="og:image:height" content="1599" />
	<meta property="og:image:type" content="image/jpeg" />
<!-- / Yoast SEO plugin. -->

Die Schaffung eines innovativen Showrooms, welcher der berühmten Marke Porsche...
