{"id":10037,"date":"2022-05-24T00:00:00","date_gmt":"2022-05-23T22:00:00","guid":{"rendered":"https:\/\/www.exenia.eu\/progetti\/private-apartment-v2\/"},"modified":"2025-03-06T14:41:40","modified_gmt":"2025-03-06T13:41:40","slug":"private-apartment-v2","status":"publish","type":"progetti","link":"https:\/\/restyling.exenia.eu\/de\/projekte\/private-apartment-v2\/","title":{"rendered":"Private apartment V2"},"content":{"rendered":"<p data-start=\"51\" data-end=\"805\"><strong data-start=\"51\" data-end=\"64\">Wohnung 1<\/strong><br data-start=\"64\" data-end=\"67\" \/>Das Projekt ist das Ergebnis einer engen und kreativen Zusammenarbeit zwischen unserem Studio und den Kunden, deren offene Haltung und Bereitschaft, innovative L\u00f6sungen zu erkunden, diesen Raum m\u00f6glich gemacht haben. Die Wohnung befindet sich im ersten Stock eines historischen Geb\u00e4udes im Herzen von Koper und hat tiefgehende historische Wurzeln. Fr\u00fcher war es der Wohnsitz einer Adelsfamilie, doch nach dem Zweiten Weltkrieg wurde das Geb\u00e4ude, wie viele andere in der Gegend, in kleinere Wohnungen aufgeteilt. Abgesehen von der privilegierten Lage, der charmanten Fassade und den architektonischen Details ist eines der markantesten Merkmale des Geb\u00e4udes der \u201epiano nobile\u201c, der durch eine beeindruckende H\u00f6he von 4,3 Metern auff\u00e4llt.<\/p>\n<p data-start=\"807\" data-end=\"1258\">Bei unserem Eingriff war es das Ziel, einen Teil der urspr\u00fcnglichen Grandezza wiederherzustellen, wobei wir zwei Hauptprobleme angehen mussten:<br data-start=\"950\" data-end=\"953\" \/>\u2013 Die begrenzte Anzahl an Fenstern (nur drei, alle an derselben Fassade).<br data-start=\"1026\" data-end=\"1029\" \/>\u2013 Die speziellen W\u00fcnsche der Kunden, die ein ger\u00e4umiges Wohnzimmer, ein Schlafzimmer, ein B\u00fcro, das leicht in ein weiteres Schlafzimmer umgewandelt werden kann, ein Badezimmer, einen Abstellraum und einen Technikraum w\u00fcnschten.<\/p>\n<p data-start=\"1260\" data-end=\"1867\">W\u00e4hrend ein traditioneller Ansatz vielleicht vorgeschlagen h\u00e4tte, das Schlafzimmer vor einem der Fenster zu platzieren, was den Raum und das nat\u00fcrliche Licht eingeschr\u00e4nkt h\u00e4tte, entschieden wir uns, die bestehenden Fenster optimal zu nutzen und die anderen R\u00e4ume in den inneren Teil der Wohnung zu verlegen. Die Zimmer sind auf zwei Ebenen angeordnet, die durch eine zweite Fassade getrennt sind. Der Einsatz von Glas und zwei Schichten Vorh\u00e4ngen erm\u00f6glicht es, Privatsph\u00e4re und nat\u00fcrliches Licht zu balancieren und bietet einen Blick auf die Hauptstra\u00dfe, w\u00e4hrend das nat\u00fcrliche Licht maximal genutzt wird.<\/p>\n<p data-start=\"1869\" data-end=\"2430\"><strong data-start=\"1869\" data-end=\"1882\">Wohnung 2<\/strong><br data-start=\"1882\" data-end=\"1885\" \/>Dieses Projekt betrifft ein kleines Studio im historischen Zentrum von Koper, das nach dem Prinzip \u201eeine Box in einer Box\u201c konzipiert wurde. Die neue \u201eschwarze Box\u201c beherbergt alle Hauptfunktionen der Wohnung, die auf zwei Ebenen verteilt sind: K\u00fcche und Bad befinden sich auf der ersten Ebene, das Schlafzimmer auf der zweiten. Die \u201ewei\u00dfe Box\u201c repr\u00e4sentiert die urspr\u00fcngliche Wohnung, die in ihrer Originalform erhalten geblieben ist, mit hohen Decken, Steinw\u00e4nden, Fenstern und einer Balkont\u00fcr, die die Geschichte des Geb\u00e4udes widerspiegeln.<\/p>\n<p data-start=\"2432\" data-end=\"2841\" data-is-last-node=\"\" data-is-only-node=\"\">Der Kontrast zwischen den Formen und Farben der beiden R\u00e4ume schafft eine einzigartige Ausdruckskraft und bereichert das Wohnerlebnis, wodurch dem Projekt eine unverwechselbare und originelle Pers\u00f6nlichkeit verliehen wird. Die Verschmelzung moderner und historischer Elemente bietet ein einzigartiges Erlebnis, bei dem jedes Detail zu einem faszinierenden Dialog zwischen Vergangenheit und Gegenwart beitr\u00e4gt.<\/p>\n","protected":false},"excerpt":{"rendered":"<p>Wohnung 1Das Projekt ist das Ergebnis einer engen und kreativen&#8230;<\/p>\n","protected":false},"featured_media":9572,"parent":0,"menu_order":0,"template":"","meta":{"_acf_changed":false,"footnotes":""},"famiglia_progetto":[],"applicazione_progetto":[341],"nazione_progetto":[719],"market":[628],"class_list":["post-10037","progetti","type-progetti","status-publish","has-post-thumbnail","hentry","applicazione_progetto-projektion-de","nazione_progetto-slowenien","market-home"],"acf":[],"yoast_head":"<!-- This site is optimized with the Yoast SEO plugin v27.5 - https:\/\/yoast.com\/product\/yoast-seo-wordpress\/ -->\n<title>Private apartment V2 | Exenia<\/title>\n<meta name=\"robots\" content=\"noindex, follow, max-snippet:-1, max-image-preview:large, max-video-preview:-1\" \/>\n<meta property=\"og:locale\" content=\"de_DE\" \/>\n<meta property=\"og:type\" content=\"article\" \/>\n<meta property=\"og:title\" content=\"Private apartment V2 | Exenia\" \/>\n<meta property=\"og:description\" content=\"Wohnung 1Das Projekt ist das Ergebnis einer engen und kreativen...\" \/>\n<meta property=\"og:url\" content=\"https:\/\/restyling.exenia.eu\/de\/projekte\/private-apartment-v2\/\" \/>\n<meta property=\"og:site_name\" content=\"Exenia\" \/>\n<meta property=\"article:publisher\" content=\"https:\/\/www.facebook.com\/exenialighting\" \/>\n<meta property=\"article:modified_time\" content=\"2025-03-06T13:41:40+00:00\" \/>\n<meta property=\"og:image\" content=\"https:\/\/restyling.exenia.eu\/wp-content\/uploads\/2023\/01\/img1-5.jpg\" \/>\n\t<meta property=\"og:image:width\" content=\"2048\" \/>\n\t<meta property=\"og:image:height\" content=\"1365\" \/>\n\t<meta property=\"og:image:type\" content=\"image\/jpeg\" \/>\n<!-- \/ Yoast SEO plugin. -->","yoast_head_json":{"title":"Private apartment V2 | Exenia","robots":{"index":"noindex","follow":"follow","max-snippet":"max-snippet:-1","max-image-preview":"max-image-preview:large","max-video-preview":"max-video-preview:-1"},"og_locale":"de_DE","og_type":"article","og_title":"Private apartment V2 | Exenia","og_description":"Wohnung 1Das Projekt ist das Ergebnis einer engen und kreativen...","og_url":"https:\/\/restyling.exenia.eu\/de\/projekte\/private-apartment-v2\/","og_site_name":"Exenia","article_publisher":"https:\/\/www.facebook.com\/exenialighting","article_modified_time":"2025-03-06T13:41:40+00:00","og_image":[{"width":2048,"height":1365,"url":"https:\/\/restyling.exenia.eu\/wp-content\/uploads\/2023\/01\/img1-5.jpg","type":"image\/jpeg"}],"schema":{"@context":"https:\/\/schema.org","@graph":[{"@type":"WebPage","@id":"https:\/\/restyling.exenia.eu\/de\/projekte\/private-apartment-v2\/","url":"https:\/\/restyling.exenia.eu\/de\/projekte\/private-apartment-v2\/","name":"Private apartment V2 | Exenia","isPartOf":{"@id":"https:\/\/restyling.exenia.eu\/#website"},"primaryImageOfPage":{"@id":"https:\/\/restyling.exenia.eu\/de\/projekte\/private-apartment-v2\/#primaryimage"},"image":{"@id":"https:\/\/restyling.exenia.eu\/de\/projekte\/private-apartment-v2\/#primaryimage"},"thumbnailUrl":"https:\/\/restyling.exenia.eu\/wp-content\/uploads\/2023\/01\/img1-5.jpg","datePublished":"2022-05-23T22:00:00+00:00","dateModified":"2025-03-06T13:41:40+00:00","breadcrumb":{"@id":"https:\/\/restyling.exenia.eu\/de\/projekte\/private-apartment-v2\/#breadcrumb"},"inLanguage":"de","potentialAction":[{"@type":"ReadAction","target":["https:\/\/restyling.exenia.eu\/de\/projekte\/private-apartment-v2\/"]}]},{"@type":"ImageObject","inLanguage":"de","@id":"https:\/\/restyling.exenia.eu\/de\/projekte\/private-apartment-v2\/#primaryimage","url":"https:\/\/restyling.exenia.eu\/wp-content\/uploads\/2023\/01\/img1-5.jpg","contentUrl":"https:\/\/restyling.exenia.eu\/wp-content\/uploads\/2023\/01\/img1-5.jpg","width":2048,"height":1365},{"@type":"BreadcrumbList","@id":"https:\/\/restyling.exenia.eu\/de\/projekte\/private-apartment-v2\/#breadcrumb","itemListElement":[{"@type":"ListItem","position":1,"name":"Home","item":"https:\/\/restyling.exenia.eu\/"},{"@type":"ListItem","position":2,"name":"Progetti","item":"https:\/\/restyling.exenia.eu\/progetti\/"},{"@type":"ListItem","position":3,"name":"Private apartment V2"}]},{"@type":"WebSite","@id":"https:\/\/restyling.exenia.eu\/#website","url":"https:\/\/restyling.exenia.eu\/","name":"Exenia","description":"","publisher":{"@id":"https:\/\/restyling.exenia.eu\/#organization"},"potentialAction":[{"@type":"SearchAction","target":{"@type":"EntryPoint","urlTemplate":"https:\/\/restyling.exenia.eu\/?s={search_term_string}"},"query-input":{"@type":"PropertyValueSpecification","valueRequired":true,"valueName":"search_term_string"}}],"inLanguage":"de"},{"@type":"Organization","@id":"https:\/\/restyling.exenia.eu\/#organization","name":"Exenia","url":"https:\/\/restyling.exenia.eu\/","logo":{"@type":"ImageObject","inLanguage":"de","@id":"https:\/\/restyling.exenia.eu\/#\/schema\/logo\/image\/","url":"https:\/\/restyling.exenia.eu\/wp-content\/uploads\/2022\/09\/logo_exenia-e1678467519405.png","contentUrl":"https:\/\/restyling.exenia.eu\/wp-content\/uploads\/2022\/09\/logo_exenia-e1678467519405.png","width":600,"height":194,"caption":"Exenia"},"image":{"@id":"https:\/\/restyling.exenia.eu\/#\/schema\/logo\/image\/"},"sameAs":["https:\/\/www.facebook.com\/exenialighting","https:\/\/x.com\/ExeniaLighting"]}]}},"_links":{"self":[{"href":"https:\/\/restyling.exenia.eu\/de\/wp-json\/wp\/v2\/progetti\/10037","targetHints":{"allow":["GET"]}}],"collection":[{"href":"https:\/\/restyling.exenia.eu\/de\/wp-json\/wp\/v2\/progetti"}],"about":[{"href":"https:\/\/restyling.exenia.eu\/de\/wp-json\/wp\/v2\/types\/progetti"}],"version-history":[{"count":0,"href":"https:\/\/restyling.exenia.eu\/de\/wp-json\/wp\/v2\/progetti\/10037\/revisions"}],"wp:featuredmedia":[{"embeddable":true,"href":"https:\/\/restyling.exenia.eu\/de\/wp-json\/wp\/v2\/media\/9572"}],"wp:attachment":[{"href":"https:\/\/restyling.exenia.eu\/de\/wp-json\/wp\/v2\/media?parent=10037"}],"wp:term":[{"taxonomy":"famiglia_progetto","embeddable":true,"href":"https:\/\/restyling.exenia.eu\/de\/wp-json\/wp\/v2\/famiglia_progetto?post=10037"},{"taxonomy":"applicazione_progetto","embeddable":true,"href":"https:\/\/restyling.exenia.eu\/de\/wp-json\/wp\/v2\/applicazione_progetto?post=10037"},{"taxonomy":"nazione_progetto","embeddable":true,"href":"https:\/\/restyling.exenia.eu\/de\/wp-json\/wp\/v2\/nazione_progetto?post=10037"},{"taxonomy":"market","embeddable":true,"href":"https:\/\/restyling.exenia.eu\/de\/wp-json\/wp\/v2\/market?post=10037"}],"curies":[{"name":"wp","href":"https:\/\/api.w.org\/{rel}","templated":true}]}}

<p data-start="51" data-end="805"><strong data-start="51" data-end="64">Wohnung 1</strong><br data-start="64" data-end="67" />Das Projekt ist das Ergebnis einer engen und kreativen Zusammenarbeit zwischen unserem Studio und den Kunden, deren offene Haltung und Bereitschaft, innovative Lösungen zu erkunden, diesen Raum möglich gemacht haben. Die Wohnung befindet sich im ersten Stock eines historischen Gebäudes im Herzen von Koper und hat tiefgehende historische Wurzeln. Früher war es der Wohnsitz einer Adelsfamilie, doch nach dem Zweiten Weltkrieg wurde das Gebäude, wie viele andere in der Gegend, in kleinere Wohnungen aufgeteilt. Abgesehen von der privilegierten Lage, der charmanten Fassade und den architektonischen Details ist eines der markantesten Merkmale des Gebäudes der „piano nobile“, der durch eine beeindruckende Höhe von 4,3 Metern auffällt.</p>
<p data-start="807" data-end="1258">Bei unserem Eingriff war es das Ziel, einen Teil der ursprünglichen Grandezza wiederherzustellen, wobei wir zwei Hauptprobleme angehen mussten:<br data-start="950" data-end="953" />– Die begrenzte Anzahl an Fenstern (nur drei, alle an derselben Fassade).<br data-start="1026" data-end="1029" />– Die speziellen Wünsche der Kunden, die ein geräumiges Wohnzimmer, ein Schlafzimmer, ein Büro, das leicht in ein weiteres Schlafzimmer umgewandelt werden kann, ein Badezimmer, einen Abstellraum und einen Technikraum wünschten.</p>
<p data-start="1260" data-end="1867">Während ein traditioneller Ansatz vielleicht vorgeschlagen hätte, das Schlafzimmer vor einem der Fenster zu platzieren, was den Raum und das natürliche Licht eingeschränkt hätte, entschieden wir uns, die bestehenden Fenster optimal zu nutzen und die anderen Räume in den inneren Teil der Wohnung zu verlegen. Die Zimmer sind auf zwei Ebenen angeordnet, die durch eine zweite Fassade getrennt sind. Der Einsatz von Glas und zwei Schichten Vorhängen ermöglicht es, Privatsphäre und natürliches Licht zu balancieren und bietet einen Blick auf die Hauptstraße, während das natürliche Licht maximal genutzt wird.</p>
<p data-start="1869" data-end="2430"><strong data-start="1869" data-end="1882">Wohnung 2</strong><br data-start="1882" data-end="1885" />Dieses Projekt betrifft ein kleines Studio im historischen Zentrum von Koper, das nach dem Prinzip „eine Box in einer Box“ konzipiert wurde. Die neue „schwarze Box“ beherbergt alle Hauptfunktionen der Wohnung, die auf zwei Ebenen verteilt sind: Küche und Bad befinden sich auf der ersten Ebene, das Schlafzimmer auf der zweiten. Die „weiße Box“ repräsentiert die ursprüngliche Wohnung, die in ihrer Originalform erhalten geblieben ist, mit hohen Decken, Steinwänden, Fenstern und einer Balkontür, die die Geschichte des Gebäudes widerspiegeln.</p>
<p data-start="2432" data-end="2841" data-is-last-node="" data-is-only-node="">Der Kontrast zwischen den Formen und Farben der beiden Räume schafft eine einzigartige Ausdruckskraft und bereichert das Wohnerlebnis, wodurch dem Projekt eine unverwechselbare und originelle Persönlichkeit verliehen wird. Die Verschmelzung moderner und historischer Elemente bietet ein einzigartiges Erlebnis, bei dem jedes Detail zu einem faszinierenden Dialog zwischen Vergangenheit und Gegenwart beiträgt.</p>
