{"id":10056,"date":"2021-03-09T00:00:00","date_gmt":"2021-03-08T23:00:00","guid":{"rendered":"https:\/\/www.exenia.eu\/progetti\/the-guercino-in-cento\/"},"modified":"2023-01-05T11:00:23","modified_gmt":"2023-01-05T10:00:23","slug":"the-guercino-in-cento","status":"publish","type":"progetti","link":"https:\/\/restyling.exenia.eu\/de\/projekte\/the-guercino-in-cento\/","title":{"rendered":"The Guercino in Cento"},"content":{"rendered":"<p> Die Ausstellung &#8222;Barockemotion. Il Guercino a Cento&#8220; bot eine wichtige Gelegenheit, die Arbeit von Giovanni &#038; nbsp; Francesco Barbieri, bekannt als Guercino (Cento, 1575 &#8211; Bologna, 1666) in seiner Heimatstadt, mit der er eng miteinander verbunden war und tief geliebt davon. Die Lage der Ausstellung war die Kirche von San Francesco &#8211; jetzt dekone, und seit 1870 im Besitz des Erbes der Studien -, das nach den Erdbeben von 2012 die Heimat der San Lorenzo Art Gallery <\/p>\n<p> wurde<\/p>\n<p> &#038; nbsp; <\/p>\n<p> Das Innere der Kirche, die v\u00f6llig wei\u00df ist, pr\u00e4sentiert kompositorische L\u00f6sungen der klaren Barockinspiration. &#038; nbsp; <\/p>\n<p> unter allen architektonischen und skulpturalen Elementen, die gro\u00dfz\u00fcgigen Gesimse, die \u00fcber elf Meter hoch platziert sind, die die gesamte Kirche umgeben, stach sicherlich hervor. Die weit verbreitete Pr\u00e4senz dieser Frames schlug die Idee vor, die neuen Museo Radius -Projektoren zu verwenden, um eine L\u00f6sung f\u00fcr die Beleuchtung der Kunstwerke zu bieten. <\/P><\/p>\n<p> &#038; nbsp; <\/p>\n<p> In dem Raum, der vom Hauptschiff und im Presbyterium angeboten wird, ist eine interessante Kulisse, die durch eine starke kontrastierende Chromatizit\u00e4t erzeugt wurde, die 27 Gem\u00e4lde veranstaltet &#8211; die meisten, von denen die B\u00fcrgerkunstgalerie geh\u00f6ren. Im eindrucksvollen &#8222;Blue Room&#8220; &#8222;wurde eine Sammlung von \u00fcber 20 Zeichnungen &#8211; im Besitz der Gemeinde Cento &#8211; f\u00fcr die \u00d6ffentlichkeit selten sichtbar gefunden. In beiden Ausstellungen hat der Museo -Radius eine Beleuchtungsstrafe f\u00fcr die Geschichte des Geb\u00e4udes erzeugt, die minimal in der St\u00f6rung, aber vor allem von gro\u00dfer Pr\u00e4zision. <\/P><\/p>\n<p> &#038; nbsp; <\/p>\n<p> Die Anordnung der Display -Panels und deren betr\u00e4chtlicher Abstand von den Rahmen machten es erforderlich, eine vorl\u00e4ufige Beleuchtungsstudie zur Installation der Leuchten durchzuf\u00fchren. &#038; nbsp; <\/p>\n<p> Die berechnete Simulation erm\u00f6glichte es, sowohl den Strahlwinkelbedarf des Museo -Radius als auch die Lumenausg\u00e4nge genau zu identifizieren, die beide an die erforderlichen Beleuchtungsstufen angepasst wurden. &#038; nbsp; <\/p>\n<p> W\u00e4hrend des gesamten Konsultationsprozesses ben\u00f6tigten das Netzwerk und das Volumina der in den &#038; nbsp; architektonischen Elemente enthaltenen Anzeigetafeln eine geeignete Studie, um die optimale Positionierung der Leuchten zu erm\u00f6glichen. &#038; nbsp; <\/p>\n<p> Reduzierende Schatten und unerw\u00fcnschtes Licht &#038; nbsp; Reflexionen \u00fcber die Kunstwerke. &#038; nbsp; <\/p>\n<p> Die Pr\u00e4zision der Strahlen, die vom Museo -Radius in Kombination des Visorzubeh\u00f6rs angeboten wurden, erm\u00f6glichte es, eine optimale Beleuchtung der ausgestellten Werke zusammen mit einem hohen visuellen Komfort f\u00fcr den Besucher zu erhalten. <\/p>\n","protected":false},"excerpt":{"rendered":"<p>Die Ausstellung &#8222;Barockemotion. Il Guercino a Cento&#8220; bot eine wichtige&#8230;<\/p>\n","protected":false},"featured_media":9648,"parent":0,"menu_order":0,"template":"","meta":{"_acf_changed":false,"footnotes":""},"famiglia_progetto":[],"applicazione_progetto":[331],"nazione_progetto":[712],"market":[636],"class_list":["post-10056","progetti","type-progetti","status-publish","has-post-thumbnail","hentry","applicazione_progetto-akzentbeleuchtung","nazione_progetto-italien","market-gotteshaeuser-denkmaeler-und-museen"],"acf":[],"yoast_head":"<!-- This site is optimized with the Yoast SEO plugin v27.5 - https:\/\/yoast.com\/product\/yoast-seo-wordpress\/ -->\n<title>The Guercino in Cento | Exenia<\/title>\n<meta name=\"robots\" content=\"noindex, follow, max-snippet:-1, max-image-preview:large, max-video-preview:-1\" \/>\n<meta property=\"og:locale\" content=\"de_DE\" \/>\n<meta property=\"og:type\" content=\"article\" \/>\n<meta property=\"og:title\" content=\"The Guercino in Cento | Exenia\" \/>\n<meta property=\"og:description\" content=\"Die Ausstellung &#8222;Barockemotion. Il Guercino a Cento&#8220; bot eine wichtige...\" \/>\n<meta property=\"og:url\" content=\"https:\/\/restyling.exenia.eu\/de\/projekte\/the-guercino-in-cento\/\" \/>\n<meta property=\"og:site_name\" content=\"Exenia\" \/>\n<meta property=\"article:publisher\" content=\"https:\/\/www.facebook.com\/exenialighting\" \/>\n<meta property=\"article:modified_time\" content=\"2023-01-05T10:00:23+00:00\" \/>\n<meta property=\"og:image\" content=\"https:\/\/restyling.exenia.eu\/wp-content\/uploads\/2023\/01\/dsc5800.jpg\" \/>\n\t<meta property=\"og:image:width\" content=\"2560\" \/>\n\t<meta property=\"og:image:height\" content=\"1707\" \/>\n\t<meta property=\"og:image:type\" content=\"image\/jpeg\" \/>\n<!-- \/ Yoast SEO plugin. -->","yoast_head_json":{"title":"The Guercino in Cento | Exenia","robots":{"index":"noindex","follow":"follow","max-snippet":"max-snippet:-1","max-image-preview":"max-image-preview:large","max-video-preview":"max-video-preview:-1"},"og_locale":"de_DE","og_type":"article","og_title":"The Guercino in Cento | Exenia","og_description":"Die Ausstellung &#8222;Barockemotion. Il Guercino a Cento&#8220; bot eine wichtige...","og_url":"https:\/\/restyling.exenia.eu\/de\/projekte\/the-guercino-in-cento\/","og_site_name":"Exenia","article_publisher":"https:\/\/www.facebook.com\/exenialighting","article_modified_time":"2023-01-05T10:00:23+00:00","og_image":[{"width":2560,"height":1707,"url":"https:\/\/restyling.exenia.eu\/wp-content\/uploads\/2023\/01\/dsc5800.jpg","type":"image\/jpeg"}],"schema":{"@context":"https:\/\/schema.org","@graph":[{"@type":"WebPage","@id":"https:\/\/restyling.exenia.eu\/de\/projekte\/the-guercino-in-cento\/","url":"https:\/\/restyling.exenia.eu\/de\/projekte\/the-guercino-in-cento\/","name":"The Guercino in Cento | Exenia","isPartOf":{"@id":"https:\/\/restyling.exenia.eu\/#website"},"primaryImageOfPage":{"@id":"https:\/\/restyling.exenia.eu\/de\/projekte\/the-guercino-in-cento\/#primaryimage"},"image":{"@id":"https:\/\/restyling.exenia.eu\/de\/projekte\/the-guercino-in-cento\/#primaryimage"},"thumbnailUrl":"https:\/\/restyling.exenia.eu\/wp-content\/uploads\/2023\/01\/dsc5800.jpg","datePublished":"2021-03-08T23:00:00+00:00","dateModified":"2023-01-05T10:00:23+00:00","breadcrumb":{"@id":"https:\/\/restyling.exenia.eu\/de\/projekte\/the-guercino-in-cento\/#breadcrumb"},"inLanguage":"de","potentialAction":[{"@type":"ReadAction","target":["https:\/\/restyling.exenia.eu\/de\/projekte\/the-guercino-in-cento\/"]}]},{"@type":"ImageObject","inLanguage":"de","@id":"https:\/\/restyling.exenia.eu\/de\/projekte\/the-guercino-in-cento\/#primaryimage","url":"https:\/\/restyling.exenia.eu\/wp-content\/uploads\/2023\/01\/dsc5800.jpg","contentUrl":"https:\/\/restyling.exenia.eu\/wp-content\/uploads\/2023\/01\/dsc5800.jpg","width":2560,"height":1707},{"@type":"BreadcrumbList","@id":"https:\/\/restyling.exenia.eu\/de\/projekte\/the-guercino-in-cento\/#breadcrumb","itemListElement":[{"@type":"ListItem","position":1,"name":"Home","item":"https:\/\/restyling.exenia.eu\/"},{"@type":"ListItem","position":2,"name":"Progetti","item":"https:\/\/restyling.exenia.eu\/progetti\/"},{"@type":"ListItem","position":3,"name":"The Guercino in Cento"}]},{"@type":"WebSite","@id":"https:\/\/restyling.exenia.eu\/#website","url":"https:\/\/restyling.exenia.eu\/","name":"Exenia","description":"","publisher":{"@id":"https:\/\/restyling.exenia.eu\/#organization"},"potentialAction":[{"@type":"SearchAction","target":{"@type":"EntryPoint","urlTemplate":"https:\/\/restyling.exenia.eu\/?s={search_term_string}"},"query-input":{"@type":"PropertyValueSpecification","valueRequired":true,"valueName":"search_term_string"}}],"inLanguage":"de"},{"@type":"Organization","@id":"https:\/\/restyling.exenia.eu\/#organization","name":"Exenia","url":"https:\/\/restyling.exenia.eu\/","logo":{"@type":"ImageObject","inLanguage":"de","@id":"https:\/\/restyling.exenia.eu\/#\/schema\/logo\/image\/","url":"https:\/\/restyling.exenia.eu\/wp-content\/uploads\/2022\/09\/logo_exenia-e1678467519405.png","contentUrl":"https:\/\/restyling.exenia.eu\/wp-content\/uploads\/2022\/09\/logo_exenia-e1678467519405.png","width":600,"height":194,"caption":"Exenia"},"image":{"@id":"https:\/\/restyling.exenia.eu\/#\/schema\/logo\/image\/"},"sameAs":["https:\/\/www.facebook.com\/exenialighting","https:\/\/x.com\/ExeniaLighting"]}]}},"_links":{"self":[{"href":"https:\/\/restyling.exenia.eu\/de\/wp-json\/wp\/v2\/progetti\/10056","targetHints":{"allow":["GET"]}}],"collection":[{"href":"https:\/\/restyling.exenia.eu\/de\/wp-json\/wp\/v2\/progetti"}],"about":[{"href":"https:\/\/restyling.exenia.eu\/de\/wp-json\/wp\/v2\/types\/progetti"}],"version-history":[{"count":0,"href":"https:\/\/restyling.exenia.eu\/de\/wp-json\/wp\/v2\/progetti\/10056\/revisions"}],"wp:featuredmedia":[{"embeddable":true,"href":"https:\/\/restyling.exenia.eu\/de\/wp-json\/wp\/v2\/media\/9648"}],"wp:attachment":[{"href":"https:\/\/restyling.exenia.eu\/de\/wp-json\/wp\/v2\/media?parent=10056"}],"wp:term":[{"taxonomy":"famiglia_progetto","embeddable":true,"href":"https:\/\/restyling.exenia.eu\/de\/wp-json\/wp\/v2\/famiglia_progetto?post=10056"},{"taxonomy":"applicazione_progetto","embeddable":true,"href":"https:\/\/restyling.exenia.eu\/de\/wp-json\/wp\/v2\/applicazione_progetto?post=10056"},{"taxonomy":"nazione_progetto","embeddable":true,"href":"https:\/\/restyling.exenia.eu\/de\/wp-json\/wp\/v2\/nazione_progetto?post=10056"},{"taxonomy":"market","embeddable":true,"href":"https:\/\/restyling.exenia.eu\/de\/wp-json\/wp\/v2\/market?post=10056"}],"curies":[{"name":"wp","href":"https:\/\/api.w.org\/{rel}","templated":true}]}}

<p> Die Ausstellung &#8222;Barockemotion. Il Guercino a Cento&#8220; bot eine wichtige Gelegenheit, die Arbeit von Giovanni &#038; nbsp; Francesco Barbieri, bekannt als Guercino (Cento, 1575 &#8211; Bologna, 1666) in seiner Heimatstadt, mit der er eng miteinander verbunden war und tief geliebt davon. Die Lage der Ausstellung war die Kirche von San Francesco &#8211; jetzt dekone, und seit 1870 im Besitz des Erbes der Studien -, das nach den Erdbeben von 2012 die Heimat der San Lorenzo Art Gallery </p>
<p> wurde</p>
<p> &#038; nbsp; </p>
<p> Das Innere der Kirche, die völlig weiß ist, präsentiert kompositorische Lösungen der klaren Barockinspiration. &#038; nbsp; </p>
<p> unter allen architektonischen und skulpturalen Elementen, die großzügigen Gesimse, die über elf Meter hoch platziert sind, die die gesamte Kirche umgeben, stach sicherlich hervor. Die weit verbreitete Präsenz dieser Frames schlug die Idee vor, die neuen Museo Radius -Projektoren zu verwenden, um eine Lösung für die Beleuchtung der Kunstwerke zu bieten. </P></p>
<p> &#038; nbsp; </p>
<p> In dem Raum, der vom Hauptschiff und im Presbyterium angeboten wird, ist eine interessante Kulisse, die durch eine starke kontrastierende Chromatizität erzeugt wurde, die 27 Gemälde veranstaltet &#8211; die meisten, von denen die Bürgerkunstgalerie gehören. Im eindrucksvollen &#8222;Blue Room&#8220; &#8222;wurde eine Sammlung von über 20 Zeichnungen &#8211; im Besitz der Gemeinde Cento &#8211; für die Öffentlichkeit selten sichtbar gefunden. In beiden Ausstellungen hat der Museo -Radius eine Beleuchtungsstrafe für die Geschichte des Gebäudes erzeugt, die minimal in der Störung, aber vor allem von großer Präzision. </P></p>
<p> &#038; nbsp; </p>
<p> Die Anordnung der Display -Panels und deren beträchtlicher Abstand von den Rahmen machten es erforderlich, eine vorläufige Beleuchtungsstudie zur Installation der Leuchten durchzuführen. &#038; nbsp; </p>
<p> Die berechnete Simulation ermöglichte es, sowohl den Strahlwinkelbedarf des Museo -Radius als auch die Lumenausgänge genau zu identifizieren, die beide an die erforderlichen Beleuchtungsstufen angepasst wurden. &#038; nbsp; </p>
<p> Während des gesamten Konsultationsprozesses benötigten das Netzwerk und das Volumina der in den &#038; nbsp; architektonischen Elemente enthaltenen Anzeigetafeln eine geeignete Studie, um die optimale Positionierung der Leuchten zu ermöglichen. &#038; nbsp; </p>
<p> Reduzierende Schatten und unerwünschtes Licht &#038; nbsp; Reflexionen über die Kunstwerke. &#038; nbsp; </p>
<p> Die Präzision der Strahlen, die vom Museo -Radius in Kombination des Visorzubehörs angeboten wurden, ermöglichte es, eine optimale Beleuchtung der ausgestellten Werke zusammen mit einem hohen visuellen Komfort für den Besucher zu erhalten. </p>
