{"id":46864,"date":"2023-04-14T17:20:25","date_gmt":"2023-04-14T15:20:25","guid":{"rendered":"https:\/\/www.exenia.eu\/?post_type=progetti&#038;p=46864"},"modified":"2023-04-18T17:10:33","modified_gmt":"2023-04-18T15:10:33","slug":"spazio-epic","status":"publish","type":"progetti","link":"https:\/\/restyling.exenia.eu\/de\/projekte\/spazio-epic\/","title":{"rendered":"Spazio Epic"},"content":{"rendered":"<p>Die Epic-Fl\u00e4che im Foro Bonaparte in Mailand war Gegenstand eines ganzheitlichen Einrichtungsprojekts, das seine Umgebungen durch die Inspiration aus dem Kerngesch\u00e4ft des Kunden charakterisierte. Epic ist in der Unterst\u00fctzung kleiner und mittlerer Unternehmen t\u00e4tig und wollte diesen Ansatz auf die Einrichtung \u00fcbertragen, wobei ein industrieller Charakter bevorzugt wurde, der an den unverwechselbaren Charakter italienischer Spitzenleistungen erinnern sollte.<\/p><p>Die Beleuchtungsplanung versuchte, die r\u00e4umlichen Eigenschaften der R\u00e4ume zu verst\u00e4rken und zu diversifizieren, so dass in den offenen R\u00e4umen der Schwerpunkt auf einer Reihe von linearen K\u00f6rpern (Led Runner) mit Corten-Finish und wei\u00dfem Stahl (f\u00fcr die Eingangshalle) lag, w\u00e4hrend in den Besprechungsr\u00e4umen die Zentralit\u00e4t der R\u00e4ume durch kreisf\u00f6rmige Aufh\u00e4ngungen mit doppelter Emission (Hola und Naboo) betont wurde. In der Lounge schlie\u00dflich wurde der informellere Charakter den Paaren von kleinen H\u00e4ngeleuchten (IO) anvertraut, die auf die beiden Stahltische ausgerichtet sind.<\/p><p>Das Designkonzept sah die Definition der verschiedenen R\u00e4ume durch ein Boiserie-System vor, das die R\u00e4ume veredelt und die M\u00f6bel mit Einbauten integriert. Die Boiserie besteht aus OSB-Platten, einem typischen Industriematerial, das leicht geschliffen und lackiert wurde, was den Oberfl\u00e4chen einen lebendigen und materiellen Effekt verleiht. Einige der Tische sind aus Stahlblech und Stahlrohr gefertigt, w\u00e4hrend die Tafeln in die W\u00e4nde integriert wurden.<\/p><p><\/p>","protected":false},"excerpt":{"rendered":"<p>Die Epic-Fl\u00e4che im Foro Bonaparte in Mailand war Gegenstand eines&#8230;<\/p>\n","protected":false},"featured_media":46871,"parent":0,"menu_order":0,"template":"","meta":{"_acf_changed":false,"footnotes":""},"famiglia_progetto":[500,512,516,535],"applicazione_progetto":[337],"nazione_progetto":[712],"market":[642],"class_list":["post-46864","progetti","type-progetti","status-publish","has-post-thumbnail","hentry","famiglia_progetto-naboo-de","famiglia_progetto-led-runner-de","famiglia_progetto-io-led-de","famiglia_progetto-hola-de","applicazione_progetto-diffuse-beleuchtung","nazione_progetto-italien","market-office"],"acf":[],"yoast_head":"<!-- This site is optimized with the Yoast SEO plugin v27.5 - https:\/\/yoast.com\/product\/yoast-seo-wordpress\/ -->\n<title>Spazio Epic | Exenia<\/title>\n<meta name=\"robots\" content=\"noindex, follow, max-snippet:-1, max-image-preview:large, max-video-preview:-1\" \/>\n<meta property=\"og:locale\" content=\"de_DE\" \/>\n<meta property=\"og:type\" content=\"article\" \/>\n<meta property=\"og:title\" content=\"Spazio Epic | Exenia\" \/>\n<meta property=\"og:description\" content=\"Die Epic-Fl\u00e4che im Foro Bonaparte in Mailand war Gegenstand eines...\" \/>\n<meta property=\"og:url\" content=\"https:\/\/restyling.exenia.eu\/de\/projekte\/spazio-epic\/\" \/>\n<meta property=\"og:site_name\" content=\"Exenia\" \/>\n<meta property=\"article:publisher\" content=\"https:\/\/www.facebook.com\/exenialighting\" \/>\n<meta property=\"article:modified_time\" content=\"2023-04-18T15:10:33+00:00\" \/>\n<meta property=\"og:image\" content=\"https:\/\/restyling.exenia.eu\/wp-content\/uploads\/2023\/03\/0D7A7388-scaled.jpg\" \/>\n\t<meta property=\"og:image:width\" content=\"2560\" \/>\n\t<meta property=\"og:image:height\" content=\"1707\" \/>\n\t<meta property=\"og:image:type\" content=\"image\/jpeg\" \/>\n<!-- \/ Yoast SEO plugin. -->","yoast_head_json":{"title":"Spazio Epic | Exenia","robots":{"index":"noindex","follow":"follow","max-snippet":"max-snippet:-1","max-image-preview":"max-image-preview:large","max-video-preview":"max-video-preview:-1"},"og_locale":"de_DE","og_type":"article","og_title":"Spazio Epic | Exenia","og_description":"Die Epic-Fl\u00e4che im Foro Bonaparte in Mailand war Gegenstand eines...","og_url":"https:\/\/restyling.exenia.eu\/de\/projekte\/spazio-epic\/","og_site_name":"Exenia","article_publisher":"https:\/\/www.facebook.com\/exenialighting","article_modified_time":"2023-04-18T15:10:33+00:00","og_image":[{"width":2560,"height":1707,"url":"https:\/\/restyling.exenia.eu\/wp-content\/uploads\/2023\/03\/0D7A7388-scaled.jpg","type":"image\/jpeg"}],"schema":{"@context":"https:\/\/schema.org","@graph":[{"@type":"WebPage","@id":"https:\/\/restyling.exenia.eu\/de\/projekte\/spazio-epic\/","url":"https:\/\/restyling.exenia.eu\/de\/projekte\/spazio-epic\/","name":"Spazio Epic | Exenia","isPartOf":{"@id":"https:\/\/restyling.exenia.eu\/#website"},"primaryImageOfPage":{"@id":"https:\/\/restyling.exenia.eu\/de\/projekte\/spazio-epic\/#primaryimage"},"image":{"@id":"https:\/\/restyling.exenia.eu\/de\/projekte\/spazio-epic\/#primaryimage"},"thumbnailUrl":"https:\/\/restyling.exenia.eu\/wp-content\/uploads\/2023\/03\/0D7A7388-scaled.jpg","datePublished":"2023-04-14T15:20:25+00:00","dateModified":"2023-04-18T15:10:33+00:00","breadcrumb":{"@id":"https:\/\/restyling.exenia.eu\/de\/projekte\/spazio-epic\/#breadcrumb"},"inLanguage":"de","potentialAction":[{"@type":"ReadAction","target":["https:\/\/restyling.exenia.eu\/de\/projekte\/spazio-epic\/"]}]},{"@type":"ImageObject","inLanguage":"de","@id":"https:\/\/restyling.exenia.eu\/de\/projekte\/spazio-epic\/#primaryimage","url":"https:\/\/restyling.exenia.eu\/wp-content\/uploads\/2023\/03\/0D7A7388-scaled.jpg","contentUrl":"https:\/\/restyling.exenia.eu\/wp-content\/uploads\/2023\/03\/0D7A7388-scaled.jpg","width":2560,"height":1707},{"@type":"BreadcrumbList","@id":"https:\/\/restyling.exenia.eu\/de\/projekte\/spazio-epic\/#breadcrumb","itemListElement":[{"@type":"ListItem","position":1,"name":"Home","item":"https:\/\/restyling.exenia.eu\/"},{"@type":"ListItem","position":2,"name":"Progetti","item":"https:\/\/restyling.exenia.eu\/progetti\/"},{"@type":"ListItem","position":3,"name":"Spazio Epic"}]},{"@type":"WebSite","@id":"https:\/\/restyling.exenia.eu\/#website","url":"https:\/\/restyling.exenia.eu\/","name":"Exenia","description":"","publisher":{"@id":"https:\/\/restyling.exenia.eu\/#organization"},"potentialAction":[{"@type":"SearchAction","target":{"@type":"EntryPoint","urlTemplate":"https:\/\/restyling.exenia.eu\/?s={search_term_string}"},"query-input":{"@type":"PropertyValueSpecification","valueRequired":true,"valueName":"search_term_string"}}],"inLanguage":"de"},{"@type":"Organization","@id":"https:\/\/restyling.exenia.eu\/#organization","name":"Exenia","url":"https:\/\/restyling.exenia.eu\/","logo":{"@type":"ImageObject","inLanguage":"de","@id":"https:\/\/restyling.exenia.eu\/#\/schema\/logo\/image\/","url":"https:\/\/restyling.exenia.eu\/wp-content\/uploads\/2022\/09\/logo_exenia-e1678467519405.png","contentUrl":"https:\/\/restyling.exenia.eu\/wp-content\/uploads\/2022\/09\/logo_exenia-e1678467519405.png","width":600,"height":194,"caption":"Exenia"},"image":{"@id":"https:\/\/restyling.exenia.eu\/#\/schema\/logo\/image\/"},"sameAs":["https:\/\/www.facebook.com\/exenialighting","https:\/\/x.com\/ExeniaLighting"]}]}},"_links":{"self":[{"href":"https:\/\/restyling.exenia.eu\/de\/wp-json\/wp\/v2\/progetti\/46864","targetHints":{"allow":["GET"]}}],"collection":[{"href":"https:\/\/restyling.exenia.eu\/de\/wp-json\/wp\/v2\/progetti"}],"about":[{"href":"https:\/\/restyling.exenia.eu\/de\/wp-json\/wp\/v2\/types\/progetti"}],"version-history":[{"count":0,"href":"https:\/\/restyling.exenia.eu\/de\/wp-json\/wp\/v2\/progetti\/46864\/revisions"}],"wp:featuredmedia":[{"embeddable":true,"href":"https:\/\/restyling.exenia.eu\/de\/wp-json\/wp\/v2\/media\/46871"}],"wp:attachment":[{"href":"https:\/\/restyling.exenia.eu\/de\/wp-json\/wp\/v2\/media?parent=46864"}],"wp:term":[{"taxonomy":"famiglia_progetto","embeddable":true,"href":"https:\/\/restyling.exenia.eu\/de\/wp-json\/wp\/v2\/famiglia_progetto?post=46864"},{"taxonomy":"applicazione_progetto","embeddable":true,"href":"https:\/\/restyling.exenia.eu\/de\/wp-json\/wp\/v2\/applicazione_progetto?post=46864"},{"taxonomy":"nazione_progetto","embeddable":true,"href":"https:\/\/restyling.exenia.eu\/de\/wp-json\/wp\/v2\/nazione_progetto?post=46864"},{"taxonomy":"market","embeddable":true,"href":"https:\/\/restyling.exenia.eu\/de\/wp-json\/wp\/v2\/market?post=46864"}],"curies":[{"name":"wp","href":"https:\/\/api.w.org\/{rel}","templated":true}]}}

<p>Die Epic-Fläche im Foro Bonaparte in Mailand war Gegenstand eines ganzheitlichen Einrichtungsprojekts, das seine Umgebungen durch die Inspiration aus dem Kerngeschäft des Kunden charakterisierte. Epic ist in der Unterstützung kleiner und mittlerer Unternehmen tätig und wollte diesen Ansatz auf die Einrichtung übertragen, wobei ein industrieller Charakter bevorzugt wurde, der an den unverwechselbaren Charakter italienischer Spitzenleistungen erinnern sollte.</p><p>Die Beleuchtungsplanung versuchte, die räumlichen Eigenschaften der Räume zu verstärken und zu diversifizieren, so dass in den offenen Räumen der Schwerpunkt auf einer Reihe von linearen Körpern (Led Runner) mit Corten-Finish und weißem Stahl (für die Eingangshalle) lag, während in den Besprechungsräumen die Zentralität der Räume durch kreisförmige Aufhängungen mit doppelter Emission (Hola und Naboo) betont wurde. In der Lounge schließlich wurde der informellere Charakter den Paaren von kleinen Hängeleuchten (IO) anvertraut, die auf die beiden Stahltische ausgerichtet sind.</p><p>Das Designkonzept sah die Definition der verschiedenen Räume durch ein Boiserie-System vor, das die Räume veredelt und die Möbel mit Einbauten integriert. Die Boiserie besteht aus OSB-Platten, einem typischen Industriematerial, das leicht geschliffen und lackiert wurde, was den Oberflächen einen lebendigen und materiellen Effekt verleiht. Einige der Tische sind aus Stahlblech und Stahlrohr gefertigt, während die Tafeln in die Wände integriert wurden.</p><p></p>

<p>Die Epic-Fläche im Foro Bonaparte in Mailand war Gegenstand eines&#8230;</p>

<!-- This site is optimized with the Yoast SEO plugin v27.5 - https://yoast.com/product/yoast-seo-wordpress/ -->
<title>Spazio Epic | Exenia</title>
<meta name="robots" content="noindex, follow, max-snippet:-1, max-image-preview:large, max-video-preview:-1" />
<meta property="og:locale" content="de_DE" />
<meta property="og:type" content="article" />
<meta property="og:title" content="Spazio Epic | Exenia" />
<meta property="og:description" content="Die Epic-Fläche im Foro Bonaparte in Mailand war Gegenstand eines..." />
<meta property="og:url" content="https://restyling.exenia.eu/de/projekte/spazio-epic/" />
<meta property="og:site_name" content="Exenia" />
<meta property="article:publisher" content="https://www.facebook.com/exenialighting" />
<meta property="article:modified_time" content="2023-04-18T15:10:33+00:00" />
<meta property="og:image" content="https://restyling.exenia.eu/wp-content/uploads/2023/03/0D7A7388-scaled.jpg" />
	<meta property="og:image:width" content="2560" />
	<meta property="og:image:height" content="1707" />
	<meta property="og:image:type" content="image/jpeg" />
<!-- / Yoast SEO plugin. -->

Die Epic-Fläche im Foro Bonaparte in Mailand war Gegenstand eines...
