{"id":47995,"date":"2023-05-05T11:07:30","date_gmt":"2023-05-05T09:07:30","guid":{"rendered":"https:\/\/www.exenia.eu\/?post_type=progetti&#038;p=47995"},"modified":"2023-05-05T11:29:21","modified_gmt":"2023-05-05T09:29:21","slug":"develers-headquarters","status":"publish","type":"progetti","link":"https:\/\/restyling.exenia.eu\/de\/projekte\/develers-headquarters\/","title":{"rendered":"Develer&#8217;s headquarters"},"content":{"rendered":"<p>Das Projekt f\u00fcr den neuen Sitz von Develer in Campi Bisenzio, einem toskanischen Unternehmen, das sich auf die Entwicklung von Software und Hardware spezialisiert hat, wurde MDU Architetti aus Prato anvertraut. Die Renovierungsarbeiten betrafen zwei handwerkliche Geb\u00e4ude im n\u00f6rdlichen Teil der Stadt, in einem Gebiet, das bereits zahlreiche Produktionsaktivit\u00e4ten mit einem hohen technologischen und kommerziellen Profil beherbergt.<\/p><p>F\u00fcr den neuen Firmensitz von Develer erm\u00f6glicht das breite Angebot von Exenia einen transversalen Ansatz f\u00fcr die verschiedenen Gestaltungsbereiche, und die optischen Leistungen erlauben den Einsatz von kompakten und miniaturisierten Leuchten. Je nach den vielf\u00e4ltigen Beleuchtungsanforderungen in den R\u00e4umen wurden verschiedene Produkte ausgew\u00e4hlt. Der Schwerpunkt lag auf Mag, die einen engen und definierten Zenitstrahl ben\u00f6tigt. M2 und M3 Scheinwerfer f\u00fcr die Akzentbeleuchtung und Bilux f\u00fcr die kontrollierte Allgemeinbeleuchtung. Das weiche, diffuse Licht von Bola LED erm\u00f6glicht eine 360\u00b0-Verteilung in einem minimalen, aber effektiven grafischen Zeichen. Die gesamte Installation ist mit einem zentralen Steuerungs- und Dimmsystem ausgestattet.<\/p>","protected":false},"excerpt":{"rendered":"<p>Das Projekt f\u00fcr den neuen Sitz von Develer in Campi&#8230;<\/p>\n","protected":false},"featured_media":47996,"parent":0,"menu_order":0,"template":"","meta":{"_acf_changed":false,"footnotes":""},"famiglia_progetto":[521,551,577],"applicazione_progetto":[331,337,341],"nazione_progetto":[712],"market":[642],"class_list":["post-47995","progetti","type-progetti","status-publish","has-post-thumbnail","hentry","famiglia_progetto-mag-de","famiglia_progetto-bilux-de","famiglia_progetto-m-reihe","applicazione_progetto-akzentbeleuchtung","applicazione_progetto-diffuse-beleuchtung","applicazione_progetto-projektion-de","nazione_progetto-italien","market-office"],"acf":[],"yoast_head":"<!-- This site is optimized with the Yoast SEO plugin v27.4 - https:\/\/yoast.com\/product\/yoast-seo-wordpress\/ -->\n<title>Develer&#8217;s headquarters | Exenia<\/title>\n<meta name=\"robots\" content=\"noindex, follow, max-snippet:-1, max-image-preview:large, max-video-preview:-1\" \/>\n<meta property=\"og:locale\" content=\"de_DE\" \/>\n<meta property=\"og:type\" content=\"article\" \/>\n<meta property=\"og:title\" content=\"Develer&#8217;s headquarters | Exenia\" \/>\n<meta property=\"og:description\" content=\"Das Projekt f\u00fcr den neuen Sitz von Develer in Campi...\" \/>\n<meta property=\"og:url\" content=\"https:\/\/restyling.exenia.eu\/de\/projekte\/develers-headquarters\/\" \/>\n<meta property=\"og:site_name\" content=\"Exenia\" \/>\n<meta property=\"article:publisher\" content=\"https:\/\/www.facebook.com\/exenialighting\" \/>\n<meta property=\"article:modified_time\" content=\"2023-05-05T09:29:21+00:00\" \/>\n<meta property=\"og:image\" content=\"https:\/\/restyling.exenia.eu\/wp-content\/uploads\/2023\/04\/5_PietroSavorelli_Develer-23.03.2019152603.jpg\" \/>\n\t<meta property=\"og:image:width\" content=\"2156\" \/>\n\t<meta property=\"og:image:height\" content=\"1616\" \/>\n\t<meta property=\"og:image:type\" content=\"image\/jpeg\" \/>\n<!-- \/ Yoast SEO plugin. -->","yoast_head_json":{"title":"Develer&#8217;s headquarters | Exenia","robots":{"index":"noindex","follow":"follow","max-snippet":"max-snippet:-1","max-image-preview":"max-image-preview:large","max-video-preview":"max-video-preview:-1"},"og_locale":"de_DE","og_type":"article","og_title":"Develer&#8217;s headquarters | Exenia","og_description":"Das Projekt f\u00fcr den neuen Sitz von Develer in Campi...","og_url":"https:\/\/restyling.exenia.eu\/de\/projekte\/develers-headquarters\/","og_site_name":"Exenia","article_publisher":"https:\/\/www.facebook.com\/exenialighting","article_modified_time":"2023-05-05T09:29:21+00:00","og_image":[{"width":2156,"height":1616,"url":"https:\/\/restyling.exenia.eu\/wp-content\/uploads\/2023\/04\/5_PietroSavorelli_Develer-23.03.2019152603.jpg","type":"image\/jpeg"}],"schema":{"@context":"https:\/\/schema.org","@graph":[{"@type":"WebPage","@id":"https:\/\/restyling.exenia.eu\/de\/projekte\/develers-headquarters\/","url":"https:\/\/restyling.exenia.eu\/de\/projekte\/develers-headquarters\/","name":"Develer&#8217;s headquarters | Exenia","isPartOf":{"@id":"https:\/\/restyling.exenia.eu\/#website"},"primaryImageOfPage":{"@id":"https:\/\/restyling.exenia.eu\/de\/projekte\/develers-headquarters\/#primaryimage"},"image":{"@id":"https:\/\/restyling.exenia.eu\/de\/projekte\/develers-headquarters\/#primaryimage"},"thumbnailUrl":"https:\/\/restyling.exenia.eu\/wp-content\/uploads\/2023\/04\/5_PietroSavorelli_Develer-23.03.2019152603.jpg","datePublished":"2023-05-05T09:07:30+00:00","dateModified":"2023-05-05T09:29:21+00:00","breadcrumb":{"@id":"https:\/\/restyling.exenia.eu\/de\/projekte\/develers-headquarters\/#breadcrumb"},"inLanguage":"de","potentialAction":[{"@type":"ReadAction","target":["https:\/\/restyling.exenia.eu\/de\/projekte\/develers-headquarters\/"]}]},{"@type":"ImageObject","inLanguage":"de","@id":"https:\/\/restyling.exenia.eu\/de\/projekte\/develers-headquarters\/#primaryimage","url":"https:\/\/restyling.exenia.eu\/wp-content\/uploads\/2023\/04\/5_PietroSavorelli_Develer-23.03.2019152603.jpg","contentUrl":"https:\/\/restyling.exenia.eu\/wp-content\/uploads\/2023\/04\/5_PietroSavorelli_Develer-23.03.2019152603.jpg","width":2156,"height":1616},{"@type":"BreadcrumbList","@id":"https:\/\/restyling.exenia.eu\/de\/projekte\/develers-headquarters\/#breadcrumb","itemListElement":[{"@type":"ListItem","position":1,"name":"Home","item":"https:\/\/restyling.exenia.eu\/"},{"@type":"ListItem","position":2,"name":"Progetti","item":"https:\/\/restyling.exenia.eu\/progetti\/"},{"@type":"ListItem","position":3,"name":"Develer&#8217;s headquarters"}]},{"@type":"WebSite","@id":"https:\/\/restyling.exenia.eu\/#website","url":"https:\/\/restyling.exenia.eu\/","name":"Exenia","description":"","publisher":{"@id":"https:\/\/restyling.exenia.eu\/#organization"},"potentialAction":[{"@type":"SearchAction","target":{"@type":"EntryPoint","urlTemplate":"https:\/\/restyling.exenia.eu\/?s={search_term_string}"},"query-input":{"@type":"PropertyValueSpecification","valueRequired":true,"valueName":"search_term_string"}}],"inLanguage":"de"},{"@type":"Organization","@id":"https:\/\/restyling.exenia.eu\/#organization","name":"Exenia","url":"https:\/\/restyling.exenia.eu\/","logo":{"@type":"ImageObject","inLanguage":"de","@id":"https:\/\/restyling.exenia.eu\/#\/schema\/logo\/image\/","url":"https:\/\/restyling.exenia.eu\/wp-content\/uploads\/2022\/09\/logo_exenia-e1678467519405.png","contentUrl":"https:\/\/restyling.exenia.eu\/wp-content\/uploads\/2022\/09\/logo_exenia-e1678467519405.png","width":600,"height":194,"caption":"Exenia"},"image":{"@id":"https:\/\/restyling.exenia.eu\/#\/schema\/logo\/image\/"},"sameAs":["https:\/\/www.facebook.com\/exenialighting","https:\/\/x.com\/ExeniaLighting"]}]}},"_links":{"self":[{"href":"https:\/\/restyling.exenia.eu\/de\/wp-json\/wp\/v2\/progetti\/47995","targetHints":{"allow":["GET"]}}],"collection":[{"href":"https:\/\/restyling.exenia.eu\/de\/wp-json\/wp\/v2\/progetti"}],"about":[{"href":"https:\/\/restyling.exenia.eu\/de\/wp-json\/wp\/v2\/types\/progetti"}],"version-history":[{"count":0,"href":"https:\/\/restyling.exenia.eu\/de\/wp-json\/wp\/v2\/progetti\/47995\/revisions"}],"wp:featuredmedia":[{"embeddable":true,"href":"https:\/\/restyling.exenia.eu\/de\/wp-json\/wp\/v2\/media\/47996"}],"wp:attachment":[{"href":"https:\/\/restyling.exenia.eu\/de\/wp-json\/wp\/v2\/media?parent=47995"}],"wp:term":[{"taxonomy":"famiglia_progetto","embeddable":true,"href":"https:\/\/restyling.exenia.eu\/de\/wp-json\/wp\/v2\/famiglia_progetto?post=47995"},{"taxonomy":"applicazione_progetto","embeddable":true,"href":"https:\/\/restyling.exenia.eu\/de\/wp-json\/wp\/v2\/applicazione_progetto?post=47995"},{"taxonomy":"nazione_progetto","embeddable":true,"href":"https:\/\/restyling.exenia.eu\/de\/wp-json\/wp\/v2\/nazione_progetto?post=47995"},{"taxonomy":"market","embeddable":true,"href":"https:\/\/restyling.exenia.eu\/de\/wp-json\/wp\/v2\/market?post=47995"}],"curies":[{"name":"wp","href":"https:\/\/api.w.org\/{rel}","templated":true}]}}

<p>Das Projekt für den neuen Sitz von Develer in Campi Bisenzio, einem toskanischen Unternehmen, das sich auf die Entwicklung von Software und Hardware spezialisiert hat, wurde MDU Architetti aus Prato anvertraut. Die Renovierungsarbeiten betrafen zwei handwerkliche Gebäude im nördlichen Teil der Stadt, in einem Gebiet, das bereits zahlreiche Produktionsaktivitäten mit einem hohen technologischen und kommerziellen Profil beherbergt.</p><p>Für den neuen Firmensitz von Develer ermöglicht das breite Angebot von Exenia einen transversalen Ansatz für die verschiedenen Gestaltungsbereiche, und die optischen Leistungen erlauben den Einsatz von kompakten und miniaturisierten Leuchten. Je nach den vielfältigen Beleuchtungsanforderungen in den Räumen wurden verschiedene Produkte ausgewählt. Der Schwerpunkt lag auf Mag, die einen engen und definierten Zenitstrahl benötigt. M2 und M3 Scheinwerfer für die Akzentbeleuchtung und Bilux für die kontrollierte Allgemeinbeleuchtung. Das weiche, diffuse Licht von Bola LED ermöglicht eine 360°-Verteilung in einem minimalen, aber effektiven grafischen Zeichen. Die gesamte Installation ist mit einem zentralen Steuerungs- und Dimmsystem ausgestattet.</p>

<p>Das Projekt für den neuen Sitz von Develer in Campi&#8230;</p>

<!-- This site is optimized with the Yoast SEO plugin v27.4 - https://yoast.com/product/yoast-seo-wordpress/ -->
<title>Develer&#8217;s headquarters | Exenia</title>
<meta name="robots" content="noindex, follow, max-snippet:-1, max-image-preview:large, max-video-preview:-1" />
<meta property="og:locale" content="de_DE" />
<meta property="og:type" content="article" />
<meta property="og:title" content="Develer&#8217;s headquarters | Exenia" />
<meta property="og:description" content="Das Projekt für den neuen Sitz von Develer in Campi..." />
<meta property="og:url" content="https://restyling.exenia.eu/de/projekte/develers-headquarters/" />
<meta property="og:site_name" content="Exenia" />
<meta property="article:publisher" content="https://www.facebook.com/exenialighting" />
<meta property="article:modified_time" content="2023-05-05T09:29:21+00:00" />
<meta property="og:image" content="https://restyling.exenia.eu/wp-content/uploads/2023/04/5_PietroSavorelli_Develer-23.03.2019152603.jpg" />
	<meta property="og:image:width" content="2156" />
	<meta property="og:image:height" content="1616" />
	<meta property="og:image:type" content="image/jpeg" />
<!-- / Yoast SEO plugin. -->

Das Projekt für den neuen Sitz von Develer in Campi...
