{"id":50097,"date":"2023-07-11T17:35:21","date_gmt":"2023-07-11T15:35:21","guid":{"rendered":"https:\/\/www.exenia.eu\/progetti\/museo-de-belas-artes-da-coruna\/"},"modified":"2023-07-13T11:10:14","modified_gmt":"2023-07-13T09:10:14","slug":"museo-de-belas-artes-da-coruna","status":"publish","type":"progetti","link":"https:\/\/restyling.exenia.eu\/de\/projekte\/museo-de-belas-artes-da-coruna\/","title":{"rendered":"Museo de Belas Artes da Coru\u00f1a"},"content":{"rendered":"<p>Anl\u00e4sslich des 50. Todestages von <strong>Pablo Picasso<\/strong> f\u00f6rdert die Xunta de Galicia am 8. April 2023 diese monografische Ausstellung: Wei\u00dfer Picasso in blauem Ged\u00e4chtnis. Zeichnung der Zukunft (<strong>Picasso branco no recordo azul. Debuxando o futuro<\/strong>). Tempor\u00e4re Ausstellung im Museo de Bellas Artes in La Coru\u00f1a, der Stadt, in der Picasso einen Teil seiner Kindheit verbrachte.<\/p><p>Wir haben einige der Werke mit unseren Spot Revo 230 Projektoren beleuchtet.<\/p><p>Der Titel der Ausstellung ist einem seiner Gedichte entnommen, dessen Verse auf die Farben Blau und Wei\u00df anspielen, die seit Mitte des 19. Jahrhunderts eine starke Identit\u00e4t in La Coru\u00f1a hervorrufen und die Picasso selbst mit der Stadt, in der er lebte und seine k\u00fcnstlerische Ausbildung absolvierte, zu identifizieren begann.<\/p>","protected":false},"excerpt":{"rendered":"<p>Anl\u00e4sslich des 50. Todestages von Pablo Picasso f\u00f6rdert die Xunta&#8230;<\/p>\n","protected":false},"featured_media":50099,"parent":0,"menu_order":0,"template":"","meta":{"_acf_changed":false,"footnotes":""},"famiglia_progetto":[5725],"applicazione_progetto":[341],"nazione_progetto":[720],"market":[636],"class_list":["post-50097","progetti","type-progetti","status-publish","has-post-thumbnail","hentry","famiglia_progetto-spot-revo-230-medium-de","applicazione_progetto-projektion-de","nazione_progetto-spanien","market-gotteshaeuser-denkmaeler-und-museen"],"acf":[],"yoast_head":"<!-- This site is optimized with the Yoast SEO plugin v27.4 - https:\/\/yoast.com\/product\/yoast-seo-wordpress\/ -->\n<title>Museo de Belas Artes da Coru\u00f1a | Exenia<\/title>\n<meta name=\"robots\" content=\"noindex, follow, max-snippet:-1, max-image-preview:large, max-video-preview:-1\" \/>\n<meta property=\"og:locale\" content=\"de_DE\" \/>\n<meta property=\"og:type\" content=\"article\" \/>\n<meta property=\"og:title\" content=\"Museo de Belas Artes da Coru\u00f1a | Exenia\" \/>\n<meta property=\"og:description\" content=\"Anl\u00e4sslich des 50. Todestages von Pablo Picasso f\u00f6rdert die Xunta...\" \/>\n<meta property=\"og:url\" content=\"https:\/\/restyling.exenia.eu\/de\/projekte\/museo-de-belas-artes-da-coruna\/\" \/>\n<meta property=\"og:site_name\" content=\"Exenia\" \/>\n<meta property=\"article:publisher\" content=\"https:\/\/www.facebook.com\/exenialighting\" \/>\n<meta property=\"article:modified_time\" content=\"2023-07-13T09:10:14+00:00\" \/>\n<meta property=\"og:image\" content=\"https:\/\/restyling.exenia.eu\/wp-content\/uploads\/2023\/07\/1-scaled.jpg\" \/>\n\t<meta property=\"og:image:width\" content=\"1943\" \/>\n\t<meta property=\"og:image:height\" content=\"2560\" \/>\n\t<meta property=\"og:image:type\" content=\"image\/jpeg\" \/>\n<!-- \/ Yoast SEO plugin. -->","yoast_head_json":{"title":"Museo de Belas Artes da Coru\u00f1a | Exenia","robots":{"index":"noindex","follow":"follow","max-snippet":"max-snippet:-1","max-image-preview":"max-image-preview:large","max-video-preview":"max-video-preview:-1"},"og_locale":"de_DE","og_type":"article","og_title":"Museo de Belas Artes da Coru\u00f1a | Exenia","og_description":"Anl\u00e4sslich des 50. Todestages von Pablo Picasso f\u00f6rdert die Xunta...","og_url":"https:\/\/restyling.exenia.eu\/de\/projekte\/museo-de-belas-artes-da-coruna\/","og_site_name":"Exenia","article_publisher":"https:\/\/www.facebook.com\/exenialighting","article_modified_time":"2023-07-13T09:10:14+00:00","og_image":[{"width":1943,"height":2560,"url":"https:\/\/restyling.exenia.eu\/wp-content\/uploads\/2023\/07\/1-scaled.jpg","type":"image\/jpeg"}],"schema":{"@context":"https:\/\/schema.org","@graph":[{"@type":"WebPage","@id":"https:\/\/restyling.exenia.eu\/de\/projekte\/museo-de-belas-artes-da-coruna\/","url":"https:\/\/restyling.exenia.eu\/de\/projekte\/museo-de-belas-artes-da-coruna\/","name":"Museo de Belas Artes da Coru\u00f1a | Exenia","isPartOf":{"@id":"https:\/\/restyling.exenia.eu\/#website"},"primaryImageOfPage":{"@id":"https:\/\/restyling.exenia.eu\/de\/projekte\/museo-de-belas-artes-da-coruna\/#primaryimage"},"image":{"@id":"https:\/\/restyling.exenia.eu\/de\/projekte\/museo-de-belas-artes-da-coruna\/#primaryimage"},"thumbnailUrl":"https:\/\/restyling.exenia.eu\/wp-content\/uploads\/2023\/07\/1-scaled.jpg","datePublished":"2023-07-11T15:35:21+00:00","dateModified":"2023-07-13T09:10:14+00:00","breadcrumb":{"@id":"https:\/\/restyling.exenia.eu\/de\/projekte\/museo-de-belas-artes-da-coruna\/#breadcrumb"},"inLanguage":"de","potentialAction":[{"@type":"ReadAction","target":["https:\/\/restyling.exenia.eu\/de\/projekte\/museo-de-belas-artes-da-coruna\/"]}]},{"@type":"ImageObject","inLanguage":"de","@id":"https:\/\/restyling.exenia.eu\/de\/projekte\/museo-de-belas-artes-da-coruna\/#primaryimage","url":"https:\/\/restyling.exenia.eu\/wp-content\/uploads\/2023\/07\/1-scaled.jpg","contentUrl":"https:\/\/restyling.exenia.eu\/wp-content\/uploads\/2023\/07\/1-scaled.jpg","width":1943,"height":2560},{"@type":"BreadcrumbList","@id":"https:\/\/restyling.exenia.eu\/de\/projekte\/museo-de-belas-artes-da-coruna\/#breadcrumb","itemListElement":[{"@type":"ListItem","position":1,"name":"Home","item":"https:\/\/restyling.exenia.eu\/"},{"@type":"ListItem","position":2,"name":"Progetti","item":"https:\/\/restyling.exenia.eu\/progetti\/"},{"@type":"ListItem","position":3,"name":"Museo de Belas Artes da Coru\u00f1a"}]},{"@type":"WebSite","@id":"https:\/\/restyling.exenia.eu\/#website","url":"https:\/\/restyling.exenia.eu\/","name":"Exenia","description":"","publisher":{"@id":"https:\/\/restyling.exenia.eu\/#organization"},"potentialAction":[{"@type":"SearchAction","target":{"@type":"EntryPoint","urlTemplate":"https:\/\/restyling.exenia.eu\/?s={search_term_string}"},"query-input":{"@type":"PropertyValueSpecification","valueRequired":true,"valueName":"search_term_string"}}],"inLanguage":"de"},{"@type":"Organization","@id":"https:\/\/restyling.exenia.eu\/#organization","name":"Exenia","url":"https:\/\/restyling.exenia.eu\/","logo":{"@type":"ImageObject","inLanguage":"de","@id":"https:\/\/restyling.exenia.eu\/#\/schema\/logo\/image\/","url":"https:\/\/restyling.exenia.eu\/wp-content\/uploads\/2022\/09\/logo_exenia-e1678467519405.png","contentUrl":"https:\/\/restyling.exenia.eu\/wp-content\/uploads\/2022\/09\/logo_exenia-e1678467519405.png","width":600,"height":194,"caption":"Exenia"},"image":{"@id":"https:\/\/restyling.exenia.eu\/#\/schema\/logo\/image\/"},"sameAs":["https:\/\/www.facebook.com\/exenialighting","https:\/\/x.com\/ExeniaLighting"]}]}},"_links":{"self":[{"href":"https:\/\/restyling.exenia.eu\/de\/wp-json\/wp\/v2\/progetti\/50097","targetHints":{"allow":["GET"]}}],"collection":[{"href":"https:\/\/restyling.exenia.eu\/de\/wp-json\/wp\/v2\/progetti"}],"about":[{"href":"https:\/\/restyling.exenia.eu\/de\/wp-json\/wp\/v2\/types\/progetti"}],"version-history":[{"count":0,"href":"https:\/\/restyling.exenia.eu\/de\/wp-json\/wp\/v2\/progetti\/50097\/revisions"}],"wp:featuredmedia":[{"embeddable":true,"href":"https:\/\/restyling.exenia.eu\/de\/wp-json\/wp\/v2\/media\/50099"}],"wp:attachment":[{"href":"https:\/\/restyling.exenia.eu\/de\/wp-json\/wp\/v2\/media?parent=50097"}],"wp:term":[{"taxonomy":"famiglia_progetto","embeddable":true,"href":"https:\/\/restyling.exenia.eu\/de\/wp-json\/wp\/v2\/famiglia_progetto?post=50097"},{"taxonomy":"applicazione_progetto","embeddable":true,"href":"https:\/\/restyling.exenia.eu\/de\/wp-json\/wp\/v2\/applicazione_progetto?post=50097"},{"taxonomy":"nazione_progetto","embeddable":true,"href":"https:\/\/restyling.exenia.eu\/de\/wp-json\/wp\/v2\/nazione_progetto?post=50097"},{"taxonomy":"market","embeddable":true,"href":"https:\/\/restyling.exenia.eu\/de\/wp-json\/wp\/v2\/market?post=50097"}],"curies":[{"name":"wp","href":"https:\/\/api.w.org\/{rel}","templated":true}]}}

Museo de Belas Artes da Coruña

<p>Anlässlich des 50. Todestages von <strong>Pablo Picasso</strong> fördert die Xunta de Galicia am 8. April 2023 diese monografische Ausstellung: Weißer Picasso in blauem Gedächtnis. Zeichnung der Zukunft (<strong>Picasso branco no recordo azul. Debuxando o futuro</strong>). Temporäre Ausstellung im Museo de Bellas Artes in La Coruña, der Stadt, in der Picasso einen Teil seiner Kindheit verbrachte.</p><p>Wir haben einige der Werke mit unseren Spot Revo 230 Projektoren beleuchtet.</p><p>Der Titel der Ausstellung ist einem seiner Gedichte entnommen, dessen Verse auf die Farben Blau und Weiß anspielen, die seit Mitte des 19. Jahrhunderts eine starke Identität in La Coruña hervorrufen und die Picasso selbst mit der Stadt, in der er lebte und seine künstlerische Ausbildung absolvierte, zu identifizieren begann.</p>

<p>Anlässlich des 50. Todestages von Pablo Picasso fördert die Xunta&#8230;</p>

<!-- This site is optimized with the Yoast SEO plugin v27.4 - https://yoast.com/product/yoast-seo-wordpress/ -->
<title>Museo de Belas Artes da Coruña | Exenia</title>
<meta name="robots" content="noindex, follow, max-snippet:-1, max-image-preview:large, max-video-preview:-1" />
<meta property="og:locale" content="de_DE" />
<meta property="og:type" content="article" />
<meta property="og:title" content="Museo de Belas Artes da Coruña | Exenia" />
<meta property="og:description" content="Anlässlich des 50. Todestages von Pablo Picasso fördert die Xunta..." />
<meta property="og:url" content="https://restyling.exenia.eu/de/projekte/museo-de-belas-artes-da-coruna/" />
<meta property="og:site_name" content="Exenia" />
<meta property="article:publisher" content="https://www.facebook.com/exenialighting" />
<meta property="article:modified_time" content="2023-07-13T09:10:14+00:00" />
<meta property="og:image" content="https://restyling.exenia.eu/wp-content/uploads/2023/07/1-scaled.jpg" />
	<meta property="og:image:width" content="1943" />
	<meta property="og:image:height" content="2560" />
	<meta property="og:image:type" content="image/jpeg" />
<!-- / Yoast SEO plugin. -->

Museo de Belas Artes da Coruña | Exenia

Anlässlich des 50. Todestages von Pablo Picasso fördert die Xunta...
