{"id":52671,"date":"2024-06-05T11:07:31","date_gmt":"2024-06-05T09:07:31","guid":{"rendered":"https:\/\/www.exenia.eu\/?post_type=progetti&#038;p=52671"},"modified":"2024-06-07T14:53:17","modified_gmt":"2024-06-07T12:53:17","slug":"zahnklinik-valdespartera","status":"publish","type":"progetti","link":"https:\/\/restyling.exenia.eu\/de\/projekte\/zahnklinik-valdespartera\/","title":{"rendered":"ZAHNKLINIK VALDESPARTERA"},"content":{"rendered":"<p>Das von der Innenarchitektin Nati Hueso entworfene Projekt umfasste die Umwandlung eines 150 m\u00b2 gro\u00dfen Raums in eine Zahnklinik, wobei die Funktionalit\u00e4t des Gesundheitswesens mit einer gem\u00fctlichen und ruhigen Umgebung kombiniert wurde, wie vom Kunden gew\u00fcnscht. Es wurde eine koh\u00e4rente und gemeinsame Sprache f\u00fcr alle R\u00e4ume der Klinik geschaffen, wobei jeder von ihnen differenzierende Elemente erhielt, die wiederum dem Projekt Pers\u00f6nlichkeit verliehen.<br>Die Beleuchtung wurde als das wichtigste Element des Projekts angesehen. Die Beleuchtungsk\u00f6rper von Exenia wurden ausgew\u00e4hlt, um den R\u00e4umen Pers\u00f6nlichkeit und Kontinuit\u00e4t zu verleihen. Eine lange Reihe von Leuchten f\u00fchrt den Patienten von der Rezeption zu den Zahnarztpraxen, wobei abgeh\u00e4ngte Schienen das Licht an die dunkelgr\u00fcne Decke projizieren und Strahler die Boxent\u00fcren beleuchten. Dieses Beleuchtungssystem ist so konzipiert, dass es ein Wechselspiel von Licht und Schatten erzeugt, das die notwendigen Elemente hervorhebt und die weniger wichtigen im Schatten l\u00e4sst und so ein Gef\u00fchl von W\u00e4rme und Wohlbefinden vermittelt. Das Licht erf\u00fcllt also nicht nur eine praktische Funktion, sondern tr\u00e4gt auch dazu bei, die ruhige und entspannende Atmosph\u00e4re der Klinik zu bestimmen, ganz im Sinne des Kunden.<\/p>","protected":false},"excerpt":{"rendered":"<p>Das von der Innenarchitektin Nati Hueso entworfene Projekt umfasste die&#8230;<\/p>\n","protected":false},"featured_media":52619,"parent":0,"menu_order":0,"template":"","meta":{"_acf_changed":false,"footnotes":""},"famiglia_progetto":[584,595],"applicazione_progetto":[337],"nazione_progetto":[720],"market":[632],"class_list":["post-52671","progetti","type-progetti","status-publish","has-post-thumbnail","hentry","famiglia_progetto-spot-48-de","famiglia_progetto-track-48-de","applicazione_progetto-diffuse-beleuchtung","nazione_progetto-spanien","market-hospitality"],"acf":[],"yoast_head":"<!-- This site is optimized with the Yoast SEO plugin v27.5 - https:\/\/yoast.com\/product\/yoast-seo-wordpress\/ -->\n<title>ZAHNKLINIK VALDESPARTERA | Exenia<\/title>\n<meta name=\"robots\" content=\"noindex, follow, max-snippet:-1, max-image-preview:large, max-video-preview:-1\" \/>\n<meta property=\"og:locale\" content=\"de_DE\" \/>\n<meta property=\"og:type\" content=\"article\" \/>\n<meta property=\"og:title\" content=\"ZAHNKLINIK VALDESPARTERA | Exenia\" \/>\n<meta property=\"og:description\" content=\"Das von der Innenarchitektin Nati Hueso entworfene Projekt umfasste die...\" \/>\n<meta property=\"og:url\" content=\"https:\/\/restyling.exenia.eu\/de\/projekte\/zahnklinik-valdespartera\/\" \/>\n<meta property=\"og:site_name\" content=\"Exenia\" \/>\n<meta property=\"article:publisher\" content=\"https:\/\/www.facebook.com\/exenialighting\" \/>\n<meta property=\"article:modified_time\" content=\"2024-06-07T12:53:17+00:00\" \/>\n<meta property=\"og:image\" content=\"https:\/\/restyling.exenia.eu\/wp-content\/uploads\/2024\/06\/DSC_8672-2024-02-21-14_34_25-scaled.jpg\" \/>\n\t<meta property=\"og:image:width\" content=\"2560\" \/>\n\t<meta property=\"og:image:height\" content=\"1703\" \/>\n\t<meta property=\"og:image:type\" content=\"image\/jpeg\" \/>\n<!-- \/ Yoast SEO plugin. -->","yoast_head_json":{"title":"ZAHNKLINIK VALDESPARTERA | Exenia","robots":{"index":"noindex","follow":"follow","max-snippet":"max-snippet:-1","max-image-preview":"max-image-preview:large","max-video-preview":"max-video-preview:-1"},"og_locale":"de_DE","og_type":"article","og_title":"ZAHNKLINIK VALDESPARTERA | Exenia","og_description":"Das von der Innenarchitektin Nati Hueso entworfene Projekt umfasste die...","og_url":"https:\/\/restyling.exenia.eu\/de\/projekte\/zahnklinik-valdespartera\/","og_site_name":"Exenia","article_publisher":"https:\/\/www.facebook.com\/exenialighting","article_modified_time":"2024-06-07T12:53:17+00:00","og_image":[{"width":2560,"height":1703,"url":"https:\/\/restyling.exenia.eu\/wp-content\/uploads\/2024\/06\/DSC_8672-2024-02-21-14_34_25-scaled.jpg","type":"image\/jpeg"}],"schema":{"@context":"https:\/\/schema.org","@graph":[{"@type":"WebPage","@id":"https:\/\/restyling.exenia.eu\/de\/projekte\/zahnklinik-valdespartera\/","url":"https:\/\/restyling.exenia.eu\/de\/projekte\/zahnklinik-valdespartera\/","name":"ZAHNKLINIK VALDESPARTERA | Exenia","isPartOf":{"@id":"https:\/\/restyling.exenia.eu\/#website"},"primaryImageOfPage":{"@id":"https:\/\/restyling.exenia.eu\/de\/projekte\/zahnklinik-valdespartera\/#primaryimage"},"image":{"@id":"https:\/\/restyling.exenia.eu\/de\/projekte\/zahnklinik-valdespartera\/#primaryimage"},"thumbnailUrl":"https:\/\/restyling.exenia.eu\/wp-content\/uploads\/2024\/06\/DSC_8672-2024-02-21-14_34_25-scaled.jpg","datePublished":"2024-06-05T09:07:31+00:00","dateModified":"2024-06-07T12:53:17+00:00","breadcrumb":{"@id":"https:\/\/restyling.exenia.eu\/de\/projekte\/zahnklinik-valdespartera\/#breadcrumb"},"inLanguage":"de","potentialAction":[{"@type":"ReadAction","target":["https:\/\/restyling.exenia.eu\/de\/projekte\/zahnklinik-valdespartera\/"]}]},{"@type":"ImageObject","inLanguage":"de","@id":"https:\/\/restyling.exenia.eu\/de\/projekte\/zahnklinik-valdespartera\/#primaryimage","url":"https:\/\/restyling.exenia.eu\/wp-content\/uploads\/2024\/06\/DSC_8672-2024-02-21-14_34_25-scaled.jpg","contentUrl":"https:\/\/restyling.exenia.eu\/wp-content\/uploads\/2024\/06\/DSC_8672-2024-02-21-14_34_25-scaled.jpg","width":2560,"height":1703},{"@type":"BreadcrumbList","@id":"https:\/\/restyling.exenia.eu\/de\/projekte\/zahnklinik-valdespartera\/#breadcrumb","itemListElement":[{"@type":"ListItem","position":1,"name":"Home","item":"https:\/\/restyling.exenia.eu\/"},{"@type":"ListItem","position":2,"name":"Progetti","item":"https:\/\/restyling.exenia.eu\/progetti\/"},{"@type":"ListItem","position":3,"name":"ZAHNKLINIK VALDESPARTERA"}]},{"@type":"WebSite","@id":"https:\/\/restyling.exenia.eu\/#website","url":"https:\/\/restyling.exenia.eu\/","name":"Exenia","description":"","publisher":{"@id":"https:\/\/restyling.exenia.eu\/#organization"},"potentialAction":[{"@type":"SearchAction","target":{"@type":"EntryPoint","urlTemplate":"https:\/\/restyling.exenia.eu\/?s={search_term_string}"},"query-input":{"@type":"PropertyValueSpecification","valueRequired":true,"valueName":"search_term_string"}}],"inLanguage":"de"},{"@type":"Organization","@id":"https:\/\/restyling.exenia.eu\/#organization","name":"Exenia","url":"https:\/\/restyling.exenia.eu\/","logo":{"@type":"ImageObject","inLanguage":"de","@id":"https:\/\/restyling.exenia.eu\/#\/schema\/logo\/image\/","url":"https:\/\/restyling.exenia.eu\/wp-content\/uploads\/2022\/09\/logo_exenia-e1678467519405.png","contentUrl":"https:\/\/restyling.exenia.eu\/wp-content\/uploads\/2022\/09\/logo_exenia-e1678467519405.png","width":600,"height":194,"caption":"Exenia"},"image":{"@id":"https:\/\/restyling.exenia.eu\/#\/schema\/logo\/image\/"},"sameAs":["https:\/\/www.facebook.com\/exenialighting","https:\/\/x.com\/ExeniaLighting"]}]}},"_links":{"self":[{"href":"https:\/\/restyling.exenia.eu\/de\/wp-json\/wp\/v2\/progetti\/52671","targetHints":{"allow":["GET"]}}],"collection":[{"href":"https:\/\/restyling.exenia.eu\/de\/wp-json\/wp\/v2\/progetti"}],"about":[{"href":"https:\/\/restyling.exenia.eu\/de\/wp-json\/wp\/v2\/types\/progetti"}],"version-history":[{"count":0,"href":"https:\/\/restyling.exenia.eu\/de\/wp-json\/wp\/v2\/progetti\/52671\/revisions"}],"wp:featuredmedia":[{"embeddable":true,"href":"https:\/\/restyling.exenia.eu\/de\/wp-json\/wp\/v2\/media\/52619"}],"wp:attachment":[{"href":"https:\/\/restyling.exenia.eu\/de\/wp-json\/wp\/v2\/media?parent=52671"}],"wp:term":[{"taxonomy":"famiglia_progetto","embeddable":true,"href":"https:\/\/restyling.exenia.eu\/de\/wp-json\/wp\/v2\/famiglia_progetto?post=52671"},{"taxonomy":"applicazione_progetto","embeddable":true,"href":"https:\/\/restyling.exenia.eu\/de\/wp-json\/wp\/v2\/applicazione_progetto?post=52671"},{"taxonomy":"nazione_progetto","embeddable":true,"href":"https:\/\/restyling.exenia.eu\/de\/wp-json\/wp\/v2\/nazione_progetto?post=52671"},{"taxonomy":"market","embeddable":true,"href":"https:\/\/restyling.exenia.eu\/de\/wp-json\/wp\/v2\/market?post=52671"}],"curies":[{"name":"wp","href":"https:\/\/api.w.org\/{rel}","templated":true}]}}

<p>Das von der Innenarchitektin Nati Hueso entworfene Projekt umfasste die Umwandlung eines 150 m² großen Raums in eine Zahnklinik, wobei die Funktionalität des Gesundheitswesens mit einer gemütlichen und ruhigen Umgebung kombiniert wurde, wie vom Kunden gewünscht. Es wurde eine kohärente und gemeinsame Sprache für alle Räume der Klinik geschaffen, wobei jeder von ihnen differenzierende Elemente erhielt, die wiederum dem Projekt Persönlichkeit verliehen.<br>Die Beleuchtung wurde als das wichtigste Element des Projekts angesehen. Die Beleuchtungskörper von Exenia wurden ausgewählt, um den Räumen Persönlichkeit und Kontinuität zu verleihen. Eine lange Reihe von Leuchten führt den Patienten von der Rezeption zu den Zahnarztpraxen, wobei abgehängte Schienen das Licht an die dunkelgrüne Decke projizieren und Strahler die Boxentüren beleuchten. Dieses Beleuchtungssystem ist so konzipiert, dass es ein Wechselspiel von Licht und Schatten erzeugt, das die notwendigen Elemente hervorhebt und die weniger wichtigen im Schatten lässt und so ein Gefühl von Wärme und Wohlbefinden vermittelt. Das Licht erfüllt also nicht nur eine praktische Funktion, sondern trägt auch dazu bei, die ruhige und entspannende Atmosphäre der Klinik zu bestimmen, ganz im Sinne des Kunden.</p>
