{"id":9979,"date":"2018-12-23T00:00:00","date_gmt":"2018-12-22T23:00:00","guid":{"rendered":"https:\/\/www.exenia.eu\/progetti\/basilica-of-san-biagio\/"},"modified":"2023-01-05T10:56:44","modified_gmt":"2023-01-05T09:56:44","slug":"basilica-of-san-biagio","status":"publish","type":"progetti","link":"https:\/\/restyling.exenia.eu\/de\/projekte\/basilica-of-san-biagio\/","title":{"rendered":"Basilica of San Biagio"},"content":{"rendered":"<p> Der Wert der Diskretion <\/p>\n<p> zwischen den Provinzen Ferrara, Bologna und Modena, der Basilika von San Biagio in Cento, hat eine Geschichte, deren Wurzeln erstmals im Jahr 1000 n. Chr. Ergingen. Die Atmosph\u00e4re, f\u00fcr die sie am bekanntesten ist, ist auch die 18 <sup> th <\/sup> Jahrhunderts, die w\u00e4hrend der Renovierung der Kirche durch den Architekten Alfonso Torregiani erledigt sind, die am sp\u00e4ten 19 -Jahrhundert -Dekorationsmalerei besitzt, f\u00fcr die es am ber\u00fchmtesten ist. und wieder einmal zum Anbetung geweiht. <\/p>\n<p> Der schwerwiegende Schaden, der durch das Erdbeben in Emilia 2012 verursacht wird, hat eine Reihe neuer Initiativen angeregt, die nicht nur zur Verbesserung der seismischen Reaktion der Struktur, sondern auch zur \u00dcberpr\u00fcfung des veralteten Beleuchtungsdesigns verbessert werden. W\u00e4hrend der Neuverdrahtung des elektrischen Systems wurden alle Leuchten ersetzt, um die Nutzung des Raums widerzuspiegeln und die darin enthaltenen Kunstwerke zu beleuchten. <\/p>\n<p> kompakt und verarbeitet ein niedriges Profil. Leuchten waren \u00fcber den Kronen der Kolonnaden versteckt. Dies f\u00fchrte zu einer diskreten Beleuchtungspr\u00e4senz, die den T\u00f6nen der Basilika entspricht, ohne die Wahrnehmung des Raums in irgendeiner Weise zu ver\u00e4ndern. <\/p>\n<p> Das Beleuchtungsdesign ber\u00fccksichtigt die Bedeutung des nat\u00fcrlichen Lichts, das durch die im S\u00fcden ausgerichteten Fenster filtert, um sicherzustellen, dass es den ganzen Tag \u00fcber ausreichende Helligkeitsniveaus gibt. Die Integration von nat\u00fcrlichen und k\u00fcnstlichen Licht erm\u00f6glicht eine signifikante Abnahme des Energieverbrauchs. Die Intensit\u00e4t jeder k\u00fcnstlichen Lichtquelle kann einzeln angepasst werden, wodurch Licht erzeugt wird, das f\u00fcr die unterschiedlichen liturgischen Bed\u00fcrfnisse des Raums gemessen und geplant wird, sei es l\u00e4ssig oder feierlich.  <\/p>\n<p> verwendete Produkte <br \/> AUMNIA: MUSEO (mittlere und breite Optik, 40W, CRI 85 &#8211; 3000K). <\/p>\n","protected":false},"excerpt":{"rendered":"<p>Der Wert der Diskretion zwischen den Provinzen Ferrara, Bologna und&#8230;<\/p>\n","protected":false},"featured_media":9290,"parent":0,"menu_order":0,"template":"","meta":{"_acf_changed":false,"footnotes":""},"famiglia_progetto":[],"applicazione_progetto":[331],"nazione_progetto":[712],"market":[636],"class_list":["post-9979","progetti","type-progetti","status-publish","has-post-thumbnail","hentry","applicazione_progetto-akzentbeleuchtung","nazione_progetto-italien","market-gotteshaeuser-denkmaeler-und-museen"],"acf":[],"yoast_head":"<!-- This site is optimized with the Yoast SEO plugin v27.5 - https:\/\/yoast.com\/product\/yoast-seo-wordpress\/ -->\n<title>Basilica of San Biagio | Exenia<\/title>\n<meta name=\"robots\" content=\"noindex, follow, max-snippet:-1, max-image-preview:large, max-video-preview:-1\" \/>\n<meta property=\"og:locale\" content=\"de_DE\" \/>\n<meta property=\"og:type\" content=\"article\" \/>\n<meta property=\"og:title\" content=\"Basilica of San Biagio | Exenia\" \/>\n<meta property=\"og:description\" content=\"Der Wert der Diskretion zwischen den Provinzen Ferrara, Bologna und...\" \/>\n<meta property=\"og:url\" content=\"https:\/\/restyling.exenia.eu\/de\/projekte\/basilica-of-san-biagio\/\" \/>\n<meta property=\"og:site_name\" content=\"Exenia\" \/>\n<meta property=\"article:publisher\" content=\"https:\/\/www.facebook.com\/exenialighting\" \/>\n<meta property=\"article:modified_time\" content=\"2023-01-05T09:56:44+00:00\" \/>\n<meta property=\"og:image\" content=\"https:\/\/restyling.exenia.eu\/wp-content\/uploads\/2023\/01\/basilica1-1.jpg\" \/>\n\t<meta property=\"og:image:width\" content=\"2560\" \/>\n\t<meta property=\"og:image:height\" content=\"1709\" \/>\n\t<meta property=\"og:image:type\" content=\"image\/jpeg\" \/>\n<!-- \/ Yoast SEO plugin. -->","yoast_head_json":{"title":"Basilica of San Biagio | Exenia","robots":{"index":"noindex","follow":"follow","max-snippet":"max-snippet:-1","max-image-preview":"max-image-preview:large","max-video-preview":"max-video-preview:-1"},"og_locale":"de_DE","og_type":"article","og_title":"Basilica of San Biagio | Exenia","og_description":"Der Wert der Diskretion zwischen den Provinzen Ferrara, Bologna und...","og_url":"https:\/\/restyling.exenia.eu\/de\/projekte\/basilica-of-san-biagio\/","og_site_name":"Exenia","article_publisher":"https:\/\/www.facebook.com\/exenialighting","article_modified_time":"2023-01-05T09:56:44+00:00","og_image":[{"width":2560,"height":1709,"url":"https:\/\/restyling.exenia.eu\/wp-content\/uploads\/2023\/01\/basilica1-1.jpg","type":"image\/jpeg"}],"schema":{"@context":"https:\/\/schema.org","@graph":[{"@type":"WebPage","@id":"https:\/\/restyling.exenia.eu\/de\/projekte\/basilica-of-san-biagio\/","url":"https:\/\/restyling.exenia.eu\/de\/projekte\/basilica-of-san-biagio\/","name":"Basilica of San Biagio | Exenia","isPartOf":{"@id":"https:\/\/restyling.exenia.eu\/#website"},"primaryImageOfPage":{"@id":"https:\/\/restyling.exenia.eu\/de\/projekte\/basilica-of-san-biagio\/#primaryimage"},"image":{"@id":"https:\/\/restyling.exenia.eu\/de\/projekte\/basilica-of-san-biagio\/#primaryimage"},"thumbnailUrl":"https:\/\/restyling.exenia.eu\/wp-content\/uploads\/2023\/01\/basilica1-1.jpg","datePublished":"2018-12-22T23:00:00+00:00","dateModified":"2023-01-05T09:56:44+00:00","breadcrumb":{"@id":"https:\/\/restyling.exenia.eu\/de\/projekte\/basilica-of-san-biagio\/#breadcrumb"},"inLanguage":"de","potentialAction":[{"@type":"ReadAction","target":["https:\/\/restyling.exenia.eu\/de\/projekte\/basilica-of-san-biagio\/"]}]},{"@type":"ImageObject","inLanguage":"de","@id":"https:\/\/restyling.exenia.eu\/de\/projekte\/basilica-of-san-biagio\/#primaryimage","url":"https:\/\/restyling.exenia.eu\/wp-content\/uploads\/2023\/01\/basilica1-1.jpg","contentUrl":"https:\/\/restyling.exenia.eu\/wp-content\/uploads\/2023\/01\/basilica1-1.jpg","width":2560,"height":1709},{"@type":"BreadcrumbList","@id":"https:\/\/restyling.exenia.eu\/de\/projekte\/basilica-of-san-biagio\/#breadcrumb","itemListElement":[{"@type":"ListItem","position":1,"name":"Home","item":"https:\/\/restyling.exenia.eu\/"},{"@type":"ListItem","position":2,"name":"Progetti","item":"https:\/\/restyling.exenia.eu\/progetti\/"},{"@type":"ListItem","position":3,"name":"Basilica of San Biagio"}]},{"@type":"WebSite","@id":"https:\/\/restyling.exenia.eu\/#website","url":"https:\/\/restyling.exenia.eu\/","name":"Exenia","description":"","publisher":{"@id":"https:\/\/restyling.exenia.eu\/#organization"},"potentialAction":[{"@type":"SearchAction","target":{"@type":"EntryPoint","urlTemplate":"https:\/\/restyling.exenia.eu\/?s={search_term_string}"},"query-input":{"@type":"PropertyValueSpecification","valueRequired":true,"valueName":"search_term_string"}}],"inLanguage":"de"},{"@type":"Organization","@id":"https:\/\/restyling.exenia.eu\/#organization","name":"Exenia","url":"https:\/\/restyling.exenia.eu\/","logo":{"@type":"ImageObject","inLanguage":"de","@id":"https:\/\/restyling.exenia.eu\/#\/schema\/logo\/image\/","url":"https:\/\/restyling.exenia.eu\/wp-content\/uploads\/2022\/09\/logo_exenia-e1678467519405.png","contentUrl":"https:\/\/restyling.exenia.eu\/wp-content\/uploads\/2022\/09\/logo_exenia-e1678467519405.png","width":600,"height":194,"caption":"Exenia"},"image":{"@id":"https:\/\/restyling.exenia.eu\/#\/schema\/logo\/image\/"},"sameAs":["https:\/\/www.facebook.com\/exenialighting","https:\/\/x.com\/ExeniaLighting"]}]}},"_links":{"self":[{"href":"https:\/\/restyling.exenia.eu\/de\/wp-json\/wp\/v2\/progetti\/9979","targetHints":{"allow":["GET"]}}],"collection":[{"href":"https:\/\/restyling.exenia.eu\/de\/wp-json\/wp\/v2\/progetti"}],"about":[{"href":"https:\/\/restyling.exenia.eu\/de\/wp-json\/wp\/v2\/types\/progetti"}],"version-history":[{"count":0,"href":"https:\/\/restyling.exenia.eu\/de\/wp-json\/wp\/v2\/progetti\/9979\/revisions"}],"wp:featuredmedia":[{"embeddable":true,"href":"https:\/\/restyling.exenia.eu\/de\/wp-json\/wp\/v2\/media\/9290"}],"wp:attachment":[{"href":"https:\/\/restyling.exenia.eu\/de\/wp-json\/wp\/v2\/media?parent=9979"}],"wp:term":[{"taxonomy":"famiglia_progetto","embeddable":true,"href":"https:\/\/restyling.exenia.eu\/de\/wp-json\/wp\/v2\/famiglia_progetto?post=9979"},{"taxonomy":"applicazione_progetto","embeddable":true,"href":"https:\/\/restyling.exenia.eu\/de\/wp-json\/wp\/v2\/applicazione_progetto?post=9979"},{"taxonomy":"nazione_progetto","embeddable":true,"href":"https:\/\/restyling.exenia.eu\/de\/wp-json\/wp\/v2\/nazione_progetto?post=9979"},{"taxonomy":"market","embeddable":true,"href":"https:\/\/restyling.exenia.eu\/de\/wp-json\/wp\/v2\/market?post=9979"}],"curies":[{"name":"wp","href":"https:\/\/api.w.org\/{rel}","templated":true}]}}

<p> Der Wert der Diskretion </p>
<p> zwischen den Provinzen Ferrara, Bologna und Modena, der Basilika von San Biagio in Cento, hat eine Geschichte, deren Wurzeln erstmals im Jahr 1000 n. Chr. Ergingen. Die Atmosphäre, für die sie am bekanntesten ist, ist auch die 18 <sup> th </sup> Jahrhunderts, die während der Renovierung der Kirche durch den Architekten Alfonso Torregiani erledigt sind, die am späten 19 -Jahrhundert -Dekorationsmalerei besitzt, für die es am berühmtesten ist. und wieder einmal zum Anbetung geweiht. </p>
<p> Der schwerwiegende Schaden, der durch das Erdbeben in Emilia 2012 verursacht wird, hat eine Reihe neuer Initiativen angeregt, die nicht nur zur Verbesserung der seismischen Reaktion der Struktur, sondern auch zur Überprüfung des veralteten Beleuchtungsdesigns verbessert werden. Während der Neuverdrahtung des elektrischen Systems wurden alle Leuchten ersetzt, um die Nutzung des Raums widerzuspiegeln und die darin enthaltenen Kunstwerke zu beleuchten. </p>
<p> kompakt und verarbeitet ein niedriges Profil. Leuchten waren über den Kronen der Kolonnaden versteckt. Dies führte zu einer diskreten Beleuchtungspräsenz, die den Tönen der Basilika entspricht, ohne die Wahrnehmung des Raums in irgendeiner Weise zu verändern. </p>
<p> Das Beleuchtungsdesign berücksichtigt die Bedeutung des natürlichen Lichts, das durch die im Süden ausgerichteten Fenster filtert, um sicherzustellen, dass es den ganzen Tag über ausreichende Helligkeitsniveaus gibt. Die Integration von natürlichen und künstlichen Licht ermöglicht eine signifikante Abnahme des Energieverbrauchs. Die Intensität jeder künstlichen Lichtquelle kann einzeln angepasst werden, wodurch Licht erzeugt wird, das für die unterschiedlichen liturgischen Bedürfnisse des Raums gemessen und geplant wird, sei es lässig oder feierlich.  </p>
<p> verwendete Produkte <br /> AUMNIA: MUSEO (mittlere und breite Optik, 40W, CRI 85 &#8211; 3000K). </p>
