{"id":28725,"date":"2023-02-15T18:04:44","date_gmt":"2023-02-15T17:04:44","guid":{"rendered":"https:\/\/www.exenia.eu\/informativa-sulla-privacy\/"},"modified":"2023-05-19T16:23:44","modified_gmt":"2023-05-19T14:23:44","slug":"declaracion-de-privacidad-old","status":"publish","type":"page","link":"https:\/\/restyling.exenia.eu\/es\/declaracion-de-privacidad-old\/","title":{"rendered":"Declaraci\u00f3n de privacidad &#8211; old"},"content":{"rendered":"<h2 class=\"wp-block-heading\">INFORMACI\u00d3N SOBRE EL TRATAMIENTO DE DATOS PERSONALES<\/h2><p>Exenia s.r.l. (en adelante tambi\u00e9n \u00abLa Empresa\u00bb) desea informarle, de conformidad con el art\u00edculo 13 del Reglamento de la UE 2016\/679 (en adelante tambi\u00e9n \u00abGDPR\u00bb o \u00abReglamento General de Protecci\u00f3n de Datos\u00bb), que sus datos ser\u00e1n tratados en cumplimiento de la normativa sobre privacidad de acuerdo con las indicaciones que figuran a continuaci\u00f3n.<\/p><p>1. Qui\u00e9nes somos<br>Exenia s.r.l. con sede en Calenzano (FI), Via della Chiesa n\u00b0 38, direcci\u00f3n de correo electr\u00f3nico privacy@exenia.eu es el Responsable del Tratamiento.<\/p><p>Base jur\u00eddica y finalidad del tratamiento<br>La empresa trata los datos personales que usted proporciona al rellenar el formulario de nuestra p\u00e1gina web (nombre, apellidos, direcci\u00f3n de correo electr\u00f3nico), con el fin de atender su solicitud de recibir el bolet\u00edn de noticias de Exenia. El env\u00edo del bolet\u00edn de noticias est\u00e1 sujeto a su consentimiento espec\u00edfico, libre e informado (Art.6, p\u00e1rrafo 1, lett.a del GDPR) documentado mediante una casilla de verificaci\u00f3n espec\u00edfica (Art. 7 p\u00e1rrafo 1 del GDPR).<\/p><p>M\u00e9todos de procesamiento<br>El tratamiento de sus datos, tanto en soporte inform\u00e1tico como en papel, se realizar\u00e1 de acuerdo con las disposiciones legales para garantizar la seguridad y la confidencialidad, as\u00ed como la exactitud, la actualizaci\u00f3n y la pertinencia de los datos en relaci\u00f3n con los fines establecidos. El tratamiento de sus datos se realiza mediante las operaciones indicadas en el Art. 4 n. 2) del Reg. 2016\/679 de la UE y precisamente: recogida, registro, organizaci\u00f3n, almacenamiento, consulta, tratamiento, modificaci\u00f3n, selecci\u00f3n, extracci\u00f3n, comparaci\u00f3n, uso, interconexi\u00f3n, bloqueo, comunicaci\u00f3n, cancelaci\u00f3n y destrucci\u00f3n de datos.<\/p><p>Sus datos ser\u00e1n conservados en nuestros archivos para los fines mencionados en el punto 2 durante el periodo de tiempo necesario para alcanzar los fines para los que fueron recogidos y, en cualquier caso, en cumplimiento de los t\u00e9rminos de la Ley. Si decide solicitar la baja del servicio de boletines, sus datos ser\u00e1n eliminados de los sistemas y archivos en los que est\u00e9n presentes.<\/p><p>Categor\u00edas de destinatarios de los datos<br>Sus datos personales ser\u00e1n accesibles, para los fines indicados en el punto 2 de esta nota informativa, a<\/p><p>personal autorizado por el responsable del tratamiento;<br>terceras empresas u otros sujetos (como consultores o empresas de asistencia inform\u00e1tica) en su calidad de responsables aut\u00f3nomos de los datos o encargados del tratamiento por cuenta del responsable del tratamiento. Se puede solicitar al responsable del tratamiento una lista con los nombres de los encargados del tratamiento. El personal autorizado por el responsable del tratamiento, as\u00ed como los encargados del tratamiento designados, han recibido instrucciones espec\u00edficas y se les ha extendido la obligaci\u00f3n de mantener la confidencialidad de sus datos.<br>Transferencia de datos<br>Sus datos personales se almacenan en servidores situados en Canad\u00e1, un pa\u00eds que se considera adecuado a las normas europeas de privacidad. En cualquier caso, se entiende que el responsable del tratamiento puede trasladar los servidores fuera de la UE si es necesario. En este caso, el responsable del tratamiento asegura desde ahora que la transferencia de datos fuera de la UE se realizar\u00e1 en cumplimiento de las disposiciones legales aplicables, sin perjuicio de la estipulaci\u00f3n de las cl\u00e1usulas contractuales tipo previstas por la Comisi\u00f3n Europea.<\/p><p>Naturaleza del suministro de datos y consecuencias de la negativa a responder<br>Proporcionar sus datos personales y dar su consentimiento es opcional. El hecho de no facilitar sus datos personales supondr\u00e1 la imposibilidad de que Exenia srl permita su suscripci\u00f3n a la Newsletter de Exenia y la consiguiente imposibilidad de enviarle comunicaciones comerciales o promocionales orientadas a la difusi\u00f3n de productos de luminotecnia.<\/p><p>Derechos del interesado<br>En su calidad de interesado, tiene los derechos establecidos en los art\u00edculos 15 a 22 del Reglamento UE 2016\/679. En particular, tiene derecho a solicitar al responsable del tratamiento: a) el acceso y la rectificaci\u00f3n o supresi\u00f3n de sus datos personales; b) la limitaci\u00f3n del tratamiento de los datos que le conciernen y la oposici\u00f3n a su tratamiento; c) la portabilidad de los datos; d) la revocaci\u00f3n de su consentimiento en cualquier momento, sin que ello afecte a la licitud del tratamiento basado en el consentimiento dado antes de la revocaci\u00f3n.<\/p><p>Tambi\u00e9n tiene derecho a presentar una reclamaci\u00f3n ante la Autoridad Italiana de Protecci\u00f3n de Datos.<\/p><p>C\u00f3mo ejercer sus derechos<br>Puede ejercer sus derechos enviando un correo electr\u00f3nico a privacy@exenia.eu, al que responderemos en un plazo de 30 d\u00edas desde su recepci\u00f3n.<\/p><p>Traducci\u00f3n realizada con la versi\u00f3n gratuita del traductor www.DeepL.com\/Translator<\/p>","protected":false},"excerpt":{"rendered":"<p>INFORMACI\u00d3N SOBRE EL TRATAMIENTO DE DATOS PERSONALES Exenia s.r.l. (en&#8230;<\/p>\n","protected":false},"author":1,"featured_media":0,"parent":0,"menu_order":0,"comment_status":"closed","ping_status":"closed","template":"tpl-no-header.php","meta":{"_acf_changed":false,"footnotes":""},"class_list":["post-28725","page","type-page","status-publish","hentry"],"acf":[],"yoast_head":"<!-- This site is optimized with the Yoast SEO plugin v27.5 - https:\/\/yoast.com\/product\/yoast-seo-wordpress\/ -->\n<title>Declaraci\u00f3n de privacidad &#8211; old | Exenia<\/title>\n<meta name=\"robots\" content=\"noindex, follow, max-snippet:-1, max-image-preview:large, max-video-preview:-1\" \/>\n<meta property=\"og:locale\" content=\"es_ES\" \/>\n<meta property=\"og:type\" content=\"article\" \/>\n<meta property=\"og:title\" content=\"Declaraci\u00f3n de privacidad &#8211; old | Exenia\" \/>\n<meta property=\"og:description\" content=\"INFORMACI\u00d3N SOBRE EL TRATAMIENTO DE DATOS PERSONALES Exenia s.r.l. (en...\" \/>\n<meta property=\"og:url\" content=\"https:\/\/restyling.exenia.eu\/privacy\/\" \/>\n<meta property=\"og:site_name\" content=\"Exenia\" \/>\n<meta property=\"article:publisher\" content=\"https:\/\/www.facebook.com\/exenialighting\" \/>\n<meta property=\"article:modified_time\" content=\"2023-05-19T14:23:44+00:00\" \/>\n<meta property=\"og:image\" content=\"https:\/\/restyling.exenia.eu\/wp-content\/uploads\/2022\/09\/logo_exenia-e1678467519405.png\" \/>\n\t<meta property=\"og:image:width\" content=\"600\" \/>\n\t<meta property=\"og:image:height\" content=\"194\" \/>\n\t<meta property=\"og:image:type\" content=\"image\/png\" \/>\n<!-- \/ Yoast SEO plugin. -->","yoast_head_json":{"title":"Declaraci\u00f3n de privacidad &#8211; old | Exenia","robots":{"index":"noindex","follow":"follow","max-snippet":"max-snippet:-1","max-image-preview":"max-image-preview:large","max-video-preview":"max-video-preview:-1"},"og_locale":"es_ES","og_type":"article","og_title":"Declaraci\u00f3n de privacidad &#8211; old | Exenia","og_description":"INFORMACI\u00d3N SOBRE EL TRATAMIENTO DE DATOS PERSONALES Exenia s.r.l. (en...","og_url":"https:\/\/restyling.exenia.eu\/privacy\/","og_site_name":"Exenia","article_publisher":"https:\/\/www.facebook.com\/exenialighting","article_modified_time":"2023-05-19T14:23:44+00:00","og_image":[{"width":600,"height":194,"url":"https:\/\/restyling.exenia.eu\/wp-content\/uploads\/2022\/09\/logo_exenia-e1678467519405.png","type":"image\/png"}],"schema":{"@context":"https:\/\/schema.org","@graph":[{"@type":"WebPage","@id":"https:\/\/restyling.exenia.eu\/privacy\/","url":"https:\/\/restyling.exenia.eu\/privacy\/","name":"Declaraci\u00f3n de privacidad &#8211; old | Exenia","isPartOf":{"@id":"https:\/\/restyling.exenia.eu\/#website"},"datePublished":"2023-02-15T17:04:44+00:00","dateModified":"2023-05-19T14:23:44+00:00","breadcrumb":{"@id":"https:\/\/restyling.exenia.eu\/privacy\/#breadcrumb"},"inLanguage":"es","potentialAction":[{"@type":"ReadAction","target":["https:\/\/restyling.exenia.eu\/privacy\/"]}]},{"@type":"BreadcrumbList","@id":"https:\/\/restyling.exenia.eu\/privacy\/#breadcrumb","itemListElement":[{"@type":"ListItem","position":1,"name":"Home","item":"https:\/\/restyling.exenia.eu\/"},{"@type":"ListItem","position":2,"name":"Declaraci\u00f3n de privacidad &#8211; old"}]},{"@type":"WebSite","@id":"https:\/\/restyling.exenia.eu\/#website","url":"https:\/\/restyling.exenia.eu\/","name":"Exenia","description":"","publisher":{"@id":"https:\/\/restyling.exenia.eu\/#organization"},"potentialAction":[{"@type":"SearchAction","target":{"@type":"EntryPoint","urlTemplate":"https:\/\/restyling.exenia.eu\/?s={search_term_string}"},"query-input":{"@type":"PropertyValueSpecification","valueRequired":true,"valueName":"search_term_string"}}],"inLanguage":"es"},{"@type":"Organization","@id":"https:\/\/restyling.exenia.eu\/#organization","name":"Exenia","url":"https:\/\/restyling.exenia.eu\/","logo":{"@type":"ImageObject","inLanguage":"es","@id":"https:\/\/restyling.exenia.eu\/#\/schema\/logo\/image\/","url":"https:\/\/restyling.exenia.eu\/wp-content\/uploads\/2022\/09\/logo_exenia-e1678467519405.png","contentUrl":"https:\/\/restyling.exenia.eu\/wp-content\/uploads\/2022\/09\/logo_exenia-e1678467519405.png","width":600,"height":194,"caption":"Exenia"},"image":{"@id":"https:\/\/restyling.exenia.eu\/#\/schema\/logo\/image\/"},"sameAs":["https:\/\/www.facebook.com\/exenialighting","https:\/\/x.com\/ExeniaLighting"]}]}},"_links":{"self":[{"href":"https:\/\/restyling.exenia.eu\/es\/wp-json\/wp\/v2\/pages\/28725","targetHints":{"allow":["GET"]}}],"collection":[{"href":"https:\/\/restyling.exenia.eu\/es\/wp-json\/wp\/v2\/pages"}],"about":[{"href":"https:\/\/restyling.exenia.eu\/es\/wp-json\/wp\/v2\/types\/page"}],"author":[{"embeddable":true,"href":"https:\/\/restyling.exenia.eu\/es\/wp-json\/wp\/v2\/users\/1"}],"replies":[{"embeddable":true,"href":"https:\/\/restyling.exenia.eu\/es\/wp-json\/wp\/v2\/comments?post=28725"}],"version-history":[{"count":0,"href":"https:\/\/restyling.exenia.eu\/es\/wp-json\/wp\/v2\/pages\/28725\/revisions"}],"wp:attachment":[{"href":"https:\/\/restyling.exenia.eu\/es\/wp-json\/wp\/v2\/media?parent=28725"}],"curies":[{"name":"wp","href":"https:\/\/api.w.org\/{rel}","templated":true}]}}

Declaración de privacidad &#8211; old

<h2 class="wp-block-heading">INFORMACIÓN SOBRE EL TRATAMIENTO DE DATOS PERSONALES</h2><p>Exenia s.r.l. (en adelante también «La Empresa») desea informarle, de conformidad con el artículo 13 del Reglamento de la UE 2016/679 (en adelante también «GDPR» o «Reglamento General de Protección de Datos»), que sus datos serán tratados en cumplimiento de la normativa sobre privacidad de acuerdo con las indicaciones que figuran a continuación.</p><p>1. Quiénes somos<br>Exenia s.r.l. con sede en Calenzano (FI), Via della Chiesa n° 38, dirección de correo electrónico privacy@exenia.eu es el Responsable del Tratamiento.</p><p>Base jurídica y finalidad del tratamiento<br>La empresa trata los datos personales que usted proporciona al rellenar el formulario de nuestra página web (nombre, apellidos, dirección de correo electrónico), con el fin de atender su solicitud de recibir el boletín de noticias de Exenia. El envío del boletín de noticias está sujeto a su consentimiento específico, libre e informado (Art.6, párrafo 1, lett.a del GDPR) documentado mediante una casilla de verificación específica (Art. 7 párrafo 1 del GDPR).</p><p>Métodos de procesamiento<br>El tratamiento de sus datos, tanto en soporte informático como en papel, se realizará de acuerdo con las disposiciones legales para garantizar la seguridad y la confidencialidad, así como la exactitud, la actualización y la pertinencia de los datos en relación con los fines establecidos. El tratamiento de sus datos se realiza mediante las operaciones indicadas en el Art. 4 n. 2) del Reg. 2016/679 de la UE y precisamente: recogida, registro, organización, almacenamiento, consulta, tratamiento, modificación, selección, extracción, comparación, uso, interconexión, bloqueo, comunicación, cancelación y destrucción de datos.</p><p>Sus datos serán conservados en nuestros archivos para los fines mencionados en el punto 2 durante el periodo de tiempo necesario para alcanzar los fines para los que fueron recogidos y, en cualquier caso, en cumplimiento de los términos de la Ley. Si decide solicitar la baja del servicio de boletines, sus datos serán eliminados de los sistemas y archivos en los que estén presentes.</p><p>Categorías de destinatarios de los datos<br>Sus datos personales serán accesibles, para los fines indicados en el punto 2 de esta nota informativa, a</p><p>personal autorizado por el responsable del tratamiento;<br>terceras empresas u otros sujetos (como consultores o empresas de asistencia informática) en su calidad de responsables autónomos de los datos o encargados del tratamiento por cuenta del responsable del tratamiento. Se puede solicitar al responsable del tratamiento una lista con los nombres de los encargados del tratamiento. El personal autorizado por el responsable del tratamiento, así como los encargados del tratamiento designados, han recibido instrucciones específicas y se les ha extendido la obligación de mantener la confidencialidad de sus datos.<br>Transferencia de datos<br>Sus datos personales se almacenan en servidores situados en Canadá, un país que se considera adecuado a las normas europeas de privacidad. En cualquier caso, se entiende que el responsable del tratamiento puede trasladar los servidores fuera de la UE si es necesario. En este caso, el responsable del tratamiento asegura desde ahora que la transferencia de datos fuera de la UE se realizará en cumplimiento de las disposiciones legales aplicables, sin perjuicio de la estipulación de las cláusulas contractuales tipo previstas por la Comisión Europea.</p><p>Naturaleza del suministro de datos y consecuencias de la negativa a responder<br>Proporcionar sus datos personales y dar su consentimiento es opcional. El hecho de no facilitar sus datos personales supondrá la imposibilidad de que Exenia srl permita su suscripción a la Newsletter de Exenia y la consiguiente imposibilidad de enviarle comunicaciones comerciales o promocionales orientadas a la difusión de productos de luminotecnia.</p><p>Derechos del interesado<br>En su calidad de interesado, tiene los derechos establecidos en los artículos 15 a 22 del Reglamento UE 2016/679. En particular, tiene derecho a solicitar al responsable del tratamiento: a) el acceso y la rectificación o supresión de sus datos personales; b) la limitación del tratamiento de los datos que le conciernen y la oposición a su tratamiento; c) la portabilidad de los datos; d) la revocación de su consentimiento en cualquier momento, sin que ello afecte a la licitud del tratamiento basado en el consentimiento dado antes de la revocación.</p><p>También tiene derecho a presentar una reclamación ante la Autoridad Italiana de Protección de Datos.</p><p>Cómo ejercer sus derechos<br>Puede ejercer sus derechos enviando un correo electrónico a privacy@exenia.eu, al que responderemos en un plazo de 30 días desde su recepción.</p><p>Traducción realizada con la versión gratuita del traductor www.DeepL.com/Translator</p>

<p>INFORMACIÓN SOBRE EL TRATAMIENTO DE DATOS PERSONALES Exenia s.r.l. (en&#8230;</p>

<!-- This site is optimized with the Yoast SEO plugin v27.5 - https://yoast.com/product/yoast-seo-wordpress/ -->
<title>Declaración de privacidad &#8211; old | Exenia</title>
<meta name="robots" content="noindex, follow, max-snippet:-1, max-image-preview:large, max-video-preview:-1" />
<meta property="og:locale" content="es_ES" />
<meta property="og:type" content="article" />
<meta property="og:title" content="Declaración de privacidad &#8211; old | Exenia" />
<meta property="og:description" content="INFORMACIÓN SOBRE EL TRATAMIENTO DE DATOS PERSONALES Exenia s.r.l. (en..." />
<meta property="og:url" content="https://restyling.exenia.eu/privacy/" />
<meta property="og:site_name" content="Exenia" />
<meta property="article:publisher" content="https://www.facebook.com/exenialighting" />
<meta property="article:modified_time" content="2023-05-19T14:23:44+00:00" />
<meta property="og:image" content="https://restyling.exenia.eu/wp-content/uploads/2022/09/logo_exenia-e1678467519405.png" />
	<meta property="og:image:width" content="600" />
	<meta property="og:image:height" content="194" />
	<meta property="og:image:type" content="image/png" />
<!-- / Yoast SEO plugin. -->

Declaración de privacidad &#8211; old | Exenia

INFORMACIÓN SOBRE EL TRATAMIENTO DE DATOS PERSONALES Exenia s.r.l. (en...
