{"id":27234,"date":"2022-11-24T09:50:58","date_gmt":"2022-11-24T08:50:58","guid":{"rendered":"https:\/\/www.exenia.eu\/prodotto\/pinko-2\/"},"modified":"2023-06-13T14:43:41","modified_gmt":"2023-06-13T12:43:41","slug":"pinko-plafon","status":"publish","type":"product","link":"https:\/\/restyling.exenia.eu\/es\/producto\/pinko-plafon\/","title":{"rendered":"Pinko Plaf\u00f3n"},"content":{"rendered":"<p>Luminaria LED cil\u00edndrica. Fabricada en aluminio con esquinas redondeadas y fuente de luz LED empotrada. Di\u00e1metro de 100mm y una longitud de 210mm. Disponible en 2700K, 3000K y 4000K en CRI95 y 3000K en CRI85. Consumo nominal de 6,5 W (1100 l\u00famenes). Mantenimiento del flujo luminoso de 140.000 horas en L80B10. El bisel interior act\u00faa como reflector y est\u00e1 disponible en nueve opciones de color, incluidos los nuevos acabados en cobre, bronce oscuro y oro. Si se elige un acabado de bisel interior negro mate, el bisel act\u00faa como un reflector de luz oscura mate para un deslumbramiento m\u00ednimo y el m\u00e1ximo confort visual. Grado de protecci\u00f3n IP20 o IP40. Luminaria de clase I con fuente de alimentaci\u00f3n ON-OFF integrada. Los acabados de la carcasa incluyen blanco mate, negro mate, azul beb\u00e9, rojo ladrillo, gris hormig\u00f3n y efecto corten. La versi\u00f3n suspendida est\u00e1 equipada con un cable de suspensi\u00f3n y alimentaci\u00f3n de 2 m y una marquesina pintada en el mismo acabado que el cuerpo principal del dispositivo.<\/p>\n<p>\n","protected":false},"excerpt":{"rendered":"<p>Luminaria LED cil\u00edndrica. Fabricada en aluminio con esquinas redondeadas y&#8230;<\/p>\n","protected":false},"featured_media":11968,"template":"","meta":{"_acf_changed":false},"product_brand":[],"product_cat":[3011],"product_tag":[8511],"categoria-admin-prodotto":[],"class_list":{"0":"post-27234","1":"product","2":"type-product","3":"status-publish","4":"has-post-thumbnail","6":"product_cat-pinko-suspensiones-y-techo","7":"product_tag-3744050-es","8":"pa_cct-2700k-es","9":"pa_cct-3000k-es","10":"pa_cct-4000k-es","11":"pa_certificazione-conformita-ce-es","12":"pa_classe-f-si-es-2","13":"pa_cri-85-es","14":"pa_cri-95-es","15":"pa_grado-ip-ip40-es","16":"pa_lifetime-l80b10-140-000-h-es","17":"pa_temperatura-di-esercizio-10-30-es","19":"first","20":"instock","21":"purchasable","22":"product-type-composite"},"composite_virtual":false,"composite_layout":"single","composite_add_to_cart_form_location":"default","composite_editable_in_cart":false,"composite_sold_individually_context":"product","composite_shop_price_calc":"defaults","composite_components":[{"id":"1669976751","title":"Cuerpo de la luminaria","description":"","query_type":"product_ids","query_ids":[21652],"default_option_id":21652,"thumbnail_id":"","thumbnail_src":"","quantity_min":1,"quantity_max":1,"priced_individually":false,"shipped_individually":false,"optional":false,"discount":"","options_style":"radios","pagination_style":"classic","display_prices":"absolute","show_sorting_options":false,"show_filtering_options":false,"attribute_filter_ids":[],"product_title_visible":false,"product_descr_visible":false,"product_price_visible":false,"product_thumb_visible":false,"subtotal_visible_product":false,"subtotal_visible_cart":false,"subtotal_visible_orders":false},{"id":"1669976752","title":"Aplicaci\u00f3n","description":"","query_type":"product_ids","query_ids":[21512],"default_option_id":21512,"thumbnail_id":"","thumbnail_src":"","quantity_min":1,"quantity_max":1,"priced_individually":false,"shipped_individually":false,"optional":false,"discount":"","options_style":"radios","pagination_style":"classic","display_prices":"absolute","show_sorting_options":false,"show_filtering_options":false,"attribute_filter_ids":[],"product_title_visible":false,"product_descr_visible":false,"product_price_visible":false,"product_thumb_visible":false,"subtotal_visible_product":false,"subtotal_visible_cart":false,"subtotal_visible_orders":false},{"id":"1669977601","title":"Potencia","description":"","query_type":"product_ids","query_ids":[13832],"default_option_id":13832,"thumbnail_id":"","thumbnail_src":"","quantity_min":1,"quantity_max":1,"priced_individually":false,"shipped_individually":false,"optional":false,"discount":"","options_style":"radios","pagination_style":"classic","display_prices":"absolute","show_sorting_options":false,"show_filtering_options":false,"attribute_filter_ids":[],"product_title_visible":false,"product_descr_visible":false,"product_price_visible":false,"product_thumb_visible":false,"subtotal_visible_product":false,"subtotal_visible_cart":false,"subtotal_visible_orders":false},{"id":"1669977602","title":"Acabado del cuerpo","description":"","query_type":"product_ids","query_ids":[21832,21805,21808,21809,21814,21817],"default_option_id":"","thumbnail_id":"","thumbnail_src":"","quantity_min":1,"quantity_max":1,"priced_individually":false,"shipped_individually":false,"optional":true,"discount":"","options_style":"radios","pagination_style":"classic","display_prices":"absolute","show_sorting_options":false,"show_filtering_options":false,"attribute_filter_ids":[],"product_title_visible":false,"product_descr_visible":false,"product_price_visible":false,"product_thumb_visible":false,"subtotal_visible_product":false,"subtotal_visible_cart":false,"subtotal_visible_orders":false},{"id":"1669977603","title":"Acabado del anillo","description":"","query_type":"product_ids","query_ids":[21819,21818,21820,21823,21824,21825,21826,21827,21828],"default_option_id":"","thumbnail_id":"","thumbnail_src":"","quantity_min":1,"quantity_max":1,"priced_individually":false,"shipped_individually":false,"optional":true,"discount":"","options_style":"radios","pagination_style":"classic","display_prices":"absolute","show_sorting_options":false,"show_filtering_options":false,"attribute_filter_ids":[],"product_title_visible":false,"product_descr_visible":false,"product_price_visible":false,"product_thumb_visible":false,"subtotal_visible_product":false,"subtotal_visible_cart":false,"subtotal_visible_orders":false},{"id":"1669977604","title":"CRI-CCT","description":"","query_type":"product_ids","query_ids":[21745,21739,21740,21741],"default_option_id":"","thumbnail_id":"","thumbnail_src":"","quantity_min":1,"quantity_max":1,"priced_individually":false,"shipped_individually":false,"optional":true,"discount":"","options_style":"radios","pagination_style":"classic","display_prices":"absolute","show_sorting_options":false,"show_filtering_options":false,"attribute_filter_ids":[],"product_title_visible":false,"product_descr_visible":false,"product_price_visible":false,"product_thumb_visible":false,"subtotal_visible_product":false,"subtotal_visible_cart":false,"subtotal_visible_orders":false}],"composite_scenarios":[],"bundled_by":[],"bundle_stock_status":"instock","bundle_stock_quantity":null,"bundle_virtual":false,"bundle_layout":"","bundle_add_to_cart_form_location":"","bundle_editable_in_cart":false,"bundle_sold_individually_context":"","bundle_item_grouping":"","bundle_min_size":"","bundle_max_size":"","bundled_items":[],"bundle_sell_ids":[],"acf":[],"yoast_head":"<!-- This site is optimized with the Yoast SEO plugin v27.5 - https:\/\/yoast.com\/product\/yoast-seo-wordpress\/ -->\n<title>Pinko Plaf\u00f3n | Exenia<\/title>\n<meta name=\"robots\" content=\"noindex, follow, max-snippet:-1, max-image-preview:large, max-video-preview:-1\" \/>\n<meta property=\"og:locale\" content=\"es_ES\" \/>\n<meta property=\"og:type\" content=\"article\" \/>\n<meta property=\"og:title\" content=\"Pinko Plaf\u00f3n | Exenia\" \/>\n<meta property=\"og:description\" content=\"Luminaria LED cil\u00edndrica. Fabricada en aluminio con esquinas redondeadas y...\" \/>\n<meta property=\"og:url\" content=\"https:\/\/restyling.exenia.eu\/es\/producto\/pinko-plafon\/\" \/>\n<meta property=\"og:site_name\" content=\"Exenia\" \/>\n<meta property=\"article:publisher\" content=\"https:\/\/www.facebook.com\/exenialighting\" \/>\n<meta property=\"article:modified_time\" content=\"2023-06-13T12:43:41+00:00\" \/>\n<meta property=\"og:image\" content=\"https:\/\/restyling.exenia.eu\/wp-content\/uploads\/2023\/01\/Pinko-plafone-prodotto.jpg\" \/>\n\t<meta property=\"og:image:width\" content=\"2000\" \/>\n\t<meta property=\"og:image:height\" content=\"1919\" \/>\n\t<meta property=\"og:image:type\" content=\"image\/jpeg\" \/>\n<!-- \/ Yoast SEO plugin. -->","yoast_head_json":{"title":"Pinko Plaf\u00f3n | Exenia","robots":{"index":"noindex","follow":"follow","max-snippet":"max-snippet:-1","max-image-preview":"max-image-preview:large","max-video-preview":"max-video-preview:-1"},"og_locale":"es_ES","og_type":"article","og_title":"Pinko Plaf\u00f3n | Exenia","og_description":"Luminaria LED cil\u00edndrica. Fabricada en aluminio con esquinas redondeadas y...","og_url":"https:\/\/restyling.exenia.eu\/es\/producto\/pinko-plafon\/","og_site_name":"Exenia","article_publisher":"https:\/\/www.facebook.com\/exenialighting","article_modified_time":"2023-06-13T12:43:41+00:00","og_image":[{"width":2000,"height":1919,"url":"https:\/\/restyling.exenia.eu\/wp-content\/uploads\/2023\/01\/Pinko-plafone-prodotto.jpg","type":"image\/jpeg"}],"schema":{"@context":"https:\/\/schema.org","@graph":[{"@type":"WebPage","@id":"https:\/\/restyling.exenia.eu\/es\/producto\/pinko-plafon\/","url":"https:\/\/restyling.exenia.eu\/es\/producto\/pinko-plafon\/","name":"Pinko Plaf\u00f3n | Exenia","isPartOf":{"@id":"https:\/\/restyling.exenia.eu\/#website"},"primaryImageOfPage":{"@id":"https:\/\/restyling.exenia.eu\/es\/producto\/pinko-plafon\/#primaryimage"},"image":{"@id":"https:\/\/restyling.exenia.eu\/es\/producto\/pinko-plafon\/#primaryimage"},"thumbnailUrl":"https:\/\/restyling.exenia.eu\/wp-content\/uploads\/2023\/01\/Pinko-plafone-prodotto.jpg","datePublished":"2022-11-24T08:50:58+00:00","dateModified":"2023-06-13T12:43:41+00:00","breadcrumb":{"@id":"https:\/\/restyling.exenia.eu\/es\/producto\/pinko-plafon\/#breadcrumb"},"inLanguage":"es","potentialAction":[{"@type":"ReadAction","target":["https:\/\/restyling.exenia.eu\/es\/producto\/pinko-plafon\/"]}]},{"@type":"ImageObject","inLanguage":"es","@id":"https:\/\/restyling.exenia.eu\/es\/producto\/pinko-plafon\/#primaryimage","url":"https:\/\/restyling.exenia.eu\/wp-content\/uploads\/2023\/01\/Pinko-plafone-prodotto.jpg","contentUrl":"https:\/\/restyling.exenia.eu\/wp-content\/uploads\/2023\/01\/Pinko-plafone-prodotto.jpg","width":2000,"height":1919},{"@type":"BreadcrumbList","@id":"https:\/\/restyling.exenia.eu\/es\/producto\/pinko-plafon\/#breadcrumb","itemListElement":[{"@type":"ListItem","position":1,"name":"Home","item":"https:\/\/restyling.exenia.eu\/"},{"@type":"ListItem","position":2,"name":"Productos","item":"https:\/\/restyling.exenia.eu\/prodotti\/"},{"@type":"ListItem","position":3,"name":"Indoor","item":"https:\/\/restyling.exenia.eu\/es\/c\/indoor\/"},{"@type":"ListItem","position":4,"name":"Suspensiones y Techo","item":"https:\/\/restyling.exenia.eu\/es\/c\/indoor\/suspensiones-y-techo\/"},{"@type":"ListItem","position":5,"name":"Pinko","item":"https:\/\/restyling.exenia.eu\/es\/c\/indoor\/suspensiones-y-techo\/pinko-suspensiones-y-techo\/"},{"@type":"ListItem","position":6,"name":"Pinko Plaf\u00f3n"}]},{"@type":"WebSite","@id":"https:\/\/restyling.exenia.eu\/#website","url":"https:\/\/restyling.exenia.eu\/","name":"Exenia","description":"","publisher":{"@id":"https:\/\/restyling.exenia.eu\/#organization"},"potentialAction":[{"@type":"SearchAction","target":{"@type":"EntryPoint","urlTemplate":"https:\/\/restyling.exenia.eu\/?s={search_term_string}"},"query-input":{"@type":"PropertyValueSpecification","valueRequired":true,"valueName":"search_term_string"}}],"inLanguage":"es"},{"@type":"Organization","@id":"https:\/\/restyling.exenia.eu\/#organization","name":"Exenia","url":"https:\/\/restyling.exenia.eu\/","logo":{"@type":"ImageObject","inLanguage":"es","@id":"https:\/\/restyling.exenia.eu\/#\/schema\/logo\/image\/","url":"https:\/\/restyling.exenia.eu\/wp-content\/uploads\/2022\/09\/logo_exenia-e1678467519405.png","contentUrl":"https:\/\/restyling.exenia.eu\/wp-content\/uploads\/2022\/09\/logo_exenia-e1678467519405.png","width":600,"height":194,"caption":"Exenia"},"image":{"@id":"https:\/\/restyling.exenia.eu\/#\/schema\/logo\/image\/"},"sameAs":["https:\/\/www.facebook.com\/exenialighting","https:\/\/x.com\/ExeniaLighting"]}]}},"_links":{"self":[{"href":"https:\/\/restyling.exenia.eu\/es\/wp-json\/wp\/v2\/product\/27234","targetHints":{"allow":["GET"]}}],"collection":[{"href":"https:\/\/restyling.exenia.eu\/es\/wp-json\/wp\/v2\/product"}],"about":[{"href":"https:\/\/restyling.exenia.eu\/es\/wp-json\/wp\/v2\/types\/product"}],"wp:featuredmedia":[{"embeddable":true,"href":"https:\/\/restyling.exenia.eu\/es\/wp-json\/wp\/v2\/media\/11968"}],"wp:attachment":[{"href":"https:\/\/restyling.exenia.eu\/es\/wp-json\/wp\/v2\/media?parent=27234"}],"wp:term":[{"taxonomy":"product_brand","embeddable":true,"href":"https:\/\/restyling.exenia.eu\/es\/wp-json\/wp\/v2\/product_brand?post=27234"},{"taxonomy":"product_cat","embeddable":true,"href":"https:\/\/restyling.exenia.eu\/es\/wp-json\/wp\/v2\/product_cat?post=27234"},{"taxonomy":"product_tag","embeddable":true,"href":"https:\/\/restyling.exenia.eu\/es\/wp-json\/wp\/v2\/product_tag?post=27234"},{"taxonomy":"categoria-admin-prodotto","embeddable":true,"href":"https:\/\/restyling.exenia.eu\/es\/wp-json\/wp\/v2\/categoria-admin-prodotto?post=27234"}],"curies":[{"name":"wp","href":"https:\/\/api.w.org\/{rel}","templated":true}]}}

Pinko Plafón

<p>Luminaria LED cilíndrica. Fabricada en aluminio con esquinas redondeadas y fuente de luz LED empotrada. Diámetro de 100mm y una longitud de 210mm. Disponible en 2700K, 3000K y 4000K en CRI95 y 3000K en CRI85. Consumo nominal de 6,5 W (1100 lúmenes). Mantenimiento del flujo luminoso de 140.000 horas en L80B10. El bisel interior actúa como reflector y está disponible en nueve opciones de color, incluidos los nuevos acabados en cobre, bronce oscuro y oro. Si se elige un acabado de bisel interior negro mate, el bisel actúa como un reflector de luz oscura mate para un deslumbramiento mínimo y el máximo confort visual. Grado de protección IP20 o IP40. Luminaria de clase I con fuente de alimentación ON-OFF integrada. Los acabados de la carcasa incluyen blanco mate, negro mate, azul bebé, rojo ladrillo, gris hormigón y efecto corten. La versión suspendida está equipada con un cable de suspensión y alimentación de 2 m y una marquesina pintada en el mismo acabado que el cuerpo principal del dispositivo.</p>
<p>

<p>Luminaria LED cilíndrica. Fabricada en aluminio con esquinas redondeadas y&#8230;</p>

Aplicación

<!-- This site is optimized with the Yoast SEO plugin v27.5 - https://yoast.com/product/yoast-seo-wordpress/ -->
<title>Pinko Plafón | Exenia</title>
<meta name="robots" content="noindex, follow, max-snippet:-1, max-image-preview:large, max-video-preview:-1" />
<meta property="og:locale" content="es_ES" />
<meta property="og:type" content="article" />
<meta property="og:title" content="Pinko Plafón | Exenia" />
<meta property="og:description" content="Luminaria LED cilíndrica. Fabricada en aluminio con esquinas redondeadas y..." />
<meta property="og:url" content="https://restyling.exenia.eu/es/producto/pinko-plafon/" />
<meta property="og:site_name" content="Exenia" />
<meta property="article:publisher" content="https://www.facebook.com/exenialighting" />
<meta property="article:modified_time" content="2023-06-13T12:43:41+00:00" />
<meta property="og:image" content="https://restyling.exenia.eu/wp-content/uploads/2023/01/Pinko-plafone-prodotto.jpg" />
	<meta property="og:image:width" content="2000" />
	<meta property="og:image:height" content="1919" />
	<meta property="og:image:type" content="image/jpeg" />
<!-- / Yoast SEO plugin. -->

Pinko Plafón | Exenia

Luminaria LED cilíndrica. Fabricada en aluminio con esquinas redondeadas y...
