{"id":10067,"date":"2018-06-20T00:00:00","date_gmt":"2018-06-19T22:00:00","guid":{"rendered":"https:\/\/www.exenia.eu\/progetti\/ald-automotive-staff-canteen\/"},"modified":"2018-06-20T00:00:00","modified_gmt":"2018-06-19T22:00:00","slug":"ald-automotive-staff-canteen","status":"publish","type":"progetti","link":"https:\/\/restyling.exenia.eu\/es\/proyectos\/ald-automotive-staff-canteen\/","title":{"rendered":"ALD Automotive staff canteen"},"content":{"rendered":"<p> ALD Automotive encarg\u00f3 a GLA el estudio del nuevo concepto para la creaci\u00f3n de un \u00e1rea de cantina de personal para sus empleados, en la sede automotriz de ALD en Roma. <\/p>\n<p> Los espacios del personal de la cantina, con una superficie de aproximadamente 300 metros cuadrados, incluyen una sala de estar, una sala de capacitaci\u00f3n, el personal de la cantina y las \u00e1reas externas. <\/p>\n<p> gla sigui\u00f3 no solo el dise\u00f1o del concepto, sino tambi\u00e9n el dise\u00f1o ejecutivo y la direcci\u00f3n art\u00edstica. <\/p>\n","protected":false},"excerpt":{"rendered":"<p>ALD Automotive encarg\u00f3 a GLA el estudio del nuevo concepto&#8230;<\/p>\n","protected":false},"featured_media":9275,"parent":0,"menu_order":0,"template":"","meta":{"_acf_changed":false,"footnotes":""},"famiglia_progetto":[],"applicazione_progetto":[333,338],"nazione_progetto":[731],"market":[639],"class_list":["post-10067","progetti","type-progetti","status-publish","has-post-thumbnail","hentry","applicazione_progetto-iluminacion-de-acentuacion","applicazione_progetto-iluminacion-difusa","nazione_progetto-italia","market-office"],"acf":[],"yoast_head":"<!-- This site is optimized with the Yoast SEO plugin v27.4 - https:\/\/yoast.com\/product\/yoast-seo-wordpress\/ -->\n<title>ALD Automotive staff canteen | Exenia<\/title>\n<meta name=\"robots\" content=\"noindex, follow, max-snippet:-1, max-image-preview:large, max-video-preview:-1\" \/>\n<meta property=\"og:locale\" content=\"es_ES\" \/>\n<meta property=\"og:type\" content=\"article\" \/>\n<meta property=\"og:title\" content=\"ALD Automotive staff canteen | Exenia\" \/>\n<meta property=\"og:description\" content=\"ALD Automotive encarg\u00f3 a GLA el estudio del nuevo concepto...\" \/>\n<meta property=\"og:url\" content=\"https:\/\/restyling.exenia.eu\/es\/proyectos\/ald-automotive-staff-canteen\/\" \/>\n<meta property=\"og:site_name\" content=\"Exenia\" \/>\n<meta property=\"article:publisher\" content=\"https:\/\/www.facebook.com\/exenialighting\" \/>\n<meta property=\"og:image\" content=\"https:\/\/restyling.exenia.eu\/wp-content\/uploads\/2023\/01\/willy-ald-roma-1.jpg\" \/>\n\t<meta property=\"og:image:width\" content=\"2560\" \/>\n\t<meta property=\"og:image:height\" content=\"1603\" \/>\n\t<meta property=\"og:image:type\" content=\"image\/jpeg\" \/>\n<!-- \/ Yoast SEO plugin. -->","yoast_head_json":{"title":"ALD Automotive staff canteen | Exenia","robots":{"index":"noindex","follow":"follow","max-snippet":"max-snippet:-1","max-image-preview":"max-image-preview:large","max-video-preview":"max-video-preview:-1"},"og_locale":"es_ES","og_type":"article","og_title":"ALD Automotive staff canteen | Exenia","og_description":"ALD Automotive encarg\u00f3 a GLA el estudio del nuevo concepto...","og_url":"https:\/\/restyling.exenia.eu\/es\/proyectos\/ald-automotive-staff-canteen\/","og_site_name":"Exenia","article_publisher":"https:\/\/www.facebook.com\/exenialighting","og_image":[{"width":2560,"height":1603,"url":"https:\/\/restyling.exenia.eu\/wp-content\/uploads\/2023\/01\/willy-ald-roma-1.jpg","type":"image\/jpeg"}],"schema":{"@context":"https:\/\/schema.org","@graph":[{"@type":"WebPage","@id":"https:\/\/restyling.exenia.eu\/es\/proyectos\/ald-automotive-staff-canteen\/","url":"https:\/\/restyling.exenia.eu\/es\/proyectos\/ald-automotive-staff-canteen\/","name":"ALD Automotive staff canteen | Exenia","isPartOf":{"@id":"https:\/\/restyling.exenia.eu\/#website"},"primaryImageOfPage":{"@id":"https:\/\/restyling.exenia.eu\/es\/proyectos\/ald-automotive-staff-canteen\/#primaryimage"},"image":{"@id":"https:\/\/restyling.exenia.eu\/es\/proyectos\/ald-automotive-staff-canteen\/#primaryimage"},"thumbnailUrl":"https:\/\/restyling.exenia.eu\/wp-content\/uploads\/2023\/01\/willy-ald-roma-1.jpg","datePublished":"2018-06-19T22:00:00+00:00","breadcrumb":{"@id":"https:\/\/restyling.exenia.eu\/es\/proyectos\/ald-automotive-staff-canteen\/#breadcrumb"},"inLanguage":"es","potentialAction":[{"@type":"ReadAction","target":["https:\/\/restyling.exenia.eu\/es\/proyectos\/ald-automotive-staff-canteen\/"]}]},{"@type":"ImageObject","inLanguage":"es","@id":"https:\/\/restyling.exenia.eu\/es\/proyectos\/ald-automotive-staff-canteen\/#primaryimage","url":"https:\/\/restyling.exenia.eu\/wp-content\/uploads\/2023\/01\/willy-ald-roma-1.jpg","contentUrl":"https:\/\/restyling.exenia.eu\/wp-content\/uploads\/2023\/01\/willy-ald-roma-1.jpg","width":2560,"height":1603},{"@type":"BreadcrumbList","@id":"https:\/\/restyling.exenia.eu\/es\/proyectos\/ald-automotive-staff-canteen\/#breadcrumb","itemListElement":[{"@type":"ListItem","position":1,"name":"Home","item":"https:\/\/restyling.exenia.eu\/"},{"@type":"ListItem","position":2,"name":"Progetti","item":"https:\/\/restyling.exenia.eu\/progetti\/"},{"@type":"ListItem","position":3,"name":"ALD Automotive staff canteen"}]},{"@type":"WebSite","@id":"https:\/\/restyling.exenia.eu\/#website","url":"https:\/\/restyling.exenia.eu\/","name":"Exenia","description":"","publisher":{"@id":"https:\/\/restyling.exenia.eu\/#organization"},"potentialAction":[{"@type":"SearchAction","target":{"@type":"EntryPoint","urlTemplate":"https:\/\/restyling.exenia.eu\/?s={search_term_string}"},"query-input":{"@type":"PropertyValueSpecification","valueRequired":true,"valueName":"search_term_string"}}],"inLanguage":"es"},{"@type":"Organization","@id":"https:\/\/restyling.exenia.eu\/#organization","name":"Exenia","url":"https:\/\/restyling.exenia.eu\/","logo":{"@type":"ImageObject","inLanguage":"es","@id":"https:\/\/restyling.exenia.eu\/#\/schema\/logo\/image\/","url":"https:\/\/restyling.exenia.eu\/wp-content\/uploads\/2022\/09\/logo_exenia-e1678467519405.png","contentUrl":"https:\/\/restyling.exenia.eu\/wp-content\/uploads\/2022\/09\/logo_exenia-e1678467519405.png","width":600,"height":194,"caption":"Exenia"},"image":{"@id":"https:\/\/restyling.exenia.eu\/#\/schema\/logo\/image\/"},"sameAs":["https:\/\/www.facebook.com\/exenialighting","https:\/\/x.com\/ExeniaLighting"]}]}},"_links":{"self":[{"href":"https:\/\/restyling.exenia.eu\/es\/wp-json\/wp\/v2\/progetti\/10067","targetHints":{"allow":["GET"]}}],"collection":[{"href":"https:\/\/restyling.exenia.eu\/es\/wp-json\/wp\/v2\/progetti"}],"about":[{"href":"https:\/\/restyling.exenia.eu\/es\/wp-json\/wp\/v2\/types\/progetti"}],"version-history":[{"count":0,"href":"https:\/\/restyling.exenia.eu\/es\/wp-json\/wp\/v2\/progetti\/10067\/revisions"}],"wp:featuredmedia":[{"embeddable":true,"href":"https:\/\/restyling.exenia.eu\/es\/wp-json\/wp\/v2\/media\/9275"}],"wp:attachment":[{"href":"https:\/\/restyling.exenia.eu\/es\/wp-json\/wp\/v2\/media?parent=10067"}],"wp:term":[{"taxonomy":"famiglia_progetto","embeddable":true,"href":"https:\/\/restyling.exenia.eu\/es\/wp-json\/wp\/v2\/famiglia_progetto?post=10067"},{"taxonomy":"applicazione_progetto","embeddable":true,"href":"https:\/\/restyling.exenia.eu\/es\/wp-json\/wp\/v2\/applicazione_progetto?post=10067"},{"taxonomy":"nazione_progetto","embeddable":true,"href":"https:\/\/restyling.exenia.eu\/es\/wp-json\/wp\/v2\/nazione_progetto?post=10067"},{"taxonomy":"market","embeddable":true,"href":"https:\/\/restyling.exenia.eu\/es\/wp-json\/wp\/v2\/market?post=10067"}],"curies":[{"name":"wp","href":"https:\/\/api.w.org\/{rel}","templated":true}]}}

<p> ALD Automotive encargó a GLA el estudio del nuevo concepto para la creación de un área de cantina de personal para sus empleados, en la sede automotriz de ALD en Roma. </p>
<p> Los espacios del personal de la cantina, con una superficie de aproximadamente 300 metros cuadrados, incluyen una sala de estar, una sala de capacitación, el personal de la cantina y las áreas externas. </p>
<p> gla siguió no solo el diseño del concepto, sino también el diseño ejecutivo y la dirección artística. </p>

<p>ALD Automotive encargó a GLA el estudio del nuevo concepto&#8230;</p>

<!-- This site is optimized with the Yoast SEO plugin v27.4 - https://yoast.com/product/yoast-seo-wordpress/ -->
<title>ALD Automotive staff canteen | Exenia</title>
<meta name="robots" content="noindex, follow, max-snippet:-1, max-image-preview:large, max-video-preview:-1" />
<meta property="og:locale" content="es_ES" />
<meta property="og:type" content="article" />
<meta property="og:title" content="ALD Automotive staff canteen | Exenia" />
<meta property="og:description" content="ALD Automotive encargó a GLA el estudio del nuevo concepto..." />
<meta property="og:url" content="https://restyling.exenia.eu/es/proyectos/ald-automotive-staff-canteen/" />
<meta property="og:site_name" content="Exenia" />
<meta property="article:publisher" content="https://www.facebook.com/exenialighting" />
<meta property="og:image" content="https://restyling.exenia.eu/wp-content/uploads/2023/01/willy-ald-roma-1.jpg" />
	<meta property="og:image:width" content="2560" />
	<meta property="og:image:height" content="1603" />
	<meta property="og:image:type" content="image/jpeg" />
<!-- / Yoast SEO plugin. -->

ALD Automotive encargó a GLA el estudio del nuevo concepto...
