{"id":10119,"date":"2018-12-26T00:00:00","date_gmt":"2018-12-25T23:00:00","guid":{"rendered":"https:\/\/www.exenia.eu\/progetti\/palacio-de-mafra-the-throne-room\/"},"modified":"2018-12-26T00:00:00","modified_gmt":"2018-12-25T23:00:00","slug":"palacio-de-mafra-the-throne-room","status":"publish","type":"progetti","link":"https:\/\/restyling.exenia.eu\/es\/proyectos\/palacio-de-mafra-the-throne-room\/","title":{"rendered":"Palacio De Mafra, The Throne room"},"content":{"rendered":"<p> mafra es una ciudad bonita, a pocos kil\u00f3metros de Lisboa, conocido por organizar uno de los palacios m\u00e1s colosales y extravagantes de Europa, el Palacio de Mafra. Construido en la primera mitad de los 18 <\/p>\n<p> th <\/up> siglo utilizando piedra caliza de m\u00e1rmol y piedra, el complejo cubre un \u00e1rea de 40000m <sup> 2 <\/up> e incluye un monasterio, una bas\u00edlica monumental y una biblioteca con m\u00e1s de 36000 textos antiguos.  <\/p>\n<p> El palacio se encuentra entre los entornos m\u00e1s ricamente decorados de Sala del Trono y est\u00e1 fresco de obras de los artistas de la corte de Domingos Sequeira, mientras que los motivos aleg\u00f3ricos, pintados por Cyrillo Volkmar Machado, adornan el techo espectacular. <\/p>\n<p> Como lo m\u00e1s destacado de la reciente renovaci\u00f3n, los dise\u00f1adores de iluminaci\u00f3n desarrollaron y ejecutaron un dise\u00f1o incre\u00edble a pesar del presupuesto limitado y las preocupaciones de conservaci\u00f3n. <\/p>\n<p> El equipo de dise\u00f1o se centr\u00f3 en usar la flexibilidad de una luminaria ultra compacta, con una potencia m\u00e1xima de 5200 l\u00famenes, un \u00edndice de renderizado de alto color (95) y una amplia gama de \u00f3pticas, para su ventaja. Un proyector con una base invasiva baja, con brazos de bloqueo articulados, que permite el ensamblaje en el sitio y ayuda a orientar adecuadamente la luz fue la herramienta perfecta para este proyecto. <\/p>\n<p> La ausencia de marcos sobresalientes, o cualquier otro elemento arquitect\u00f3nico en los que se pod\u00eda montar o ocultar una luminaria, significaba que el equipo de iluminaci\u00f3n ten\u00eda que ser inventivo. Necesitaban luminarias que fueran peque\u00f1as, pero con el mismo rendimiento de accesorios m\u00e1s grandes. La capacidad de personalizar a las luminarias con SNOOTS y Formadores fue una ventaja, permiti\u00f3 que las pinturas se pasearan mientras reduc\u00edan el riesgo de resplandor. <\/p>\n<p> Productos utilizados Exenia: Museo Compact Equipado con modelas (Medium Optics, CRI 95 &#8211; 2700k). <\/p>\n","protected":false},"excerpt":{"rendered":"<p>mafra es una ciudad bonita, a pocos kil\u00f3metros de Lisboa,&#8230;<\/p>\n","protected":false},"featured_media":9522,"parent":0,"menu_order":0,"template":"","meta":{"_acf_changed":false,"footnotes":""},"famiglia_progetto":[],"applicazione_progetto":[333],"nazione_progetto":[736],"market":[638],"class_list":["post-10119","progetti","type-progetti","status-publish","has-post-thumbnail","hentry","applicazione_progetto-iluminacion-de-acentuacion","nazione_progetto-portugal","market-lugares-de-culto-monumentos-y-museos"],"acf":[],"yoast_head":"<!-- This site is optimized with the Yoast SEO plugin v27.4 - https:\/\/yoast.com\/product\/yoast-seo-wordpress\/ -->\n<title>Palacio De Mafra, The Throne room | Exenia<\/title>\n<meta name=\"robots\" content=\"noindex, follow, max-snippet:-1, max-image-preview:large, max-video-preview:-1\" \/>\n<meta property=\"og:locale\" content=\"es_ES\" \/>\n<meta property=\"og:type\" content=\"article\" \/>\n<meta property=\"og:title\" content=\"Palacio De Mafra, The Throne room | Exenia\" \/>\n<meta property=\"og:description\" content=\"mafra es una ciudad bonita, a pocos kil\u00f3metros de Lisboa,...\" \/>\n<meta property=\"og:url\" content=\"https:\/\/restyling.exenia.eu\/es\/proyectos\/palacio-de-mafra-the-throne-room\/\" \/>\n<meta property=\"og:site_name\" content=\"Exenia\" \/>\n<meta property=\"article:publisher\" content=\"https:\/\/www.facebook.com\/exenialighting\" \/>\n<meta property=\"og:image\" content=\"https:\/\/restyling.exenia.eu\/wp-content\/uploads\/2023\/01\/palacio1-1.jpg\" \/>\n\t<meta property=\"og:image:width\" content=\"2560\" \/>\n\t<meta property=\"og:image:height\" content=\"1707\" \/>\n\t<meta property=\"og:image:type\" content=\"image\/jpeg\" \/>\n<!-- \/ Yoast SEO plugin. -->","yoast_head_json":{"title":"Palacio De Mafra, The Throne room | Exenia","robots":{"index":"noindex","follow":"follow","max-snippet":"max-snippet:-1","max-image-preview":"max-image-preview:large","max-video-preview":"max-video-preview:-1"},"og_locale":"es_ES","og_type":"article","og_title":"Palacio De Mafra, The Throne room | Exenia","og_description":"mafra es una ciudad bonita, a pocos kil\u00f3metros de Lisboa,...","og_url":"https:\/\/restyling.exenia.eu\/es\/proyectos\/palacio-de-mafra-the-throne-room\/","og_site_name":"Exenia","article_publisher":"https:\/\/www.facebook.com\/exenialighting","og_image":[{"width":2560,"height":1707,"url":"https:\/\/restyling.exenia.eu\/wp-content\/uploads\/2023\/01\/palacio1-1.jpg","type":"image\/jpeg"}],"schema":{"@context":"https:\/\/schema.org","@graph":[{"@type":"WebPage","@id":"https:\/\/restyling.exenia.eu\/es\/proyectos\/palacio-de-mafra-the-throne-room\/","url":"https:\/\/restyling.exenia.eu\/es\/proyectos\/palacio-de-mafra-the-throne-room\/","name":"Palacio De Mafra, The Throne room | Exenia","isPartOf":{"@id":"https:\/\/restyling.exenia.eu\/#website"},"primaryImageOfPage":{"@id":"https:\/\/restyling.exenia.eu\/es\/proyectos\/palacio-de-mafra-the-throne-room\/#primaryimage"},"image":{"@id":"https:\/\/restyling.exenia.eu\/es\/proyectos\/palacio-de-mafra-the-throne-room\/#primaryimage"},"thumbnailUrl":"https:\/\/restyling.exenia.eu\/wp-content\/uploads\/2023\/01\/palacio1-1.jpg","datePublished":"2018-12-25T23:00:00+00:00","breadcrumb":{"@id":"https:\/\/restyling.exenia.eu\/es\/proyectos\/palacio-de-mafra-the-throne-room\/#breadcrumb"},"inLanguage":"es","potentialAction":[{"@type":"ReadAction","target":["https:\/\/restyling.exenia.eu\/es\/proyectos\/palacio-de-mafra-the-throne-room\/"]}]},{"@type":"ImageObject","inLanguage":"es","@id":"https:\/\/restyling.exenia.eu\/es\/proyectos\/palacio-de-mafra-the-throne-room\/#primaryimage","url":"https:\/\/restyling.exenia.eu\/wp-content\/uploads\/2023\/01\/palacio1-1.jpg","contentUrl":"https:\/\/restyling.exenia.eu\/wp-content\/uploads\/2023\/01\/palacio1-1.jpg","width":2560,"height":1707},{"@type":"BreadcrumbList","@id":"https:\/\/restyling.exenia.eu\/es\/proyectos\/palacio-de-mafra-the-throne-room\/#breadcrumb","itemListElement":[{"@type":"ListItem","position":1,"name":"Home","item":"https:\/\/restyling.exenia.eu\/"},{"@type":"ListItem","position":2,"name":"Progetti","item":"https:\/\/restyling.exenia.eu\/progetti\/"},{"@type":"ListItem","position":3,"name":"Palacio De Mafra, The Throne room"}]},{"@type":"WebSite","@id":"https:\/\/restyling.exenia.eu\/#website","url":"https:\/\/restyling.exenia.eu\/","name":"Exenia","description":"","publisher":{"@id":"https:\/\/restyling.exenia.eu\/#organization"},"potentialAction":[{"@type":"SearchAction","target":{"@type":"EntryPoint","urlTemplate":"https:\/\/restyling.exenia.eu\/?s={search_term_string}"},"query-input":{"@type":"PropertyValueSpecification","valueRequired":true,"valueName":"search_term_string"}}],"inLanguage":"es"},{"@type":"Organization","@id":"https:\/\/restyling.exenia.eu\/#organization","name":"Exenia","url":"https:\/\/restyling.exenia.eu\/","logo":{"@type":"ImageObject","inLanguage":"es","@id":"https:\/\/restyling.exenia.eu\/#\/schema\/logo\/image\/","url":"https:\/\/restyling.exenia.eu\/wp-content\/uploads\/2022\/09\/logo_exenia-e1678467519405.png","contentUrl":"https:\/\/restyling.exenia.eu\/wp-content\/uploads\/2022\/09\/logo_exenia-e1678467519405.png","width":600,"height":194,"caption":"Exenia"},"image":{"@id":"https:\/\/restyling.exenia.eu\/#\/schema\/logo\/image\/"},"sameAs":["https:\/\/www.facebook.com\/exenialighting","https:\/\/x.com\/ExeniaLighting"]}]}},"_links":{"self":[{"href":"https:\/\/restyling.exenia.eu\/es\/wp-json\/wp\/v2\/progetti\/10119","targetHints":{"allow":["GET"]}}],"collection":[{"href":"https:\/\/restyling.exenia.eu\/es\/wp-json\/wp\/v2\/progetti"}],"about":[{"href":"https:\/\/restyling.exenia.eu\/es\/wp-json\/wp\/v2\/types\/progetti"}],"version-history":[{"count":0,"href":"https:\/\/restyling.exenia.eu\/es\/wp-json\/wp\/v2\/progetti\/10119\/revisions"}],"wp:featuredmedia":[{"embeddable":true,"href":"https:\/\/restyling.exenia.eu\/es\/wp-json\/wp\/v2\/media\/9522"}],"wp:attachment":[{"href":"https:\/\/restyling.exenia.eu\/es\/wp-json\/wp\/v2\/media?parent=10119"}],"wp:term":[{"taxonomy":"famiglia_progetto","embeddable":true,"href":"https:\/\/restyling.exenia.eu\/es\/wp-json\/wp\/v2\/famiglia_progetto?post=10119"},{"taxonomy":"applicazione_progetto","embeddable":true,"href":"https:\/\/restyling.exenia.eu\/es\/wp-json\/wp\/v2\/applicazione_progetto?post=10119"},{"taxonomy":"nazione_progetto","embeddable":true,"href":"https:\/\/restyling.exenia.eu\/es\/wp-json\/wp\/v2\/nazione_progetto?post=10119"},{"taxonomy":"market","embeddable":true,"href":"https:\/\/restyling.exenia.eu\/es\/wp-json\/wp\/v2\/market?post=10119"}],"curies":[{"name":"wp","href":"https:\/\/api.w.org\/{rel}","templated":true}]}}

<p> mafra es una ciudad bonita, a pocos kilómetros de Lisboa, conocido por organizar uno de los palacios más colosales y extravagantes de Europa, el Palacio de Mafra. Construido en la primera mitad de los 18 </p>
<p> th </up> siglo utilizando piedra caliza de mármol y piedra, el complejo cubre un área de 40000m <sup> 2 </up> e incluye un monasterio, una basílica monumental y una biblioteca con más de 36000 textos antiguos.  </p>
<p> El palacio se encuentra entre los entornos más ricamente decorados de Sala del Trono y está fresco de obras de los artistas de la corte de Domingos Sequeira, mientras que los motivos alegóricos, pintados por Cyrillo Volkmar Machado, adornan el techo espectacular. </p>
<p> Como lo más destacado de la reciente renovación, los diseñadores de iluminación desarrollaron y ejecutaron un diseño increíble a pesar del presupuesto limitado y las preocupaciones de conservación. </p>
<p> El equipo de diseño se centró en usar la flexibilidad de una luminaria ultra compacta, con una potencia máxima de 5200 lúmenes, un índice de renderizado de alto color (95) y una amplia gama de ópticas, para su ventaja. Un proyector con una base invasiva baja, con brazos de bloqueo articulados, que permite el ensamblaje en el sitio y ayuda a orientar adecuadamente la luz fue la herramienta perfecta para este proyecto. </p>
<p> La ausencia de marcos sobresalientes, o cualquier otro elemento arquitectónico en los que se podía montar o ocultar una luminaria, significaba que el equipo de iluminación tenía que ser inventivo. Necesitaban luminarias que fueran pequeñas, pero con el mismo rendimiento de accesorios más grandes. La capacidad de personalizar a las luminarias con SNOOTS y Formadores fue una ventaja, permitió que las pinturas se pasearan mientras reducían el riesgo de resplandor. </p>
<p> Productos utilizados Exenia: Museo Compact Equipado con modelas (Medium Optics, CRI 95 &#8211; 2700k). </p>

<p>mafra es una ciudad bonita, a pocos kilómetros de Lisboa,&#8230;</p>

<!-- This site is optimized with the Yoast SEO plugin v27.4 - https://yoast.com/product/yoast-seo-wordpress/ -->
<title>Palacio De Mafra, The Throne room | Exenia</title>
<meta name="robots" content="noindex, follow, max-snippet:-1, max-image-preview:large, max-video-preview:-1" />
<meta property="og:locale" content="es_ES" />
<meta property="og:type" content="article" />
<meta property="og:title" content="Palacio De Mafra, The Throne room | Exenia" />
<meta property="og:description" content="mafra es una ciudad bonita, a pocos kilómetros de Lisboa,..." />
<meta property="og:url" content="https://restyling.exenia.eu/es/proyectos/palacio-de-mafra-the-throne-room/" />
<meta property="og:site_name" content="Exenia" />
<meta property="article:publisher" content="https://www.facebook.com/exenialighting" />
<meta property="og:image" content="https://restyling.exenia.eu/wp-content/uploads/2023/01/palacio1-1.jpg" />
	<meta property="og:image:width" content="2560" />
	<meta property="og:image:height" content="1707" />
	<meta property="og:image:type" content="image/jpeg" />
<!-- / Yoast SEO plugin. -->

mafra es una ciudad bonita, a pocos kilómetros de Lisboa,...
