{"id":10143,"date":"2022-05-31T00:00:00","date_gmt":"2022-05-30T22:00:00","guid":{"rendered":"https:\/\/www.exenia.eu\/progetti\/the-biblioteca-capitolare\/"},"modified":"2022-05-31T00:00:00","modified_gmt":"2022-05-30T22:00:00","slug":"the-biblioteca-capitolare","status":"publish","type":"progetti","link":"https:\/\/restyling.exenia.eu\/es\/proyectos\/the-biblioteca-capitolare\/","title":{"rendered":"The Biblioteca Capitolare"},"content":{"rendered":"<p> La biblioteca del cap\u00edtulo de Verona, con sus m\u00e1s de 1500 a\u00f1os de historia, es la biblioteca m\u00e1s antigua que a\u00fan funciona del mundo. Sus colecciones muy preciosas de manuscritos y texto impreso lo convierten en una de las joyas del patrimonio cultural mundial. Conocido por Dante y Petarca, ha sobrevivido a lo largo de los siglos de guerras, plunders y desastres naturales. Hoy es anfitri\u00f3n de acad\u00e9micos y especialistas para actividades de investigaci\u00f3n, pero, recientemente, ha abierto su puerta al p\u00fablico para exposiciones, conferencias y visitas guiadas. Gracias a la iluminaci\u00f3n de Exenia, a\u00fan podemos sacar mejor la belleza de sus habitaciones tan ricas de encanto e historias para contar, lo que permite a los visitantes de todo el mundo saborear la magia de un lugar \u00fanico y extraordinario. <\/p>\n","protected":false},"excerpt":{"rendered":"<p>La biblioteca del cap\u00edtulo de Verona, con sus m\u00e1s de&#8230;<\/p>\n","protected":false},"featured_media":9144,"parent":0,"menu_order":0,"template":"","meta":{"_acf_changed":false,"footnotes":""},"famiglia_progetto":[],"applicazione_progetto":[328,339],"nazione_progetto":[731],"market":[638],"class_list":["post-10143","progetti","type-progetti","status-publish","has-post-thumbnail","hentry","applicazione_progetto-cove-lighting-es","applicazione_progetto-proyeccion","nazione_progetto-italia","market-lugares-de-culto-monumentos-y-museos"],"acf":[],"yoast_head":"<!-- This site is optimized with the Yoast SEO plugin v27.4 - https:\/\/yoast.com\/product\/yoast-seo-wordpress\/ -->\n<title>The Biblioteca Capitolare | Exenia<\/title>\n<meta name=\"robots\" content=\"noindex, follow, max-snippet:-1, max-image-preview:large, max-video-preview:-1\" \/>\n<meta property=\"og:locale\" content=\"es_ES\" \/>\n<meta property=\"og:type\" content=\"article\" \/>\n<meta property=\"og:title\" content=\"The Biblioteca Capitolare | Exenia\" \/>\n<meta property=\"og:description\" content=\"La biblioteca del cap\u00edtulo de Verona, con sus m\u00e1s de...\" \/>\n<meta property=\"og:url\" content=\"https:\/\/restyling.exenia.eu\/es\/proyectos\/the-biblioteca-capitolare\/\" \/>\n<meta property=\"og:site_name\" content=\"Exenia\" \/>\n<meta property=\"article:publisher\" content=\"https:\/\/www.facebook.com\/exenialighting\" \/>\n<meta property=\"og:image\" content=\"https:\/\/restyling.exenia.eu\/wp-content\/uploads\/2023\/01\/img8.jpg\" \/>\n\t<meta property=\"og:image:width\" content=\"2560\" \/>\n\t<meta property=\"og:image:height\" content=\"1603\" \/>\n\t<meta property=\"og:image:type\" content=\"image\/jpeg\" \/>\n<!-- \/ Yoast SEO plugin. -->","yoast_head_json":{"title":"The Biblioteca Capitolare | Exenia","robots":{"index":"noindex","follow":"follow","max-snippet":"max-snippet:-1","max-image-preview":"max-image-preview:large","max-video-preview":"max-video-preview:-1"},"og_locale":"es_ES","og_type":"article","og_title":"The Biblioteca Capitolare | Exenia","og_description":"La biblioteca del cap\u00edtulo de Verona, con sus m\u00e1s de...","og_url":"https:\/\/restyling.exenia.eu\/es\/proyectos\/the-biblioteca-capitolare\/","og_site_name":"Exenia","article_publisher":"https:\/\/www.facebook.com\/exenialighting","og_image":[{"width":2560,"height":1603,"url":"https:\/\/restyling.exenia.eu\/wp-content\/uploads\/2023\/01\/img8.jpg","type":"image\/jpeg"}],"schema":{"@context":"https:\/\/schema.org","@graph":[{"@type":"WebPage","@id":"https:\/\/restyling.exenia.eu\/es\/proyectos\/the-biblioteca-capitolare\/","url":"https:\/\/restyling.exenia.eu\/es\/proyectos\/the-biblioteca-capitolare\/","name":"The Biblioteca Capitolare | Exenia","isPartOf":{"@id":"https:\/\/restyling.exenia.eu\/#website"},"primaryImageOfPage":{"@id":"https:\/\/restyling.exenia.eu\/es\/proyectos\/the-biblioteca-capitolare\/#primaryimage"},"image":{"@id":"https:\/\/restyling.exenia.eu\/es\/proyectos\/the-biblioteca-capitolare\/#primaryimage"},"thumbnailUrl":"https:\/\/restyling.exenia.eu\/wp-content\/uploads\/2023\/01\/img8.jpg","datePublished":"2022-05-30T22:00:00+00:00","breadcrumb":{"@id":"https:\/\/restyling.exenia.eu\/es\/proyectos\/the-biblioteca-capitolare\/#breadcrumb"},"inLanguage":"es","potentialAction":[{"@type":"ReadAction","target":["https:\/\/restyling.exenia.eu\/es\/proyectos\/the-biblioteca-capitolare\/"]}]},{"@type":"ImageObject","inLanguage":"es","@id":"https:\/\/restyling.exenia.eu\/es\/proyectos\/the-biblioteca-capitolare\/#primaryimage","url":"https:\/\/restyling.exenia.eu\/wp-content\/uploads\/2023\/01\/img8.jpg","contentUrl":"https:\/\/restyling.exenia.eu\/wp-content\/uploads\/2023\/01\/img8.jpg","width":2560,"height":1603},{"@type":"BreadcrumbList","@id":"https:\/\/restyling.exenia.eu\/es\/proyectos\/the-biblioteca-capitolare\/#breadcrumb","itemListElement":[{"@type":"ListItem","position":1,"name":"Home","item":"https:\/\/restyling.exenia.eu\/"},{"@type":"ListItem","position":2,"name":"Progetti","item":"https:\/\/restyling.exenia.eu\/progetti\/"},{"@type":"ListItem","position":3,"name":"The Biblioteca Capitolare"}]},{"@type":"WebSite","@id":"https:\/\/restyling.exenia.eu\/#website","url":"https:\/\/restyling.exenia.eu\/","name":"Exenia","description":"","publisher":{"@id":"https:\/\/restyling.exenia.eu\/#organization"},"potentialAction":[{"@type":"SearchAction","target":{"@type":"EntryPoint","urlTemplate":"https:\/\/restyling.exenia.eu\/?s={search_term_string}"},"query-input":{"@type":"PropertyValueSpecification","valueRequired":true,"valueName":"search_term_string"}}],"inLanguage":"es"},{"@type":"Organization","@id":"https:\/\/restyling.exenia.eu\/#organization","name":"Exenia","url":"https:\/\/restyling.exenia.eu\/","logo":{"@type":"ImageObject","inLanguage":"es","@id":"https:\/\/restyling.exenia.eu\/#\/schema\/logo\/image\/","url":"https:\/\/restyling.exenia.eu\/wp-content\/uploads\/2022\/09\/logo_exenia-e1678467519405.png","contentUrl":"https:\/\/restyling.exenia.eu\/wp-content\/uploads\/2022\/09\/logo_exenia-e1678467519405.png","width":600,"height":194,"caption":"Exenia"},"image":{"@id":"https:\/\/restyling.exenia.eu\/#\/schema\/logo\/image\/"},"sameAs":["https:\/\/www.facebook.com\/exenialighting","https:\/\/x.com\/ExeniaLighting"]}]}},"_links":{"self":[{"href":"https:\/\/restyling.exenia.eu\/es\/wp-json\/wp\/v2\/progetti\/10143","targetHints":{"allow":["GET"]}}],"collection":[{"href":"https:\/\/restyling.exenia.eu\/es\/wp-json\/wp\/v2\/progetti"}],"about":[{"href":"https:\/\/restyling.exenia.eu\/es\/wp-json\/wp\/v2\/types\/progetti"}],"version-history":[{"count":0,"href":"https:\/\/restyling.exenia.eu\/es\/wp-json\/wp\/v2\/progetti\/10143\/revisions"}],"wp:featuredmedia":[{"embeddable":true,"href":"https:\/\/restyling.exenia.eu\/es\/wp-json\/wp\/v2\/media\/9144"}],"wp:attachment":[{"href":"https:\/\/restyling.exenia.eu\/es\/wp-json\/wp\/v2\/media?parent=10143"}],"wp:term":[{"taxonomy":"famiglia_progetto","embeddable":true,"href":"https:\/\/restyling.exenia.eu\/es\/wp-json\/wp\/v2\/famiglia_progetto?post=10143"},{"taxonomy":"applicazione_progetto","embeddable":true,"href":"https:\/\/restyling.exenia.eu\/es\/wp-json\/wp\/v2\/applicazione_progetto?post=10143"},{"taxonomy":"nazione_progetto","embeddable":true,"href":"https:\/\/restyling.exenia.eu\/es\/wp-json\/wp\/v2\/nazione_progetto?post=10143"},{"taxonomy":"market","embeddable":true,"href":"https:\/\/restyling.exenia.eu\/es\/wp-json\/wp\/v2\/market?post=10143"}],"curies":[{"name":"wp","href":"https:\/\/api.w.org\/{rel}","templated":true}]}}

<p> La biblioteca del capítulo de Verona, con sus más de 1500 años de historia, es la biblioteca más antigua que aún funciona del mundo. Sus colecciones muy preciosas de manuscritos y texto impreso lo convierten en una de las joyas del patrimonio cultural mundial. Conocido por Dante y Petarca, ha sobrevivido a lo largo de los siglos de guerras, plunders y desastres naturales. Hoy es anfitrión de académicos y especialistas para actividades de investigación, pero, recientemente, ha abierto su puerta al público para exposiciones, conferencias y visitas guiadas. Gracias a la iluminación de Exenia, aún podemos sacar mejor la belleza de sus habitaciones tan ricas de encanto e historias para contar, lo que permite a los visitantes de todo el mundo saborear la magia de un lugar único y extraordinario. </p>

<p>La biblioteca del capítulo de Verona, con sus más de&#8230;</p>

<!-- This site is optimized with the Yoast SEO plugin v27.4 - https://yoast.com/product/yoast-seo-wordpress/ -->
<title>The Biblioteca Capitolare | Exenia</title>
<meta name="robots" content="noindex, follow, max-snippet:-1, max-image-preview:large, max-video-preview:-1" />
<meta property="og:locale" content="es_ES" />
<meta property="og:type" content="article" />
<meta property="og:title" content="The Biblioteca Capitolare | Exenia" />
<meta property="og:description" content="La biblioteca del capítulo de Verona, con sus más de..." />
<meta property="og:url" content="https://restyling.exenia.eu/es/proyectos/the-biblioteca-capitolare/" />
<meta property="og:site_name" content="Exenia" />
<meta property="article:publisher" content="https://www.facebook.com/exenialighting" />
<meta property="og:image" content="https://restyling.exenia.eu/wp-content/uploads/2023/01/img8.jpg" />
	<meta property="og:image:width" content="2560" />
	<meta property="og:image:height" content="1603" />
	<meta property="og:image:type" content="image/jpeg" />
<!-- / Yoast SEO plugin. -->

La biblioteca del capítulo de Verona, con sus más de...
