{"id":46865,"date":"2023-04-14T17:20:25","date_gmt":"2023-04-14T15:20:25","guid":{"rendered":"https:\/\/www.exenia.eu\/?post_type=progetti&#038;p=46865"},"modified":"2023-04-18T17:09:54","modified_gmt":"2023-04-18T15:09:54","slug":"spazio-epic","status":"publish","type":"progetti","link":"https:\/\/restyling.exenia.eu\/es\/proyectos\/spazio-epic\/","title":{"rendered":"Spazio Epic"},"content":{"rendered":"<p>El espacio Epic del Foro Bonaparte de Mil\u00e1n ha sido objeto de un proyecto integral de interiorismo que ha caracterizado sus ambientes inspir\u00e1ndose en la actividad principal del cliente. Activa en el apoyo a las peque\u00f1as y medianas empresas, Epic ha querido trasladar este enfoque al mobiliario, favoreciendo un car\u00e1cter industrial, capaz de recordar el car\u00e1cter distintivo de la excelencia italiana.<\/p><p>El dise\u00f1o de la iluminaci\u00f3n intent\u00f3 reforzar y diversificar las caracter\u00edsticas espaciales de los espacios, de modo que en los espacios abiertos se opt\u00f3 por una secuencia de cuerpos lineales (Led Runner) con acabado corten y acero blanco (para el vest\u00edbulo), mientras que en las salas de reuniones se acentu\u00f3 la centralidad de los espacios con suspensiones circulares de doble emisi\u00f3n (Hola y Naboo). Por \u00faltimo, en el sal\u00f3n, el car\u00e1cter m\u00e1s informal se ha confiado a parejas de peque\u00f1as l\u00e1mparas de suspensi\u00f3n (IO) dirigidas a las dos mesas de acero.<\/p><p>El concepto de dise\u00f1o contemplaba la definici\u00f3n de las distintas estancias requeridas mediante un sistema de boiserie que ennoblece los espacios e integra el mobiliario con elementos empotrados. La boiserie est\u00e1 hecha de paneles OSB, un material t\u00edpicamente industrial, ligeramente lijados y pintados, lo que da un efecto vibrante y mat\u00e9rico a las superficies. Algunas mesas son de chapa y tubo de acero, mientras que las pizarras se han integrado en las paredes.<\/p><p><\/p>","protected":false},"excerpt":{"rendered":"<p>El espacio Epic del Foro Bonaparte de Mil\u00e1n ha sido&#8230;<\/p>\n","protected":false},"featured_media":46873,"parent":0,"menu_order":0,"template":"","meta":{"_acf_changed":false,"footnotes":""},"famiglia_progetto":[499,511,515,537],"applicazione_progetto":[338],"nazione_progetto":[731],"market":[639],"class_list":["post-46865","progetti","type-progetti","status-publish","has-post-thumbnail","hentry","famiglia_progetto-naboo-es","famiglia_progetto-led-runner-es","famiglia_progetto-io-led-es","famiglia_progetto-hola-es","applicazione_progetto-iluminacion-difusa","nazione_progetto-italia","market-office"],"acf":[],"yoast_head":"<!-- This site is optimized with the Yoast SEO plugin v27.4 - https:\/\/yoast.com\/product\/yoast-seo-wordpress\/ -->\n<title>Spazio Epic | Exenia<\/title>\n<meta name=\"robots\" content=\"noindex, follow, max-snippet:-1, max-image-preview:large, max-video-preview:-1\" \/>\n<meta property=\"og:locale\" content=\"es_ES\" \/>\n<meta property=\"og:type\" content=\"article\" \/>\n<meta property=\"og:title\" content=\"Spazio Epic | Exenia\" \/>\n<meta property=\"og:description\" content=\"El espacio Epic del Foro Bonaparte de Mil\u00e1n ha sido...\" \/>\n<meta property=\"og:url\" content=\"https:\/\/restyling.exenia.eu\/es\/proyectos\/spazio-epic\/\" \/>\n<meta property=\"og:site_name\" content=\"Exenia\" \/>\n<meta property=\"article:publisher\" content=\"https:\/\/www.facebook.com\/exenialighting\" \/>\n<meta property=\"article:modified_time\" content=\"2023-04-18T15:09:54+00:00\" \/>\n<meta property=\"og:image\" content=\"https:\/\/restyling.exenia.eu\/wp-content\/uploads\/2023\/03\/0D7A7388-scaled.jpg\" \/>\n\t<meta property=\"og:image:width\" content=\"2560\" \/>\n\t<meta property=\"og:image:height\" content=\"1707\" \/>\n\t<meta property=\"og:image:type\" content=\"image\/jpeg\" \/>\n<!-- \/ Yoast SEO plugin. -->","yoast_head_json":{"title":"Spazio Epic | Exenia","robots":{"index":"noindex","follow":"follow","max-snippet":"max-snippet:-1","max-image-preview":"max-image-preview:large","max-video-preview":"max-video-preview:-1"},"og_locale":"es_ES","og_type":"article","og_title":"Spazio Epic | Exenia","og_description":"El espacio Epic del Foro Bonaparte de Mil\u00e1n ha sido...","og_url":"https:\/\/restyling.exenia.eu\/es\/proyectos\/spazio-epic\/","og_site_name":"Exenia","article_publisher":"https:\/\/www.facebook.com\/exenialighting","article_modified_time":"2023-04-18T15:09:54+00:00","og_image":[{"width":2560,"height":1707,"url":"https:\/\/restyling.exenia.eu\/wp-content\/uploads\/2023\/03\/0D7A7388-scaled.jpg","type":"image\/jpeg"}],"schema":{"@context":"https:\/\/schema.org","@graph":[{"@type":"WebPage","@id":"https:\/\/restyling.exenia.eu\/es\/proyectos\/spazio-epic\/","url":"https:\/\/restyling.exenia.eu\/es\/proyectos\/spazio-epic\/","name":"Spazio Epic | Exenia","isPartOf":{"@id":"https:\/\/restyling.exenia.eu\/#website"},"primaryImageOfPage":{"@id":"https:\/\/restyling.exenia.eu\/es\/proyectos\/spazio-epic\/#primaryimage"},"image":{"@id":"https:\/\/restyling.exenia.eu\/es\/proyectos\/spazio-epic\/#primaryimage"},"thumbnailUrl":"https:\/\/restyling.exenia.eu\/wp-content\/uploads\/2023\/03\/0D7A7388-scaled.jpg","datePublished":"2023-04-14T15:20:25+00:00","dateModified":"2023-04-18T15:09:54+00:00","breadcrumb":{"@id":"https:\/\/restyling.exenia.eu\/es\/proyectos\/spazio-epic\/#breadcrumb"},"inLanguage":"es","potentialAction":[{"@type":"ReadAction","target":["https:\/\/restyling.exenia.eu\/es\/proyectos\/spazio-epic\/"]}]},{"@type":"ImageObject","inLanguage":"es","@id":"https:\/\/restyling.exenia.eu\/es\/proyectos\/spazio-epic\/#primaryimage","url":"https:\/\/restyling.exenia.eu\/wp-content\/uploads\/2023\/03\/0D7A7388-scaled.jpg","contentUrl":"https:\/\/restyling.exenia.eu\/wp-content\/uploads\/2023\/03\/0D7A7388-scaled.jpg","width":2560,"height":1707},{"@type":"BreadcrumbList","@id":"https:\/\/restyling.exenia.eu\/es\/proyectos\/spazio-epic\/#breadcrumb","itemListElement":[{"@type":"ListItem","position":1,"name":"Home","item":"https:\/\/restyling.exenia.eu\/"},{"@type":"ListItem","position":2,"name":"Progetti","item":"https:\/\/restyling.exenia.eu\/progetti\/"},{"@type":"ListItem","position":3,"name":"Spazio Epic"}]},{"@type":"WebSite","@id":"https:\/\/restyling.exenia.eu\/#website","url":"https:\/\/restyling.exenia.eu\/","name":"Exenia","description":"","publisher":{"@id":"https:\/\/restyling.exenia.eu\/#organization"},"potentialAction":[{"@type":"SearchAction","target":{"@type":"EntryPoint","urlTemplate":"https:\/\/restyling.exenia.eu\/?s={search_term_string}"},"query-input":{"@type":"PropertyValueSpecification","valueRequired":true,"valueName":"search_term_string"}}],"inLanguage":"es"},{"@type":"Organization","@id":"https:\/\/restyling.exenia.eu\/#organization","name":"Exenia","url":"https:\/\/restyling.exenia.eu\/","logo":{"@type":"ImageObject","inLanguage":"es","@id":"https:\/\/restyling.exenia.eu\/#\/schema\/logo\/image\/","url":"https:\/\/restyling.exenia.eu\/wp-content\/uploads\/2022\/09\/logo_exenia-e1678467519405.png","contentUrl":"https:\/\/restyling.exenia.eu\/wp-content\/uploads\/2022\/09\/logo_exenia-e1678467519405.png","width":600,"height":194,"caption":"Exenia"},"image":{"@id":"https:\/\/restyling.exenia.eu\/#\/schema\/logo\/image\/"},"sameAs":["https:\/\/www.facebook.com\/exenialighting","https:\/\/x.com\/ExeniaLighting"]}]}},"_links":{"self":[{"href":"https:\/\/restyling.exenia.eu\/es\/wp-json\/wp\/v2\/progetti\/46865","targetHints":{"allow":["GET"]}}],"collection":[{"href":"https:\/\/restyling.exenia.eu\/es\/wp-json\/wp\/v2\/progetti"}],"about":[{"href":"https:\/\/restyling.exenia.eu\/es\/wp-json\/wp\/v2\/types\/progetti"}],"version-history":[{"count":0,"href":"https:\/\/restyling.exenia.eu\/es\/wp-json\/wp\/v2\/progetti\/46865\/revisions"}],"wp:featuredmedia":[{"embeddable":true,"href":"https:\/\/restyling.exenia.eu\/es\/wp-json\/wp\/v2\/media\/46873"}],"wp:attachment":[{"href":"https:\/\/restyling.exenia.eu\/es\/wp-json\/wp\/v2\/media?parent=46865"}],"wp:term":[{"taxonomy":"famiglia_progetto","embeddable":true,"href":"https:\/\/restyling.exenia.eu\/es\/wp-json\/wp\/v2\/famiglia_progetto?post=46865"},{"taxonomy":"applicazione_progetto","embeddable":true,"href":"https:\/\/restyling.exenia.eu\/es\/wp-json\/wp\/v2\/applicazione_progetto?post=46865"},{"taxonomy":"nazione_progetto","embeddable":true,"href":"https:\/\/restyling.exenia.eu\/es\/wp-json\/wp\/v2\/nazione_progetto?post=46865"},{"taxonomy":"market","embeddable":true,"href":"https:\/\/restyling.exenia.eu\/es\/wp-json\/wp\/v2\/market?post=46865"}],"curies":[{"name":"wp","href":"https:\/\/api.w.org\/{rel}","templated":true}]}}

<p>El espacio Epic del Foro Bonaparte de Milán ha sido objeto de un proyecto integral de interiorismo que ha caracterizado sus ambientes inspirándose en la actividad principal del cliente. Activa en el apoyo a las pequeñas y medianas empresas, Epic ha querido trasladar este enfoque al mobiliario, favoreciendo un carácter industrial, capaz de recordar el carácter distintivo de la excelencia italiana.</p><p>El diseño de la iluminación intentó reforzar y diversificar las características espaciales de los espacios, de modo que en los espacios abiertos se optó por una secuencia de cuerpos lineales (Led Runner) con acabado corten y acero blanco (para el vestíbulo), mientras que en las salas de reuniones se acentuó la centralidad de los espacios con suspensiones circulares de doble emisión (Hola y Naboo). Por último, en el salón, el carácter más informal se ha confiado a parejas de pequeñas lámparas de suspensión (IO) dirigidas a las dos mesas de acero.</p><p>El concepto de diseño contemplaba la definición de las distintas estancias requeridas mediante un sistema de boiserie que ennoblece los espacios e integra el mobiliario con elementos empotrados. La boiserie está hecha de paneles OSB, un material típicamente industrial, ligeramente lijados y pintados, lo que da un efecto vibrante y matérico a las superficies. Algunas mesas son de chapa y tubo de acero, mientras que las pizarras se han integrado en las paredes.</p><p></p>

<p>El espacio Epic del Foro Bonaparte de Milán ha sido&#8230;</p>

<!-- This site is optimized with the Yoast SEO plugin v27.4 - https://yoast.com/product/yoast-seo-wordpress/ -->
<title>Spazio Epic | Exenia</title>
<meta name="robots" content="noindex, follow, max-snippet:-1, max-image-preview:large, max-video-preview:-1" />
<meta property="og:locale" content="es_ES" />
<meta property="og:type" content="article" />
<meta property="og:title" content="Spazio Epic | Exenia" />
<meta property="og:description" content="El espacio Epic del Foro Bonaparte de Milán ha sido..." />
<meta property="og:url" content="https://restyling.exenia.eu/es/proyectos/spazio-epic/" />
<meta property="og:site_name" content="Exenia" />
<meta property="article:publisher" content="https://www.facebook.com/exenialighting" />
<meta property="article:modified_time" content="2023-04-18T15:09:54+00:00" />
<meta property="og:image" content="https://restyling.exenia.eu/wp-content/uploads/2023/03/0D7A7388-scaled.jpg" />
	<meta property="og:image:width" content="2560" />
	<meta property="og:image:height" content="1707" />
	<meta property="og:image:type" content="image/jpeg" />
<!-- / Yoast SEO plugin. -->

El espacio Epic del Foro Bonaparte de Milán ha sido...
