{"id":47997,"date":"2023-05-05T11:07:30","date_gmt":"2023-05-05T09:07:30","guid":{"rendered":"https:\/\/www.exenia.eu\/?post_type=progetti&#038;p=47997"},"modified":"2023-05-05T11:24:48","modified_gmt":"2023-05-05T09:24:48","slug":"develers-headquarters","status":"publish","type":"progetti","link":"https:\/\/restyling.exenia.eu\/es\/proyectos\/develers-headquarters\/","title":{"rendered":"Develer&#8217;s headquarters"},"content":{"rendered":"<p>El proyecto de la nueva sede de Develer en Campi Bisenzio, empresa toscana especializada en el dise\u00f1o de software y hardware, se confi\u00f3 a MDU Architetti de Prato. Las obras de renovaci\u00f3n afectaron a dos edificios artesanales situados en la parte norte de la ciudad, en una zona que ya alberga numerosas actividades productivas de alto perfil tecnol\u00f3gico y comercial.<\/p><p>Para la nueva sede de Develer, la amplitud de la oferta de Exenia permite un enfoque transversal de las distintas \u00e1reas de dise\u00f1o, y las prestaciones \u00f3pticas permiten el uso de luminarias compactas y miniaturizadas. Se seleccionaron varios productos en funci\u00f3n de las m\u00faltiples necesidades de iluminaci\u00f3n de las salas. La atenci\u00f3n se centr\u00f3 en Mag, que necesita haces cenitales estrechos y definidos. Los proyectores M2 y M3 para la iluminaci\u00f3n de acento y Bilux para la iluminaci\u00f3n general controlada. La luz suave y difusa de Bola LED permite una distribuci\u00f3n de 360\u00b0 en un r\u00f3tulo gr\u00e1fico m\u00ednimo pero eficaz. Toda la instalaci\u00f3n est\u00e1 equipada con un sistema centralizado de control y regulaci\u00f3n.<\/p>","protected":false},"excerpt":{"rendered":"<p>El proyecto de la nueva sede de Develer en Campi&#8230;<\/p>\n","protected":false},"featured_media":47998,"parent":0,"menu_order":0,"template":"","meta":{"_acf_changed":false,"footnotes":""},"famiglia_progetto":[520,550,576],"applicazione_progetto":[333,338,339],"nazione_progetto":[731],"market":[639],"class_list":["post-47997","progetti","type-progetti","status-publish","has-post-thumbnail","hentry","famiglia_progetto-mag-es","famiglia_progetto-bilux-es","famiglia_progetto-m-serie","applicazione_progetto-iluminacion-de-acentuacion","applicazione_progetto-iluminacion-difusa","applicazione_progetto-proyeccion","nazione_progetto-italia","market-office"],"acf":[],"yoast_head":"<!-- This site is optimized with the Yoast SEO plugin v27.4 - https:\/\/yoast.com\/product\/yoast-seo-wordpress\/ -->\n<title>Develer&#8217;s headquarters | Exenia<\/title>\n<meta name=\"robots\" content=\"noindex, follow, max-snippet:-1, max-image-preview:large, max-video-preview:-1\" \/>\n<meta property=\"og:locale\" content=\"es_ES\" \/>\n<meta property=\"og:type\" content=\"article\" \/>\n<meta property=\"og:title\" content=\"Develer&#8217;s headquarters | Exenia\" \/>\n<meta property=\"og:description\" content=\"El proyecto de la nueva sede de Develer en Campi...\" \/>\n<meta property=\"og:url\" content=\"https:\/\/restyling.exenia.eu\/es\/proyectos\/develers-headquarters\/\" \/>\n<meta property=\"og:site_name\" content=\"Exenia\" \/>\n<meta property=\"article:publisher\" content=\"https:\/\/www.facebook.com\/exenialighting\" \/>\n<meta property=\"article:modified_time\" content=\"2023-05-05T09:24:48+00:00\" \/>\n<meta property=\"og:image\" content=\"https:\/\/restyling.exenia.eu\/wp-content\/uploads\/2023\/04\/5_PietroSavorelli_Develer-23.03.2019152603.jpg\" \/>\n\t<meta property=\"og:image:width\" content=\"2156\" \/>\n\t<meta property=\"og:image:height\" content=\"1616\" \/>\n\t<meta property=\"og:image:type\" content=\"image\/jpeg\" \/>\n<!-- \/ Yoast SEO plugin. -->","yoast_head_json":{"title":"Develer&#8217;s headquarters | Exenia","robots":{"index":"noindex","follow":"follow","max-snippet":"max-snippet:-1","max-image-preview":"max-image-preview:large","max-video-preview":"max-video-preview:-1"},"og_locale":"es_ES","og_type":"article","og_title":"Develer&#8217;s headquarters | Exenia","og_description":"El proyecto de la nueva sede de Develer en Campi...","og_url":"https:\/\/restyling.exenia.eu\/es\/proyectos\/develers-headquarters\/","og_site_name":"Exenia","article_publisher":"https:\/\/www.facebook.com\/exenialighting","article_modified_time":"2023-05-05T09:24:48+00:00","og_image":[{"width":2156,"height":1616,"url":"https:\/\/restyling.exenia.eu\/wp-content\/uploads\/2023\/04\/5_PietroSavorelli_Develer-23.03.2019152603.jpg","type":"image\/jpeg"}],"schema":{"@context":"https:\/\/schema.org","@graph":[{"@type":"WebPage","@id":"https:\/\/restyling.exenia.eu\/es\/proyectos\/develers-headquarters\/","url":"https:\/\/restyling.exenia.eu\/es\/proyectos\/develers-headquarters\/","name":"Develer&#8217;s headquarters | Exenia","isPartOf":{"@id":"https:\/\/restyling.exenia.eu\/#website"},"primaryImageOfPage":{"@id":"https:\/\/restyling.exenia.eu\/es\/proyectos\/develers-headquarters\/#primaryimage"},"image":{"@id":"https:\/\/restyling.exenia.eu\/es\/proyectos\/develers-headquarters\/#primaryimage"},"thumbnailUrl":"https:\/\/restyling.exenia.eu\/wp-content\/uploads\/2023\/04\/5_PietroSavorelli_Develer-23.03.2019152603.jpg","datePublished":"2023-05-05T09:07:30+00:00","dateModified":"2023-05-05T09:24:48+00:00","breadcrumb":{"@id":"https:\/\/restyling.exenia.eu\/es\/proyectos\/develers-headquarters\/#breadcrumb"},"inLanguage":"es","potentialAction":[{"@type":"ReadAction","target":["https:\/\/restyling.exenia.eu\/es\/proyectos\/develers-headquarters\/"]}]},{"@type":"ImageObject","inLanguage":"es","@id":"https:\/\/restyling.exenia.eu\/es\/proyectos\/develers-headquarters\/#primaryimage","url":"https:\/\/restyling.exenia.eu\/wp-content\/uploads\/2023\/04\/5_PietroSavorelli_Develer-23.03.2019152603.jpg","contentUrl":"https:\/\/restyling.exenia.eu\/wp-content\/uploads\/2023\/04\/5_PietroSavorelli_Develer-23.03.2019152603.jpg","width":2156,"height":1616},{"@type":"BreadcrumbList","@id":"https:\/\/restyling.exenia.eu\/es\/proyectos\/develers-headquarters\/#breadcrumb","itemListElement":[{"@type":"ListItem","position":1,"name":"Home","item":"https:\/\/restyling.exenia.eu\/"},{"@type":"ListItem","position":2,"name":"Progetti","item":"https:\/\/restyling.exenia.eu\/progetti\/"},{"@type":"ListItem","position":3,"name":"Develer&#8217;s headquarters"}]},{"@type":"WebSite","@id":"https:\/\/restyling.exenia.eu\/#website","url":"https:\/\/restyling.exenia.eu\/","name":"Exenia","description":"","publisher":{"@id":"https:\/\/restyling.exenia.eu\/#organization"},"potentialAction":[{"@type":"SearchAction","target":{"@type":"EntryPoint","urlTemplate":"https:\/\/restyling.exenia.eu\/?s={search_term_string}"},"query-input":{"@type":"PropertyValueSpecification","valueRequired":true,"valueName":"search_term_string"}}],"inLanguage":"es"},{"@type":"Organization","@id":"https:\/\/restyling.exenia.eu\/#organization","name":"Exenia","url":"https:\/\/restyling.exenia.eu\/","logo":{"@type":"ImageObject","inLanguage":"es","@id":"https:\/\/restyling.exenia.eu\/#\/schema\/logo\/image\/","url":"https:\/\/restyling.exenia.eu\/wp-content\/uploads\/2022\/09\/logo_exenia-e1678467519405.png","contentUrl":"https:\/\/restyling.exenia.eu\/wp-content\/uploads\/2022\/09\/logo_exenia-e1678467519405.png","width":600,"height":194,"caption":"Exenia"},"image":{"@id":"https:\/\/restyling.exenia.eu\/#\/schema\/logo\/image\/"},"sameAs":["https:\/\/www.facebook.com\/exenialighting","https:\/\/x.com\/ExeniaLighting"]}]}},"_links":{"self":[{"href":"https:\/\/restyling.exenia.eu\/es\/wp-json\/wp\/v2\/progetti\/47997","targetHints":{"allow":["GET"]}}],"collection":[{"href":"https:\/\/restyling.exenia.eu\/es\/wp-json\/wp\/v2\/progetti"}],"about":[{"href":"https:\/\/restyling.exenia.eu\/es\/wp-json\/wp\/v2\/types\/progetti"}],"version-history":[{"count":0,"href":"https:\/\/restyling.exenia.eu\/es\/wp-json\/wp\/v2\/progetti\/47997\/revisions"}],"wp:featuredmedia":[{"embeddable":true,"href":"https:\/\/restyling.exenia.eu\/es\/wp-json\/wp\/v2\/media\/47998"}],"wp:attachment":[{"href":"https:\/\/restyling.exenia.eu\/es\/wp-json\/wp\/v2\/media?parent=47997"}],"wp:term":[{"taxonomy":"famiglia_progetto","embeddable":true,"href":"https:\/\/restyling.exenia.eu\/es\/wp-json\/wp\/v2\/famiglia_progetto?post=47997"},{"taxonomy":"applicazione_progetto","embeddable":true,"href":"https:\/\/restyling.exenia.eu\/es\/wp-json\/wp\/v2\/applicazione_progetto?post=47997"},{"taxonomy":"nazione_progetto","embeddable":true,"href":"https:\/\/restyling.exenia.eu\/es\/wp-json\/wp\/v2\/nazione_progetto?post=47997"},{"taxonomy":"market","embeddable":true,"href":"https:\/\/restyling.exenia.eu\/es\/wp-json\/wp\/v2\/market?post=47997"}],"curies":[{"name":"wp","href":"https:\/\/api.w.org\/{rel}","templated":true}]}}

<p>El proyecto de la nueva sede de Develer en Campi Bisenzio, empresa toscana especializada en el diseño de software y hardware, se confió a MDU Architetti de Prato. Las obras de renovación afectaron a dos edificios artesanales situados en la parte norte de la ciudad, en una zona que ya alberga numerosas actividades productivas de alto perfil tecnológico y comercial.</p><p>Para la nueva sede de Develer, la amplitud de la oferta de Exenia permite un enfoque transversal de las distintas áreas de diseño, y las prestaciones ópticas permiten el uso de luminarias compactas y miniaturizadas. Se seleccionaron varios productos en función de las múltiples necesidades de iluminación de las salas. La atención se centró en Mag, que necesita haces cenitales estrechos y definidos. Los proyectores M2 y M3 para la iluminación de acento y Bilux para la iluminación general controlada. La luz suave y difusa de Bola LED permite una distribución de 360° en un rótulo gráfico mínimo pero eficaz. Toda la instalación está equipada con un sistema centralizado de control y regulación.</p>
