{"id":50100,"date":"2023-07-11T17:35:21","date_gmt":"2023-07-11T15:35:21","guid":{"rendered":"https:\/\/www.exenia.eu\/progetti\/museo-de-belas-artes-da-coruna\/"},"modified":"2023-07-14T10:27:12","modified_gmt":"2023-07-14T08:27:12","slug":"museo-de-belas-artes-da-coruna","status":"publish","type":"progetti","link":"https:\/\/restyling.exenia.eu\/es\/proyectos\/museo-de-belas-artes-da-coruna\/","title":{"rendered":"Museo de Belas Artes da Coru\u00f1a"},"content":{"rendered":"<p>Con motivo del cincuentenario de la muerte de <strong>Pablo Picasso<\/strong>, la Xunta de Galicia promueve el 8 de abril de 2023 esta exposici\u00f3n monogr\u00e1fica: Picasso blanco en el recuerdo azul. Dibujando el futuro (<strong>Picasso branco no recordo azul. Debuxando o futuro<\/strong>). Exposici\u00f3n temporal en el Museo de Bellas Artes de La Coru\u00f1a, ciudad donde Picasso pas\u00f3 parte de su infancia.<\/p><p>Iluminamos algunas de las obras con nuestros proyectores Spot Revo 230.<\/p><p>El t\u00edtulo de la exposici\u00f3n est\u00e1 tomado de uno de sus poemas, cuyos versos aluden a los colores azul y blanco, que evocan una fuerte identidad en la Coru\u00f1a desde mediados del siglo XIX y que el propio Picasso lleg\u00f3 a identificar con la ciudad donde vivi\u00f3 y se form\u00f3 como artista.<\/p>","protected":false},"excerpt":{"rendered":"<p>Con motivo del cincuentenario de la muerte de Pablo Picasso,&#8230;<\/p>\n","protected":false},"featured_media":50102,"parent":0,"menu_order":0,"template":"","meta":{"_acf_changed":false,"footnotes":""},"famiglia_progetto":[5726],"applicazione_progetto":[339],"nazione_progetto":[739],"market":[638],"class_list":["post-50100","progetti","type-progetti","status-publish","has-post-thumbnail","hentry","famiglia_progetto-spot-revo-230-medium-es","applicazione_progetto-proyeccion","nazione_progetto-espana","market-lugares-de-culto-monumentos-y-museos"],"acf":[],"yoast_head":"<!-- This site is optimized with the Yoast SEO plugin v27.4 - https:\/\/yoast.com\/product\/yoast-seo-wordpress\/ -->\n<title>Museo de Belas Artes da Coru\u00f1a | Exenia<\/title>\n<meta name=\"robots\" content=\"noindex, follow, max-snippet:-1, max-image-preview:large, max-video-preview:-1\" \/>\n<meta property=\"og:locale\" content=\"es_ES\" \/>\n<meta property=\"og:type\" content=\"article\" \/>\n<meta property=\"og:title\" content=\"Museo de Belas Artes da Coru\u00f1a | Exenia\" \/>\n<meta property=\"og:description\" content=\"Con motivo del cincuentenario de la muerte de Pablo Picasso,...\" \/>\n<meta property=\"og:url\" content=\"https:\/\/restyling.exenia.eu\/es\/proyectos\/museo-de-belas-artes-da-coruna\/\" \/>\n<meta property=\"og:site_name\" content=\"Exenia\" \/>\n<meta property=\"article:publisher\" content=\"https:\/\/www.facebook.com\/exenialighting\" \/>\n<meta property=\"article:modified_time\" content=\"2023-07-14T08:27:12+00:00\" \/>\n<meta property=\"og:image\" content=\"https:\/\/restyling.exenia.eu\/wp-content\/uploads\/2023\/07\/1-scaled.jpg\" \/>\n\t<meta property=\"og:image:width\" content=\"1943\" \/>\n\t<meta property=\"og:image:height\" content=\"2560\" \/>\n\t<meta property=\"og:image:type\" content=\"image\/jpeg\" \/>\n<!-- \/ Yoast SEO plugin. -->","yoast_head_json":{"title":"Museo de Belas Artes da Coru\u00f1a | Exenia","robots":{"index":"noindex","follow":"follow","max-snippet":"max-snippet:-1","max-image-preview":"max-image-preview:large","max-video-preview":"max-video-preview:-1"},"og_locale":"es_ES","og_type":"article","og_title":"Museo de Belas Artes da Coru\u00f1a | Exenia","og_description":"Con motivo del cincuentenario de la muerte de Pablo Picasso,...","og_url":"https:\/\/restyling.exenia.eu\/es\/proyectos\/museo-de-belas-artes-da-coruna\/","og_site_name":"Exenia","article_publisher":"https:\/\/www.facebook.com\/exenialighting","article_modified_time":"2023-07-14T08:27:12+00:00","og_image":[{"width":1943,"height":2560,"url":"https:\/\/restyling.exenia.eu\/wp-content\/uploads\/2023\/07\/1-scaled.jpg","type":"image\/jpeg"}],"schema":{"@context":"https:\/\/schema.org","@graph":[{"@type":"WebPage","@id":"https:\/\/restyling.exenia.eu\/es\/proyectos\/museo-de-belas-artes-da-coruna\/","url":"https:\/\/restyling.exenia.eu\/es\/proyectos\/museo-de-belas-artes-da-coruna\/","name":"Museo de Belas Artes da Coru\u00f1a | Exenia","isPartOf":{"@id":"https:\/\/restyling.exenia.eu\/#website"},"primaryImageOfPage":{"@id":"https:\/\/restyling.exenia.eu\/es\/proyectos\/museo-de-belas-artes-da-coruna\/#primaryimage"},"image":{"@id":"https:\/\/restyling.exenia.eu\/es\/proyectos\/museo-de-belas-artes-da-coruna\/#primaryimage"},"thumbnailUrl":"https:\/\/restyling.exenia.eu\/wp-content\/uploads\/2023\/07\/1-scaled.jpg","datePublished":"2023-07-11T15:35:21+00:00","dateModified":"2023-07-14T08:27:12+00:00","breadcrumb":{"@id":"https:\/\/restyling.exenia.eu\/es\/proyectos\/museo-de-belas-artes-da-coruna\/#breadcrumb"},"inLanguage":"es","potentialAction":[{"@type":"ReadAction","target":["https:\/\/restyling.exenia.eu\/es\/proyectos\/museo-de-belas-artes-da-coruna\/"]}]},{"@type":"ImageObject","inLanguage":"es","@id":"https:\/\/restyling.exenia.eu\/es\/proyectos\/museo-de-belas-artes-da-coruna\/#primaryimage","url":"https:\/\/restyling.exenia.eu\/wp-content\/uploads\/2023\/07\/1-scaled.jpg","contentUrl":"https:\/\/restyling.exenia.eu\/wp-content\/uploads\/2023\/07\/1-scaled.jpg","width":1943,"height":2560},{"@type":"BreadcrumbList","@id":"https:\/\/restyling.exenia.eu\/es\/proyectos\/museo-de-belas-artes-da-coruna\/#breadcrumb","itemListElement":[{"@type":"ListItem","position":1,"name":"Home","item":"https:\/\/restyling.exenia.eu\/"},{"@type":"ListItem","position":2,"name":"Progetti","item":"https:\/\/restyling.exenia.eu\/progetti\/"},{"@type":"ListItem","position":3,"name":"Museo de Belas Artes da Coru\u00f1a"}]},{"@type":"WebSite","@id":"https:\/\/restyling.exenia.eu\/#website","url":"https:\/\/restyling.exenia.eu\/","name":"Exenia","description":"","publisher":{"@id":"https:\/\/restyling.exenia.eu\/#organization"},"potentialAction":[{"@type":"SearchAction","target":{"@type":"EntryPoint","urlTemplate":"https:\/\/restyling.exenia.eu\/?s={search_term_string}"},"query-input":{"@type":"PropertyValueSpecification","valueRequired":true,"valueName":"search_term_string"}}],"inLanguage":"es"},{"@type":"Organization","@id":"https:\/\/restyling.exenia.eu\/#organization","name":"Exenia","url":"https:\/\/restyling.exenia.eu\/","logo":{"@type":"ImageObject","inLanguage":"es","@id":"https:\/\/restyling.exenia.eu\/#\/schema\/logo\/image\/","url":"https:\/\/restyling.exenia.eu\/wp-content\/uploads\/2022\/09\/logo_exenia-e1678467519405.png","contentUrl":"https:\/\/restyling.exenia.eu\/wp-content\/uploads\/2022\/09\/logo_exenia-e1678467519405.png","width":600,"height":194,"caption":"Exenia"},"image":{"@id":"https:\/\/restyling.exenia.eu\/#\/schema\/logo\/image\/"},"sameAs":["https:\/\/www.facebook.com\/exenialighting","https:\/\/x.com\/ExeniaLighting"]}]}},"_links":{"self":[{"href":"https:\/\/restyling.exenia.eu\/es\/wp-json\/wp\/v2\/progetti\/50100","targetHints":{"allow":["GET"]}}],"collection":[{"href":"https:\/\/restyling.exenia.eu\/es\/wp-json\/wp\/v2\/progetti"}],"about":[{"href":"https:\/\/restyling.exenia.eu\/es\/wp-json\/wp\/v2\/types\/progetti"}],"version-history":[{"count":0,"href":"https:\/\/restyling.exenia.eu\/es\/wp-json\/wp\/v2\/progetti\/50100\/revisions"}],"wp:featuredmedia":[{"embeddable":true,"href":"https:\/\/restyling.exenia.eu\/es\/wp-json\/wp\/v2\/media\/50102"}],"wp:attachment":[{"href":"https:\/\/restyling.exenia.eu\/es\/wp-json\/wp\/v2\/media?parent=50100"}],"wp:term":[{"taxonomy":"famiglia_progetto","embeddable":true,"href":"https:\/\/restyling.exenia.eu\/es\/wp-json\/wp\/v2\/famiglia_progetto?post=50100"},{"taxonomy":"applicazione_progetto","embeddable":true,"href":"https:\/\/restyling.exenia.eu\/es\/wp-json\/wp\/v2\/applicazione_progetto?post=50100"},{"taxonomy":"nazione_progetto","embeddable":true,"href":"https:\/\/restyling.exenia.eu\/es\/wp-json\/wp\/v2\/nazione_progetto?post=50100"},{"taxonomy":"market","embeddable":true,"href":"https:\/\/restyling.exenia.eu\/es\/wp-json\/wp\/v2\/market?post=50100"}],"curies":[{"name":"wp","href":"https:\/\/api.w.org\/{rel}","templated":true}]}}

Museo de Belas Artes da Coruña

<p>Con motivo del cincuentenario de la muerte de <strong>Pablo Picasso</strong>, la Xunta de Galicia promueve el 8 de abril de 2023 esta exposición monográfica: Picasso blanco en el recuerdo azul. Dibujando el futuro (<strong>Picasso branco no recordo azul. Debuxando o futuro</strong>). Exposición temporal en el Museo de Bellas Artes de La Coruña, ciudad donde Picasso pasó parte de su infancia.</p><p>Iluminamos algunas de las obras con nuestros proyectores Spot Revo 230.</p><p>El título de la exposición está tomado de uno de sus poemas, cuyos versos aluden a los colores azul y blanco, que evocan una fuerte identidad en la Coruña desde mediados del siglo XIX y que el propio Picasso llegó a identificar con la ciudad donde vivió y se formó como artista.</p>

<!-- This site is optimized with the Yoast SEO plugin v27.4 - https://yoast.com/product/yoast-seo-wordpress/ -->
<title>Museo de Belas Artes da Coruña | Exenia</title>
<meta name="robots" content="noindex, follow, max-snippet:-1, max-image-preview:large, max-video-preview:-1" />
<meta property="og:locale" content="es_ES" />
<meta property="og:type" content="article" />
<meta property="og:title" content="Museo de Belas Artes da Coruña | Exenia" />
<meta property="og:description" content="Con motivo del cincuentenario de la muerte de Pablo Picasso,..." />
<meta property="og:url" content="https://restyling.exenia.eu/es/proyectos/museo-de-belas-artes-da-coruna/" />
<meta property="og:site_name" content="Exenia" />
<meta property="article:publisher" content="https://www.facebook.com/exenialighting" />
<meta property="article:modified_time" content="2023-07-14T08:27:12+00:00" />
<meta property="og:image" content="https://restyling.exenia.eu/wp-content/uploads/2023/07/1-scaled.jpg" />
	<meta property="og:image:width" content="1943" />
	<meta property="og:image:height" content="2560" />
	<meta property="og:image:type" content="image/jpeg" />
<!-- / Yoast SEO plugin. -->

Museo de Belas Artes da Coruña | Exenia
