{"id":52246,"date":"2024-03-20T14:42:31","date_gmt":"2024-03-20T13:42:31","guid":{"rendered":"https:\/\/www.exenia.eu\/?post_type=progetti&#038;p=52246"},"modified":"2024-04-03T12:12:51","modified_gmt":"2024-04-03T10:12:51","slug":"parador-de-muxia","status":"publish","type":"progetti","link":"https:\/\/restyling.exenia.eu\/es\/proyectos\/parador-de-muxia\/","title":{"rendered":"Parador De Muxia"},"content":{"rendered":"<p>En colaboraci\u00f3n con la empresa <a href=\"https:\/\/sutecsistemas.com\">Sutec<\/a>, iluminamos el prestigioso hotel Parador de Mux\u00eda gracias a un proyecto a medida.<br>Un hotel de dise\u00f1o contempor\u00e1neo con vistas a una hermosa bah\u00eda en la regi\u00f3n de Galicia, Espa\u00f1a.<\/p><p>El objetivo del proyecto era proporcionar a los hu\u00e9spedes un excelente nivel de confort y bienestar y realzar los espacios del hotel mediante soluciones de iluminaci\u00f3n espec\u00edficas.<\/p><p>En los pasillos y las habitaciones, elegimos los productos <a href=\"https:\/\/restyling.exenia.eu\/es\/producto\/pluriel-empotrable\/\">Pluriel<\/a> y <a href=\"https:\/\/restyling.exenia.eu\/es\/producto\/pluriel-micro-empotrable\/\">Pluriel Micro<\/a>, seleccionados por su fiabilidad y confort visual. Estas soluciones proporcionan una iluminaci\u00f3n uniforme, contribuyendo a crear un ambiente acogedor y funcional para los hu\u00e9spedes.<\/p><p>Para las zonas comunes, utilizamos el sistema de carril electrificado <a href=\"https:\/\/restyling.exenia.eu\/es\/producto\/carril-48\/\">Track 48<\/a>, complementado con soportes de suspensi\u00f3n personalizados, para satisfacer los requisitos espec\u00edficos del cliente. Esta soluci\u00f3n ofrece una distribuci\u00f3n \u00f3ptima de la luz, contribuyendo a crear un ambiente agradable y confortable.<\/p><p>Por \u00faltimo, seleccionamos los proyectores <a href=\"https:\/\/restyling.exenia.eu\/es\/producto\/spot-48-48-rt\/\">Spot 48<\/a> y <a href=\"https:\/\/restyling.exenia.eu\/es\/producto\/spot-plus-48-48-rt\/\">Spot 48 Plus DALI<\/a> para iluminar las obras de arte expuestas, resaltando su belleza y elegancia. Gracias a estos proyectores, se resaltan todos los detalles de las obras, enriqueciendo la experiencia visual de los visitantes.<\/p><p>El Parador de Mux\u00eda es un hito en la regi\u00f3n, no s\u00f3lo por su belleza arquitect\u00f3nica, sino tambi\u00e9n por su importancia hist\u00f3rica y medioambiental. Estamos orgullosos de haber contribuido a su esplendor mediante soluciones de iluminaci\u00f3n personalizadas.<\/p>","protected":false},"excerpt":{"rendered":"<p>En colaboraci\u00f3n con la empresa Sutec, iluminamos el prestigioso hotel&#8230;<\/p>\n","protected":false},"featured_media":52248,"parent":0,"menu_order":0,"template":"","meta":{"_acf_changed":false,"footnotes":""},"famiglia_progetto":[565,582,594],"applicazione_progetto":[338,339],"nazione_progetto":[739],"market":[634],"class_list":["post-52246","progetti","type-progetti","status-publish","has-post-thumbnail","hentry","famiglia_progetto-pluriel-es","famiglia_progetto-spot-48-es","famiglia_progetto-track-48-es","applicazione_progetto-iluminacion-difusa","applicazione_progetto-proyeccion","nazione_progetto-espana","market-hospitality"],"acf":[],"yoast_head":"<!-- This site is optimized with the Yoast SEO plugin v27.4 - https:\/\/yoast.com\/product\/yoast-seo-wordpress\/ -->\n<title>Parador De Muxia | Exenia<\/title>\n<meta name=\"robots\" content=\"noindex, follow, max-snippet:-1, max-image-preview:large, max-video-preview:-1\" \/>\n<meta property=\"og:locale\" content=\"es_ES\" \/>\n<meta property=\"og:type\" content=\"article\" \/>\n<meta property=\"og:title\" content=\"Parador De Muxia | Exenia\" \/>\n<meta property=\"og:description\" content=\"En colaboraci\u00f3n con la empresa Sutec, iluminamos el prestigioso hotel...\" \/>\n<meta property=\"og:url\" content=\"https:\/\/restyling.exenia.eu\/es\/proyectos\/parador-de-muxia\/\" \/>\n<meta property=\"og:site_name\" content=\"Exenia\" \/>\n<meta property=\"article:publisher\" content=\"https:\/\/www.facebook.com\/exenialighting\" \/>\n<meta property=\"article:modified_time\" content=\"2024-04-03T10:12:51+00:00\" \/>\n<meta property=\"og:image\" content=\"https:\/\/restyling.exenia.eu\/wp-content\/uploads\/2024\/03\/Parador-Costa-da-Morte-4-Zonas-comunes.jpg\" \/>\n\t<meta property=\"og:image:width\" content=\"1619\" \/>\n\t<meta property=\"og:image:height\" content=\"1080\" \/>\n\t<meta property=\"og:image:type\" content=\"image\/jpeg\" \/>\n<!-- \/ Yoast SEO plugin. -->","yoast_head_json":{"title":"Parador De Muxia | Exenia","robots":{"index":"noindex","follow":"follow","max-snippet":"max-snippet:-1","max-image-preview":"max-image-preview:large","max-video-preview":"max-video-preview:-1"},"og_locale":"es_ES","og_type":"article","og_title":"Parador De Muxia | Exenia","og_description":"En colaboraci\u00f3n con la empresa Sutec, iluminamos el prestigioso hotel...","og_url":"https:\/\/restyling.exenia.eu\/es\/proyectos\/parador-de-muxia\/","og_site_name":"Exenia","article_publisher":"https:\/\/www.facebook.com\/exenialighting","article_modified_time":"2024-04-03T10:12:51+00:00","og_image":[{"width":1619,"height":1080,"url":"https:\/\/restyling.exenia.eu\/wp-content\/uploads\/2024\/03\/Parador-Costa-da-Morte-4-Zonas-comunes.jpg","type":"image\/jpeg"}],"schema":{"@context":"https:\/\/schema.org","@graph":[{"@type":"WebPage","@id":"https:\/\/restyling.exenia.eu\/es\/proyectos\/parador-de-muxia\/","url":"https:\/\/restyling.exenia.eu\/es\/proyectos\/parador-de-muxia\/","name":"Parador De Muxia | Exenia","isPartOf":{"@id":"https:\/\/restyling.exenia.eu\/#website"},"primaryImageOfPage":{"@id":"https:\/\/restyling.exenia.eu\/es\/proyectos\/parador-de-muxia\/#primaryimage"},"image":{"@id":"https:\/\/restyling.exenia.eu\/es\/proyectos\/parador-de-muxia\/#primaryimage"},"thumbnailUrl":"https:\/\/restyling.exenia.eu\/wp-content\/uploads\/2024\/03\/Parador-Costa-da-Morte-4-Zonas-comunes.jpg","datePublished":"2024-03-20T13:42:31+00:00","dateModified":"2024-04-03T10:12:51+00:00","breadcrumb":{"@id":"https:\/\/restyling.exenia.eu\/es\/proyectos\/parador-de-muxia\/#breadcrumb"},"inLanguage":"es","potentialAction":[{"@type":"ReadAction","target":["https:\/\/restyling.exenia.eu\/es\/proyectos\/parador-de-muxia\/"]}]},{"@type":"ImageObject","inLanguage":"es","@id":"https:\/\/restyling.exenia.eu\/es\/proyectos\/parador-de-muxia\/#primaryimage","url":"https:\/\/restyling.exenia.eu\/wp-content\/uploads\/2024\/03\/Parador-Costa-da-Morte-4-Zonas-comunes.jpg","contentUrl":"https:\/\/restyling.exenia.eu\/wp-content\/uploads\/2024\/03\/Parador-Costa-da-Morte-4-Zonas-comunes.jpg","width":1619,"height":1080},{"@type":"BreadcrumbList","@id":"https:\/\/restyling.exenia.eu\/es\/proyectos\/parador-de-muxia\/#breadcrumb","itemListElement":[{"@type":"ListItem","position":1,"name":"Home","item":"https:\/\/restyling.exenia.eu\/"},{"@type":"ListItem","position":2,"name":"Progetti","item":"https:\/\/restyling.exenia.eu\/progetti\/"},{"@type":"ListItem","position":3,"name":"Parador De Muxia"}]},{"@type":"WebSite","@id":"https:\/\/restyling.exenia.eu\/#website","url":"https:\/\/restyling.exenia.eu\/","name":"Exenia","description":"","publisher":{"@id":"https:\/\/restyling.exenia.eu\/#organization"},"potentialAction":[{"@type":"SearchAction","target":{"@type":"EntryPoint","urlTemplate":"https:\/\/restyling.exenia.eu\/?s={search_term_string}"},"query-input":{"@type":"PropertyValueSpecification","valueRequired":true,"valueName":"search_term_string"}}],"inLanguage":"es"},{"@type":"Organization","@id":"https:\/\/restyling.exenia.eu\/#organization","name":"Exenia","url":"https:\/\/restyling.exenia.eu\/","logo":{"@type":"ImageObject","inLanguage":"es","@id":"https:\/\/restyling.exenia.eu\/#\/schema\/logo\/image\/","url":"https:\/\/restyling.exenia.eu\/wp-content\/uploads\/2022\/09\/logo_exenia-e1678467519405.png","contentUrl":"https:\/\/restyling.exenia.eu\/wp-content\/uploads\/2022\/09\/logo_exenia-e1678467519405.png","width":600,"height":194,"caption":"Exenia"},"image":{"@id":"https:\/\/restyling.exenia.eu\/#\/schema\/logo\/image\/"},"sameAs":["https:\/\/www.facebook.com\/exenialighting","https:\/\/x.com\/ExeniaLighting"]}]}},"_links":{"self":[{"href":"https:\/\/restyling.exenia.eu\/es\/wp-json\/wp\/v2\/progetti\/52246","targetHints":{"allow":["GET"]}}],"collection":[{"href":"https:\/\/restyling.exenia.eu\/es\/wp-json\/wp\/v2\/progetti"}],"about":[{"href":"https:\/\/restyling.exenia.eu\/es\/wp-json\/wp\/v2\/types\/progetti"}],"version-history":[{"count":0,"href":"https:\/\/restyling.exenia.eu\/es\/wp-json\/wp\/v2\/progetti\/52246\/revisions"}],"wp:featuredmedia":[{"embeddable":true,"href":"https:\/\/restyling.exenia.eu\/es\/wp-json\/wp\/v2\/media\/52248"}],"wp:attachment":[{"href":"https:\/\/restyling.exenia.eu\/es\/wp-json\/wp\/v2\/media?parent=52246"}],"wp:term":[{"taxonomy":"famiglia_progetto","embeddable":true,"href":"https:\/\/restyling.exenia.eu\/es\/wp-json\/wp\/v2\/famiglia_progetto?post=52246"},{"taxonomy":"applicazione_progetto","embeddable":true,"href":"https:\/\/restyling.exenia.eu\/es\/wp-json\/wp\/v2\/applicazione_progetto?post=52246"},{"taxonomy":"nazione_progetto","embeddable":true,"href":"https:\/\/restyling.exenia.eu\/es\/wp-json\/wp\/v2\/nazione_progetto?post=52246"},{"taxonomy":"market","embeddable":true,"href":"https:\/\/restyling.exenia.eu\/es\/wp-json\/wp\/v2\/market?post=52246"}],"curies":[{"name":"wp","href":"https:\/\/api.w.org\/{rel}","templated":true}]}}

<p>En colaboración con la empresa <a href="https://sutecsistemas.com">Sutec</a>, iluminamos el prestigioso hotel Parador de Muxía gracias a un proyecto a medida.<br>Un hotel de diseño contemporáneo con vistas a una hermosa bahía en la región de Galicia, España.</p><p>El objetivo del proyecto era proporcionar a los huéspedes un excelente nivel de confort y bienestar y realzar los espacios del hotel mediante soluciones de iluminación específicas.</p><p>En los pasillos y las habitaciones, elegimos los productos <a href="https://restyling.exenia.eu/es/producto/pluriel-empotrable/">Pluriel</a> y <a href="https://restyling.exenia.eu/es/producto/pluriel-micro-empotrable/">Pluriel Micro</a>, seleccionados por su fiabilidad y confort visual. Estas soluciones proporcionan una iluminación uniforme, contribuyendo a crear un ambiente acogedor y funcional para los huéspedes.</p><p>Para las zonas comunes, utilizamos el sistema de carril electrificado <a href="https://restyling.exenia.eu/es/producto/carril-48/">Track 48</a>, complementado con soportes de suspensión personalizados, para satisfacer los requisitos específicos del cliente. Esta solución ofrece una distribución óptima de la luz, contribuyendo a crear un ambiente agradable y confortable.</p><p>Por último, seleccionamos los proyectores <a href="https://restyling.exenia.eu/es/producto/spot-48-48-rt/">Spot 48</a> y <a href="https://restyling.exenia.eu/es/producto/spot-plus-48-48-rt/">Spot 48 Plus DALI</a> para iluminar las obras de arte expuestas, resaltando su belleza y elegancia. Gracias a estos proyectores, se resaltan todos los detalles de las obras, enriqueciendo la experiencia visual de los visitantes.</p><p>El Parador de Muxía es un hito en la región, no sólo por su belleza arquitectónica, sino también por su importancia histórica y medioambiental. Estamos orgullosos de haber contribuido a su esplendor mediante soluciones de iluminación personalizadas.</p>

<p>En colaboración con la empresa Sutec, iluminamos el prestigioso hotel&#8230;</p>

<!-- This site is optimized with the Yoast SEO plugin v27.4 - https://yoast.com/product/yoast-seo-wordpress/ -->
<title>Parador De Muxia | Exenia</title>
<meta name="robots" content="noindex, follow, max-snippet:-1, max-image-preview:large, max-video-preview:-1" />
<meta property="og:locale" content="es_ES" />
<meta property="og:type" content="article" />
<meta property="og:title" content="Parador De Muxia | Exenia" />
<meta property="og:description" content="En colaboración con la empresa Sutec, iluminamos el prestigioso hotel..." />
<meta property="og:url" content="https://restyling.exenia.eu/es/proyectos/parador-de-muxia/" />
<meta property="og:site_name" content="Exenia" />
<meta property="article:publisher" content="https://www.facebook.com/exenialighting" />
<meta property="article:modified_time" content="2024-04-03T10:12:51+00:00" />
<meta property="og:image" content="https://restyling.exenia.eu/wp-content/uploads/2024/03/Parador-Costa-da-Morte-4-Zonas-comunes.jpg" />
	<meta property="og:image:width" content="1619" />
	<meta property="og:image:height" content="1080" />
	<meta property="og:image:type" content="image/jpeg" />
<!-- / Yoast SEO plugin. -->

En colaboración con la empresa Sutec, iluminamos el prestigioso hotel...
