{"id":74850,"date":"2025-09-24T14:17:25","date_gmt":"2025-09-24T12:17:25","guid":{"rendered":"https:\/\/www.exenia.eu\/?post_type=progetti&#038;p=74850"},"modified":"2025-09-24T15:22:11","modified_gmt":"2025-09-24T13:22:11","slug":"tree-of-light","status":"publish","type":"progetti","link":"https:\/\/restyling.exenia.eu\/es\/proyectos\/tree-of-light\/","title":{"rendered":"Tree of Light"},"content":{"rendered":"<h2 class=\"wp-block-heading\"><\/h2><p>Para un entorno de trabajo sostenible e inspirador, el estudio de arquitectura\u00a0Bkpunt\u00a0dise\u00f1\u00f3 una oficina innovadora donde la luz se convierte en protagonista. El concepto de iluminaci\u00f3n se inspira en las famosas \u00abestructuras arb\u00f3reas\u00bb de Piet Mondrian, en particular en su transici\u00f3n de la interpretaci\u00f3n realista a la abstracta y geom\u00e9trica.<\/p><p>El proyecto une naturaleza, arquitectura, trabajo y flexibilidad. En lugar de la iluminaci\u00f3n tradicional de techo, se integr\u00f3 en la arquitectura una red modular de luz, realizada con el\u00a0sistema a medida Superlinea Spots de Exenia. Las l\u00edneas luminosas, rectas y ramificadas como ramas, evocan las composiciones abstractas de Mondrian y, aunque recuerdan al crecimiento natural, mantienen un car\u00e1cter geom\u00e9trico en armon\u00eda con la arquitectura esencial de la oficina.<\/p><p>El resultado es un espacio que demuestra c\u00f3mo la abstracci\u00f3n de las formas naturales puede transformarse en un sistema de iluminaci\u00f3n innovador y funcional, capaz de combinar arte, dise\u00f1o y bienestar.&nbsp;<em>Tree of Light<\/em>&nbsp;es un entorno que inspira, estimula y enriquece la experiencia diaria de quienes lo habitan.<\/p>","protected":false},"excerpt":{"rendered":"<p>Para un entorno de trabajo sostenible e inspirador, el estudio&#8230;<\/p>\n","protected":false},"featured_media":74852,"parent":0,"menu_order":0,"template":"","meta":{"_acf_changed":false,"footnotes":""},"famiglia_progetto":[9204],"applicazione_progetto":[338,339],"nazione_progetto":[],"market":[639],"class_list":["post-74850","progetti","type-progetti","status-publish","has-post-thumbnail","hentry","famiglia_progetto-superlinea-es","applicazione_progetto-iluminacion-difusa","applicazione_progetto-proyeccion","market-office"],"acf":[],"yoast_head":"<!-- This site is optimized with the Yoast SEO plugin v27.4 - https:\/\/yoast.com\/product\/yoast-seo-wordpress\/ -->\n<title>Tree of Light | Exenia<\/title>\n<meta name=\"robots\" content=\"noindex, follow, max-snippet:-1, max-image-preview:large, max-video-preview:-1\" \/>\n<meta property=\"og:locale\" content=\"es_ES\" \/>\n<meta property=\"og:type\" content=\"article\" \/>\n<meta property=\"og:title\" content=\"Tree of Light | Exenia\" \/>\n<meta property=\"og:description\" content=\"Para un entorno de trabajo sostenible e inspirador, el estudio...\" \/>\n<meta property=\"og:url\" content=\"https:\/\/restyling.exenia.eu\/es\/proyectos\/tree-of-light\/\" \/>\n<meta property=\"og:site_name\" content=\"Exenia\" \/>\n<meta property=\"article:publisher\" content=\"https:\/\/www.facebook.com\/exenialighting\" \/>\n<meta property=\"article:modified_time\" content=\"2025-09-24T13:22:11+00:00\" \/>\n<meta property=\"og:image\" content=\"https:\/\/restyling.exenia.eu\/wp-content\/uploads\/2025\/09\/FvH-EK-groep-BK-Architecten-foto-Roman-Jans-05-scaled.jpg\" \/>\n\t<meta property=\"og:image:width\" content=\"1996\" \/>\n\t<meta property=\"og:image:height\" content=\"2560\" \/>\n\t<meta property=\"og:image:type\" content=\"image\/jpeg\" \/>\n<!-- \/ Yoast SEO plugin. -->","yoast_head_json":{"title":"Tree of Light | Exenia","robots":{"index":"noindex","follow":"follow","max-snippet":"max-snippet:-1","max-image-preview":"max-image-preview:large","max-video-preview":"max-video-preview:-1"},"og_locale":"es_ES","og_type":"article","og_title":"Tree of Light | Exenia","og_description":"Para un entorno de trabajo sostenible e inspirador, el estudio...","og_url":"https:\/\/restyling.exenia.eu\/es\/proyectos\/tree-of-light\/","og_site_name":"Exenia","article_publisher":"https:\/\/www.facebook.com\/exenialighting","article_modified_time":"2025-09-24T13:22:11+00:00","og_image":[{"width":1996,"height":2560,"url":"https:\/\/restyling.exenia.eu\/wp-content\/uploads\/2025\/09\/FvH-EK-groep-BK-Architecten-foto-Roman-Jans-05-scaled.jpg","type":"image\/jpeg"}],"schema":{"@context":"https:\/\/schema.org","@graph":[{"@type":"WebPage","@id":"https:\/\/restyling.exenia.eu\/es\/proyectos\/tree-of-light\/","url":"https:\/\/restyling.exenia.eu\/es\/proyectos\/tree-of-light\/","name":"Tree of Light | Exenia","isPartOf":{"@id":"https:\/\/restyling.exenia.eu\/#website"},"primaryImageOfPage":{"@id":"https:\/\/restyling.exenia.eu\/es\/proyectos\/tree-of-light\/#primaryimage"},"image":{"@id":"https:\/\/restyling.exenia.eu\/es\/proyectos\/tree-of-light\/#primaryimage"},"thumbnailUrl":"https:\/\/restyling.exenia.eu\/wp-content\/uploads\/2025\/09\/FvH-EK-groep-BK-Architecten-foto-Roman-Jans-05-scaled.jpg","datePublished":"2025-09-24T12:17:25+00:00","dateModified":"2025-09-24T13:22:11+00:00","breadcrumb":{"@id":"https:\/\/restyling.exenia.eu\/es\/proyectos\/tree-of-light\/#breadcrumb"},"inLanguage":"es","potentialAction":[{"@type":"ReadAction","target":["https:\/\/restyling.exenia.eu\/es\/proyectos\/tree-of-light\/"]}]},{"@type":"ImageObject","inLanguage":"es","@id":"https:\/\/restyling.exenia.eu\/es\/proyectos\/tree-of-light\/#primaryimage","url":"https:\/\/restyling.exenia.eu\/wp-content\/uploads\/2025\/09\/FvH-EK-groep-BK-Architecten-foto-Roman-Jans-05-scaled.jpg","contentUrl":"https:\/\/restyling.exenia.eu\/wp-content\/uploads\/2025\/09\/FvH-EK-groep-BK-Architecten-foto-Roman-Jans-05-scaled.jpg","width":1996,"height":2560},{"@type":"BreadcrumbList","@id":"https:\/\/restyling.exenia.eu\/es\/proyectos\/tree-of-light\/#breadcrumb","itemListElement":[{"@type":"ListItem","position":1,"name":"Home","item":"https:\/\/restyling.exenia.eu\/"},{"@type":"ListItem","position":2,"name":"Progetti","item":"https:\/\/restyling.exenia.eu\/progetti\/"},{"@type":"ListItem","position":3,"name":"Tree of Light"}]},{"@type":"WebSite","@id":"https:\/\/restyling.exenia.eu\/#website","url":"https:\/\/restyling.exenia.eu\/","name":"Exenia","description":"","publisher":{"@id":"https:\/\/restyling.exenia.eu\/#organization"},"potentialAction":[{"@type":"SearchAction","target":{"@type":"EntryPoint","urlTemplate":"https:\/\/restyling.exenia.eu\/?s={search_term_string}"},"query-input":{"@type":"PropertyValueSpecification","valueRequired":true,"valueName":"search_term_string"}}],"inLanguage":"es"},{"@type":"Organization","@id":"https:\/\/restyling.exenia.eu\/#organization","name":"Exenia","url":"https:\/\/restyling.exenia.eu\/","logo":{"@type":"ImageObject","inLanguage":"es","@id":"https:\/\/restyling.exenia.eu\/#\/schema\/logo\/image\/","url":"https:\/\/restyling.exenia.eu\/wp-content\/uploads\/2022\/09\/logo_exenia-e1678467519405.png","contentUrl":"https:\/\/restyling.exenia.eu\/wp-content\/uploads\/2022\/09\/logo_exenia-e1678467519405.png","width":600,"height":194,"caption":"Exenia"},"image":{"@id":"https:\/\/restyling.exenia.eu\/#\/schema\/logo\/image\/"},"sameAs":["https:\/\/www.facebook.com\/exenialighting","https:\/\/x.com\/ExeniaLighting"]}]}},"_links":{"self":[{"href":"https:\/\/restyling.exenia.eu\/es\/wp-json\/wp\/v2\/progetti\/74850","targetHints":{"allow":["GET"]}}],"collection":[{"href":"https:\/\/restyling.exenia.eu\/es\/wp-json\/wp\/v2\/progetti"}],"about":[{"href":"https:\/\/restyling.exenia.eu\/es\/wp-json\/wp\/v2\/types\/progetti"}],"version-history":[{"count":0,"href":"https:\/\/restyling.exenia.eu\/es\/wp-json\/wp\/v2\/progetti\/74850\/revisions"}],"wp:featuredmedia":[{"embeddable":true,"href":"https:\/\/restyling.exenia.eu\/es\/wp-json\/wp\/v2\/media\/74852"}],"wp:attachment":[{"href":"https:\/\/restyling.exenia.eu\/es\/wp-json\/wp\/v2\/media?parent=74850"}],"wp:term":[{"taxonomy":"famiglia_progetto","embeddable":true,"href":"https:\/\/restyling.exenia.eu\/es\/wp-json\/wp\/v2\/famiglia_progetto?post=74850"},{"taxonomy":"applicazione_progetto","embeddable":true,"href":"https:\/\/restyling.exenia.eu\/es\/wp-json\/wp\/v2\/applicazione_progetto?post=74850"},{"taxonomy":"nazione_progetto","embeddable":true,"href":"https:\/\/restyling.exenia.eu\/es\/wp-json\/wp\/v2\/nazione_progetto?post=74850"},{"taxonomy":"market","embeddable":true,"href":"https:\/\/restyling.exenia.eu\/es\/wp-json\/wp\/v2\/market?post=74850"}],"curies":[{"name":"wp","href":"https:\/\/api.w.org\/{rel}","templated":true}]}}

<h2 class="wp-block-heading"></h2><p>Para un entorno de trabajo sostenible e inspirador, el estudio de arquitectura Bkpunt diseñó una oficina innovadora donde la luz se convierte en protagonista. El concepto de iluminación se inspira en las famosas «estructuras arbóreas» de Piet Mondrian, en particular en su transición de la interpretación realista a la abstracta y geométrica.</p><p>El proyecto une naturaleza, arquitectura, trabajo y flexibilidad. En lugar de la iluminación tradicional de techo, se integró en la arquitectura una red modular de luz, realizada con el sistema a medida Superlinea Spots de Exenia. Las líneas luminosas, rectas y ramificadas como ramas, evocan las composiciones abstractas de Mondrian y, aunque recuerdan al crecimiento natural, mantienen un carácter geométrico en armonía con la arquitectura esencial de la oficina.</p><p>El resultado es un espacio que demuestra cómo la abstracción de las formas naturales puede transformarse en un sistema de iluminación innovador y funcional, capaz de combinar arte, diseño y bienestar.&nbsp;<em>Tree of Light</em>&nbsp;es un entorno que inspira, estimula y enriquece la experiencia diaria de quienes lo habitan.</p>
