{"id":47993,"date":"2023-05-05T11:07:30","date_gmt":"2023-05-05T09:07:30","guid":{"rendered":"https:\/\/www.exenia.eu\/?post_type=progetti&#038;p=47993"},"modified":"2023-05-05T11:25:22","modified_gmt":"2023-05-05T09:25:22","slug":"develers-headquarters","status":"publish","type":"progetti","link":"https:\/\/restyling.exenia.eu\/fr\/projets\/develers-headquarters\/","title":{"rendered":"Develer&#8217;s headquarters"},"content":{"rendered":"<p>Le projet du nouveau si\u00e8ge de Develer \u00e0 Campi Bisenzio, une entreprise toscane sp\u00e9cialis\u00e9e dans la conception de logiciels et de mat\u00e9riel informatique, a \u00e9t\u00e9 confi\u00e9 \u00e0 MDU Architetti de Prato. Les travaux de r\u00e9novation ont concern\u00e9 deux b\u00e2timents artisanaux situ\u00e9s dans la partie nord de la ville, dans une zone qui accueille d\u00e9j\u00e0 de nombreuses activit\u00e9s de production \u00e0 haut profil technologique et commercial.<\/p><p>Pour le nouveau si\u00e8ge de Develer, l&rsquo;\u00e9tendue de l&rsquo;offre d&rsquo;Exenia permet une approche transversale des diff\u00e9rents domaines de conception, et les performances optiques permettent l&rsquo;utilisation de luminaires compacts et miniaturis\u00e9s. Diff\u00e9rents produits ont \u00e9t\u00e9 s\u00e9lectionn\u00e9s en fonction des multiples exigences d&rsquo;\u00e9clairage des pi\u00e8ces. L&rsquo;accent a \u00e9t\u00e9 mis sur le Mag qui a besoin de faisceaux z\u00e9nithaux \u00e9troits et d\u00e9finis. Les projecteurs M2 et M3 pour l&rsquo;\u00e9clairage d&rsquo;accentuation et Bilux pour l&rsquo;\u00e9clairage g\u00e9n\u00e9ral contr\u00f4l\u00e9. La lumi\u00e8re douce et diffuse de Bola LED permet une distribution \u00e0 360\u00b0 dans un panneau graphique minimal mais efficace. L&rsquo;ensemble de l&rsquo;installation est \u00e9quip\u00e9 d&rsquo;un syst\u00e8me centralis\u00e9 de contr\u00f4le et de gradation.<\/p>","protected":false},"excerpt":{"rendered":"<p>Le projet du nouveau si\u00e8ge de Develer \u00e0 Campi Bisenzio,&#8230;<\/p>\n","protected":false},"featured_media":47994,"parent":0,"menu_order":0,"template":"","meta":{"_acf_changed":false,"footnotes":""},"famiglia_progetto":[518,553,574],"applicazione_progetto":[332,335,342],"nazione_progetto":[674],"market":[641],"class_list":["post-47993","progetti","type-progetti","status-publish","has-post-thumbnail","hentry","famiglia_progetto-mag-fr","famiglia_progetto-bilux-fr","famiglia_progetto-serie-m","applicazione_progetto-eclairage-daccentuation","applicazione_progetto-eclairage-diffus","applicazione_progetto-projection-fr","nazione_progetto-italie","market-office"],"acf":[],"yoast_head":"<!-- This site is optimized with the Yoast SEO plugin v27.4 - https:\/\/yoast.com\/product\/yoast-seo-wordpress\/ -->\n<title>Develer&#8217;s headquarters | Exenia<\/title>\n<meta name=\"robots\" content=\"noindex, follow, max-snippet:-1, max-image-preview:large, max-video-preview:-1\" \/>\n<meta property=\"og:locale\" content=\"fr_FR\" \/>\n<meta property=\"og:type\" content=\"article\" \/>\n<meta property=\"og:title\" content=\"Develer&#8217;s headquarters | Exenia\" \/>\n<meta property=\"og:description\" content=\"Le projet du nouveau si\u00e8ge de Develer \u00e0 Campi Bisenzio,...\" \/>\n<meta property=\"og:url\" content=\"https:\/\/restyling.exenia.eu\/fr\/projets\/develers-headquarters\/\" \/>\n<meta property=\"og:site_name\" content=\"Exenia\" \/>\n<meta property=\"article:publisher\" content=\"https:\/\/www.facebook.com\/exenialighting\" \/>\n<meta property=\"article:modified_time\" content=\"2023-05-05T09:25:22+00:00\" \/>\n<meta property=\"og:image\" content=\"https:\/\/restyling.exenia.eu\/wp-content\/uploads\/2023\/04\/5_PietroSavorelli_Develer-23.03.2019152603.jpg\" \/>\n\t<meta property=\"og:image:width\" content=\"2156\" \/>\n\t<meta property=\"og:image:height\" content=\"1616\" \/>\n\t<meta property=\"og:image:type\" content=\"image\/jpeg\" \/>\n<!-- \/ Yoast SEO plugin. -->","yoast_head_json":{"title":"Develer&#8217;s headquarters | Exenia","robots":{"index":"noindex","follow":"follow","max-snippet":"max-snippet:-1","max-image-preview":"max-image-preview:large","max-video-preview":"max-video-preview:-1"},"og_locale":"fr_FR","og_type":"article","og_title":"Develer&#8217;s headquarters | Exenia","og_description":"Le projet du nouveau si\u00e8ge de Develer \u00e0 Campi Bisenzio,...","og_url":"https:\/\/restyling.exenia.eu\/fr\/projets\/develers-headquarters\/","og_site_name":"Exenia","article_publisher":"https:\/\/www.facebook.com\/exenialighting","article_modified_time":"2023-05-05T09:25:22+00:00","og_image":[{"width":2156,"height":1616,"url":"https:\/\/restyling.exenia.eu\/wp-content\/uploads\/2023\/04\/5_PietroSavorelli_Develer-23.03.2019152603.jpg","type":"image\/jpeg"}],"schema":{"@context":"https:\/\/schema.org","@graph":[{"@type":"WebPage","@id":"https:\/\/restyling.exenia.eu\/fr\/projets\/develers-headquarters\/","url":"https:\/\/restyling.exenia.eu\/fr\/projets\/develers-headquarters\/","name":"Develer&#8217;s headquarters | Exenia","isPartOf":{"@id":"https:\/\/restyling.exenia.eu\/#website"},"primaryImageOfPage":{"@id":"https:\/\/restyling.exenia.eu\/fr\/projets\/develers-headquarters\/#primaryimage"},"image":{"@id":"https:\/\/restyling.exenia.eu\/fr\/projets\/develers-headquarters\/#primaryimage"},"thumbnailUrl":"https:\/\/restyling.exenia.eu\/wp-content\/uploads\/2023\/04\/5_PietroSavorelli_Develer-23.03.2019152603.jpg","datePublished":"2023-05-05T09:07:30+00:00","dateModified":"2023-05-05T09:25:22+00:00","breadcrumb":{"@id":"https:\/\/restyling.exenia.eu\/fr\/projets\/develers-headquarters\/#breadcrumb"},"inLanguage":"fr-FR","potentialAction":[{"@type":"ReadAction","target":["https:\/\/restyling.exenia.eu\/fr\/projets\/develers-headquarters\/"]}]},{"@type":"ImageObject","inLanguage":"fr-FR","@id":"https:\/\/restyling.exenia.eu\/fr\/projets\/develers-headquarters\/#primaryimage","url":"https:\/\/restyling.exenia.eu\/wp-content\/uploads\/2023\/04\/5_PietroSavorelli_Develer-23.03.2019152603.jpg","contentUrl":"https:\/\/restyling.exenia.eu\/wp-content\/uploads\/2023\/04\/5_PietroSavorelli_Develer-23.03.2019152603.jpg","width":2156,"height":1616},{"@type":"BreadcrumbList","@id":"https:\/\/restyling.exenia.eu\/fr\/projets\/develers-headquarters\/#breadcrumb","itemListElement":[{"@type":"ListItem","position":1,"name":"Home","item":"https:\/\/restyling.exenia.eu\/"},{"@type":"ListItem","position":2,"name":"Progetti","item":"https:\/\/restyling.exenia.eu\/progetti\/"},{"@type":"ListItem","position":3,"name":"Develer&#8217;s headquarters"}]},{"@type":"WebSite","@id":"https:\/\/restyling.exenia.eu\/#website","url":"https:\/\/restyling.exenia.eu\/","name":"Exenia","description":"","publisher":{"@id":"https:\/\/restyling.exenia.eu\/#organization"},"potentialAction":[{"@type":"SearchAction","target":{"@type":"EntryPoint","urlTemplate":"https:\/\/restyling.exenia.eu\/?s={search_term_string}"},"query-input":{"@type":"PropertyValueSpecification","valueRequired":true,"valueName":"search_term_string"}}],"inLanguage":"fr-FR"},{"@type":"Organization","@id":"https:\/\/restyling.exenia.eu\/#organization","name":"Exenia","url":"https:\/\/restyling.exenia.eu\/","logo":{"@type":"ImageObject","inLanguage":"fr-FR","@id":"https:\/\/restyling.exenia.eu\/#\/schema\/logo\/image\/","url":"https:\/\/restyling.exenia.eu\/wp-content\/uploads\/2022\/09\/logo_exenia-e1678467519405.png","contentUrl":"https:\/\/restyling.exenia.eu\/wp-content\/uploads\/2022\/09\/logo_exenia-e1678467519405.png","width":600,"height":194,"caption":"Exenia"},"image":{"@id":"https:\/\/restyling.exenia.eu\/#\/schema\/logo\/image\/"},"sameAs":["https:\/\/www.facebook.com\/exenialighting","https:\/\/x.com\/ExeniaLighting"]}]}},"_links":{"self":[{"href":"https:\/\/restyling.exenia.eu\/fr\/wp-json\/wp\/v2\/progetti\/47993","targetHints":{"allow":["GET"]}}],"collection":[{"href":"https:\/\/restyling.exenia.eu\/fr\/wp-json\/wp\/v2\/progetti"}],"about":[{"href":"https:\/\/restyling.exenia.eu\/fr\/wp-json\/wp\/v2\/types\/progetti"}],"version-history":[{"count":0,"href":"https:\/\/restyling.exenia.eu\/fr\/wp-json\/wp\/v2\/progetti\/47993\/revisions"}],"wp:featuredmedia":[{"embeddable":true,"href":"https:\/\/restyling.exenia.eu\/fr\/wp-json\/wp\/v2\/media\/47994"}],"wp:attachment":[{"href":"https:\/\/restyling.exenia.eu\/fr\/wp-json\/wp\/v2\/media?parent=47993"}],"wp:term":[{"taxonomy":"famiglia_progetto","embeddable":true,"href":"https:\/\/restyling.exenia.eu\/fr\/wp-json\/wp\/v2\/famiglia_progetto?post=47993"},{"taxonomy":"applicazione_progetto","embeddable":true,"href":"https:\/\/restyling.exenia.eu\/fr\/wp-json\/wp\/v2\/applicazione_progetto?post=47993"},{"taxonomy":"nazione_progetto","embeddable":true,"href":"https:\/\/restyling.exenia.eu\/fr\/wp-json\/wp\/v2\/nazione_progetto?post=47993"},{"taxonomy":"market","embeddable":true,"href":"https:\/\/restyling.exenia.eu\/fr\/wp-json\/wp\/v2\/market?post=47993"}],"curies":[{"name":"wp","href":"https:\/\/api.w.org\/{rel}","templated":true}]}}

<p>Le projet du nouveau siège de Develer à Campi Bisenzio, une entreprise toscane spécialisée dans la conception de logiciels et de matériel informatique, a été confié à MDU Architetti de Prato. Les travaux de rénovation ont concerné deux bâtiments artisanaux situés dans la partie nord de la ville, dans une zone qui accueille déjà de nombreuses activités de production à haut profil technologique et commercial.</p><p>Pour le nouveau siège de Develer, l&rsquo;étendue de l&rsquo;offre d&rsquo;Exenia permet une approche transversale des différents domaines de conception, et les performances optiques permettent l&rsquo;utilisation de luminaires compacts et miniaturisés. Différents produits ont été sélectionnés en fonction des multiples exigences d&rsquo;éclairage des pièces. L&rsquo;accent a été mis sur le Mag qui a besoin de faisceaux zénithaux étroits et définis. Les projecteurs M2 et M3 pour l&rsquo;éclairage d&rsquo;accentuation et Bilux pour l&rsquo;éclairage général contrôlé. La lumière douce et diffuse de Bola LED permet une distribution à 360° dans un panneau graphique minimal mais efficace. L&rsquo;ensemble de l&rsquo;installation est équipé d&rsquo;un système centralisé de contrôle et de gradation.</p>

<p>Le projet du nouveau siège de Develer à Campi Bisenzio,&#8230;</p>

<!-- This site is optimized with the Yoast SEO plugin v27.4 - https://yoast.com/product/yoast-seo-wordpress/ -->
<title>Develer&#8217;s headquarters | Exenia</title>
<meta name="robots" content="noindex, follow, max-snippet:-1, max-image-preview:large, max-video-preview:-1" />
<meta property="og:locale" content="fr_FR" />
<meta property="og:type" content="article" />
<meta property="og:title" content="Develer&#8217;s headquarters | Exenia" />
<meta property="og:description" content="Le projet du nouveau siège de Develer à Campi Bisenzio,..." />
<meta property="og:url" content="https://restyling.exenia.eu/fr/projets/develers-headquarters/" />
<meta property="og:site_name" content="Exenia" />
<meta property="article:publisher" content="https://www.facebook.com/exenialighting" />
<meta property="article:modified_time" content="2023-05-05T09:25:22+00:00" />
<meta property="og:image" content="https://restyling.exenia.eu/wp-content/uploads/2023/04/5_PietroSavorelli_Develer-23.03.2019152603.jpg" />
	<meta property="og:image:width" content="2156" />
	<meta property="og:image:height" content="1616" />
	<meta property="og:image:type" content="image/jpeg" />
<!-- / Yoast SEO plugin. -->

Le projet du nouveau siège de Develer à Campi Bisenzio,...
