{"id":50094,"date":"2023-07-11T17:35:21","date_gmt":"2023-07-11T15:35:21","guid":{"rendered":"https:\/\/www.exenia.eu\/progetti\/museo-de-belas-artes-da-coruna\/"},"modified":"2023-07-13T11:09:43","modified_gmt":"2023-07-13T09:09:43","slug":"museo-de-belas-artes-da-coruna","status":"publish","type":"progetti","link":"https:\/\/restyling.exenia.eu\/fr\/projets\/museo-de-belas-artes-da-coruna\/","title":{"rendered":"Museo de Belas Artes da Coru\u00f1a"},"content":{"rendered":"<p>\u00c0 l&rsquo;occasion du 50e anniversaire de la mort de <strong>Pablo Picasso<\/strong>, le 8 avril 2023, la Xunta de Galicia promeut cette exposition monographique : Picasso blanc dans la m\u00e9moire bleue. Dessiner l&rsquo;avenir (<strong>Picasso branco no recordo azul. Debuxando o futuro<\/strong>). Exposition temporaire au Museo de Bellas Artes de La Coru\u00f1a, ville o\u00f9 Picasso a pass\u00e9 une partie de son enfance.<\/p><p>Nous avons \u00e9clair\u00e9 certaines \u0153uvres avec nos projecteurs Spot Revo 230.<\/p><p>Le titre de l&rsquo;exposition est tir\u00e9 d&rsquo;un de ses po\u00e8mes, dont les vers font allusion aux couleurs bleu et blanc, qui \u00e9voquent une forte identit\u00e9 \u00e0 La Corogne depuis le milieu du XIXe si\u00e8cle et que Picasso lui-m\u00eame a fini par identifier \u00e0 la ville o\u00f9 il a v\u00e9cu et s&rsquo;est form\u00e9 en tant qu&rsquo;artiste.<\/p><p><\/p>","protected":false},"excerpt":{"rendered":"<p>\u00c0 l&rsquo;occasion du 50e anniversaire de la mort de Pablo&#8230;<\/p>\n","protected":false},"featured_media":50096,"parent":0,"menu_order":0,"template":"","meta":{"_acf_changed":false,"footnotes":""},"famiglia_progetto":[5724],"applicazione_progetto":[342],"nazione_progetto":[682],"market":[637],"class_list":["post-50094","progetti","type-progetti","status-publish","has-post-thumbnail","hentry","famiglia_progetto-spot-revo-230-medium-fr","applicazione_progetto-projection-fr","nazione_progetto-espagne","market-lieux-de-culte-monuments-et-musees"],"acf":[],"yoast_head":"<!-- This site is optimized with the Yoast SEO plugin v27.5 - https:\/\/yoast.com\/product\/yoast-seo-wordpress\/ -->\n<title>Museo de Belas Artes da Coru\u00f1a | Exenia<\/title>\n<meta name=\"robots\" content=\"noindex, follow, max-snippet:-1, max-image-preview:large, max-video-preview:-1\" \/>\n<meta property=\"og:locale\" content=\"fr_FR\" \/>\n<meta property=\"og:type\" content=\"article\" \/>\n<meta property=\"og:title\" content=\"Museo de Belas Artes da Coru\u00f1a | Exenia\" \/>\n<meta property=\"og:description\" content=\"\u00c0 l&rsquo;occasion du 50e anniversaire de la mort de Pablo...\" \/>\n<meta property=\"og:url\" content=\"https:\/\/restyling.exenia.eu\/fr\/projets\/museo-de-belas-artes-da-coruna\/\" \/>\n<meta property=\"og:site_name\" content=\"Exenia\" \/>\n<meta property=\"article:publisher\" content=\"https:\/\/www.facebook.com\/exenialighting\" \/>\n<meta property=\"article:modified_time\" content=\"2023-07-13T09:09:43+00:00\" \/>\n<meta property=\"og:image\" content=\"https:\/\/restyling.exenia.eu\/wp-content\/uploads\/2023\/07\/1-scaled.jpg\" \/>\n\t<meta property=\"og:image:width\" content=\"1943\" \/>\n\t<meta property=\"og:image:height\" content=\"2560\" \/>\n\t<meta property=\"og:image:type\" content=\"image\/jpeg\" \/>\n<!-- \/ Yoast SEO plugin. -->","yoast_head_json":{"title":"Museo de Belas Artes da Coru\u00f1a | Exenia","robots":{"index":"noindex","follow":"follow","max-snippet":"max-snippet:-1","max-image-preview":"max-image-preview:large","max-video-preview":"max-video-preview:-1"},"og_locale":"fr_FR","og_type":"article","og_title":"Museo de Belas Artes da Coru\u00f1a | Exenia","og_description":"\u00c0 l&rsquo;occasion du 50e anniversaire de la mort de Pablo...","og_url":"https:\/\/restyling.exenia.eu\/fr\/projets\/museo-de-belas-artes-da-coruna\/","og_site_name":"Exenia","article_publisher":"https:\/\/www.facebook.com\/exenialighting","article_modified_time":"2023-07-13T09:09:43+00:00","og_image":[{"width":1943,"height":2560,"url":"https:\/\/restyling.exenia.eu\/wp-content\/uploads\/2023\/07\/1-scaled.jpg","type":"image\/jpeg"}],"schema":{"@context":"https:\/\/schema.org","@graph":[{"@type":"WebPage","@id":"https:\/\/restyling.exenia.eu\/fr\/projets\/museo-de-belas-artes-da-coruna\/","url":"https:\/\/restyling.exenia.eu\/fr\/projets\/museo-de-belas-artes-da-coruna\/","name":"Museo de Belas Artes da Coru\u00f1a | Exenia","isPartOf":{"@id":"https:\/\/restyling.exenia.eu\/#website"},"primaryImageOfPage":{"@id":"https:\/\/restyling.exenia.eu\/fr\/projets\/museo-de-belas-artes-da-coruna\/#primaryimage"},"image":{"@id":"https:\/\/restyling.exenia.eu\/fr\/projets\/museo-de-belas-artes-da-coruna\/#primaryimage"},"thumbnailUrl":"https:\/\/restyling.exenia.eu\/wp-content\/uploads\/2023\/07\/1-scaled.jpg","datePublished":"2023-07-11T15:35:21+00:00","dateModified":"2023-07-13T09:09:43+00:00","breadcrumb":{"@id":"https:\/\/restyling.exenia.eu\/fr\/projets\/museo-de-belas-artes-da-coruna\/#breadcrumb"},"inLanguage":"fr-FR","potentialAction":[{"@type":"ReadAction","target":["https:\/\/restyling.exenia.eu\/fr\/projets\/museo-de-belas-artes-da-coruna\/"]}]},{"@type":"ImageObject","inLanguage":"fr-FR","@id":"https:\/\/restyling.exenia.eu\/fr\/projets\/museo-de-belas-artes-da-coruna\/#primaryimage","url":"https:\/\/restyling.exenia.eu\/wp-content\/uploads\/2023\/07\/1-scaled.jpg","contentUrl":"https:\/\/restyling.exenia.eu\/wp-content\/uploads\/2023\/07\/1-scaled.jpg","width":1943,"height":2560},{"@type":"BreadcrumbList","@id":"https:\/\/restyling.exenia.eu\/fr\/projets\/museo-de-belas-artes-da-coruna\/#breadcrumb","itemListElement":[{"@type":"ListItem","position":1,"name":"Home","item":"https:\/\/restyling.exenia.eu\/"},{"@type":"ListItem","position":2,"name":"Progetti","item":"https:\/\/restyling.exenia.eu\/progetti\/"},{"@type":"ListItem","position":3,"name":"Museo de Belas Artes da Coru\u00f1a"}]},{"@type":"WebSite","@id":"https:\/\/restyling.exenia.eu\/#website","url":"https:\/\/restyling.exenia.eu\/","name":"Exenia","description":"","publisher":{"@id":"https:\/\/restyling.exenia.eu\/#organization"},"potentialAction":[{"@type":"SearchAction","target":{"@type":"EntryPoint","urlTemplate":"https:\/\/restyling.exenia.eu\/?s={search_term_string}"},"query-input":{"@type":"PropertyValueSpecification","valueRequired":true,"valueName":"search_term_string"}}],"inLanguage":"fr-FR"},{"@type":"Organization","@id":"https:\/\/restyling.exenia.eu\/#organization","name":"Exenia","url":"https:\/\/restyling.exenia.eu\/","logo":{"@type":"ImageObject","inLanguage":"fr-FR","@id":"https:\/\/restyling.exenia.eu\/#\/schema\/logo\/image\/","url":"https:\/\/restyling.exenia.eu\/wp-content\/uploads\/2022\/09\/logo_exenia-e1678467519405.png","contentUrl":"https:\/\/restyling.exenia.eu\/wp-content\/uploads\/2022\/09\/logo_exenia-e1678467519405.png","width":600,"height":194,"caption":"Exenia"},"image":{"@id":"https:\/\/restyling.exenia.eu\/#\/schema\/logo\/image\/"},"sameAs":["https:\/\/www.facebook.com\/exenialighting","https:\/\/x.com\/ExeniaLighting"]}]}},"_links":{"self":[{"href":"https:\/\/restyling.exenia.eu\/fr\/wp-json\/wp\/v2\/progetti\/50094","targetHints":{"allow":["GET"]}}],"collection":[{"href":"https:\/\/restyling.exenia.eu\/fr\/wp-json\/wp\/v2\/progetti"}],"about":[{"href":"https:\/\/restyling.exenia.eu\/fr\/wp-json\/wp\/v2\/types\/progetti"}],"version-history":[{"count":0,"href":"https:\/\/restyling.exenia.eu\/fr\/wp-json\/wp\/v2\/progetti\/50094\/revisions"}],"wp:featuredmedia":[{"embeddable":true,"href":"https:\/\/restyling.exenia.eu\/fr\/wp-json\/wp\/v2\/media\/50096"}],"wp:attachment":[{"href":"https:\/\/restyling.exenia.eu\/fr\/wp-json\/wp\/v2\/media?parent=50094"}],"wp:term":[{"taxonomy":"famiglia_progetto","embeddable":true,"href":"https:\/\/restyling.exenia.eu\/fr\/wp-json\/wp\/v2\/famiglia_progetto?post=50094"},{"taxonomy":"applicazione_progetto","embeddable":true,"href":"https:\/\/restyling.exenia.eu\/fr\/wp-json\/wp\/v2\/applicazione_progetto?post=50094"},{"taxonomy":"nazione_progetto","embeddable":true,"href":"https:\/\/restyling.exenia.eu\/fr\/wp-json\/wp\/v2\/nazione_progetto?post=50094"},{"taxonomy":"market","embeddable":true,"href":"https:\/\/restyling.exenia.eu\/fr\/wp-json\/wp\/v2\/market?post=50094"}],"curies":[{"name":"wp","href":"https:\/\/api.w.org\/{rel}","templated":true}]}}

Museo de Belas Artes da Coruña

<p>À l&rsquo;occasion du 50e anniversaire de la mort de <strong>Pablo Picasso</strong>, le 8 avril 2023, la Xunta de Galicia promeut cette exposition monographique : Picasso blanc dans la mémoire bleue. Dessiner l&rsquo;avenir (<strong>Picasso branco no recordo azul. Debuxando o futuro</strong>). Exposition temporaire au Museo de Bellas Artes de La Coruña, ville où Picasso a passé une partie de son enfance.</p><p>Nous avons éclairé certaines œuvres avec nos projecteurs Spot Revo 230.</p><p>Le titre de l&rsquo;exposition est tiré d&rsquo;un de ses poèmes, dont les vers font allusion aux couleurs bleu et blanc, qui évoquent une forte identité à La Corogne depuis le milieu du XIXe siècle et que Picasso lui-même a fini par identifier à la ville où il a vécu et s&rsquo;est formé en tant qu&rsquo;artiste.</p><p></p>

<p>À l&rsquo;occasion du 50e anniversaire de la mort de Pablo&#8230;</p>

<!-- This site is optimized with the Yoast SEO plugin v27.5 - https://yoast.com/product/yoast-seo-wordpress/ -->
<title>Museo de Belas Artes da Coruña | Exenia</title>
<meta name="robots" content="noindex, follow, max-snippet:-1, max-image-preview:large, max-video-preview:-1" />
<meta property="og:locale" content="fr_FR" />
<meta property="og:type" content="article" />
<meta property="og:title" content="Museo de Belas Artes da Coruña | Exenia" />
<meta property="og:description" content="À l&rsquo;occasion du 50e anniversaire de la mort de Pablo..." />
<meta property="og:url" content="https://restyling.exenia.eu/fr/projets/museo-de-belas-artes-da-coruna/" />
<meta property="og:site_name" content="Exenia" />
<meta property="article:publisher" content="https://www.facebook.com/exenialighting" />
<meta property="article:modified_time" content="2023-07-13T09:09:43+00:00" />
<meta property="og:image" content="https://restyling.exenia.eu/wp-content/uploads/2023/07/1-scaled.jpg" />
	<meta property="og:image:width" content="1943" />
	<meta property="og:image:height" content="2560" />
	<meta property="og:image:type" content="image/jpeg" />
<!-- / Yoast SEO plugin. -->

Museo de Belas Artes da Coruña | Exenia

À l&rsquo;occasion du 50e anniversaire de la mort de Pablo...
