{"id":52669,"date":"2024-06-05T11:07:31","date_gmt":"2024-06-05T09:07:31","guid":{"rendered":"https:\/\/www.exenia.eu\/?post_type=progetti&#038;p=52669"},"modified":"2024-06-07T14:48:08","modified_gmt":"2024-06-07T12:48:08","slug":"clinique-dentaire-de-valdespartera","status":"publish","type":"progetti","link":"https:\/\/restyling.exenia.eu\/fr\/projets\/clinique-dentaire-de-valdespartera\/","title":{"rendered":"CLINIQUE DENTAIRE DE VALDESPARTERA"},"content":{"rendered":"<p>Le projet, con\u00e7u par l&rsquo;architecte d&rsquo;int\u00e9rieur Nati Hueso, consistait \u00e0 adapter un espace de 150 m\u00b2 \u00e0 une clinique dentaire, en combinant la fonctionnalit\u00e9 des soins de sant\u00e9 avec un environnement agr\u00e9able et tranquille, comme le souhaitait le client. Un langage coh\u00e9rent et commun a \u00e9t\u00e9 cr\u00e9\u00e9 pour tous les espaces qui composent la clinique, en donnant \u00e0 chacun d&rsquo;eux des \u00e9l\u00e9ments diff\u00e9renciateurs qui, \u00e0 leur tour, ont donn\u00e9 de la personnalit\u00e9 au projet.<br>L&rsquo;\u00e9clairage a \u00e9t\u00e9 consid\u00e9r\u00e9 comme l&rsquo;\u00e9l\u00e9ment le plus crucial du projet. Les luminaires Exenia ont \u00e9t\u00e9 choisis pour donner de la personnalit\u00e9 et de la continuit\u00e9 aux espaces. Une longue ligne de lumi\u00e8res guide le parcours du patient depuis la r\u00e9ception jusqu&rsquo;aux cabinets dentaires, avec des rails suspendus qui projettent la lumi\u00e8re vers le plafond vert fonc\u00e9 et des spots qui \u00e9clairent les portes des cabinets. Ce syst\u00e8me d&rsquo;\u00e9clairage est con\u00e7u pour cr\u00e9er un jeu d&rsquo;ombres et de lumi\u00e8res, mettant en valeur les \u00e9l\u00e9ments n\u00e9cessaires et laissant dans l&rsquo;ombre ceux qui sont moins importants, transmettant ainsi un sentiment de chaleur et de bien-\u00eatre. La lumi\u00e8re ne remplit donc pas seulement une fonction pratique, mais contribue \u00e9galement \u00e0 d\u00e9finir l&rsquo;atmosph\u00e8re sereine et relaxante de la clinique, conform\u00e9ment aux souhaits du client.<\/p>","protected":false},"excerpt":{"rendered":"<p>Le projet, con\u00e7u par l&rsquo;architecte d&rsquo;int\u00e9rieur Nati Hueso, consistait \u00e0&#8230;<\/p>\n","protected":false},"featured_media":52619,"parent":0,"menu_order":0,"template":"","meta":{"_acf_changed":false,"footnotes":""},"famiglia_progetto":[583,596],"applicazione_progetto":[335],"nazione_progetto":[682],"market":[633],"class_list":["post-52669","progetti","type-progetti","status-publish","has-post-thumbnail","hentry","famiglia_progetto-spot-48-fr","famiglia_progetto-track-48-fr","applicazione_progetto-eclairage-diffus","nazione_progetto-espagne","market-hospitality"],"acf":[],"yoast_head":"<!-- This site is optimized with the Yoast SEO plugin v27.5 - https:\/\/yoast.com\/product\/yoast-seo-wordpress\/ -->\n<title>CLINIQUE DENTAIRE DE VALDESPARTERA | Exenia<\/title>\n<meta name=\"robots\" content=\"noindex, follow, max-snippet:-1, max-image-preview:large, max-video-preview:-1\" \/>\n<meta property=\"og:locale\" content=\"fr_FR\" \/>\n<meta property=\"og:type\" content=\"article\" \/>\n<meta property=\"og:title\" content=\"CLINIQUE DENTAIRE DE VALDESPARTERA | Exenia\" \/>\n<meta property=\"og:description\" content=\"Le projet, con\u00e7u par l&rsquo;architecte d&rsquo;int\u00e9rieur Nati Hueso, consistait \u00e0...\" \/>\n<meta property=\"og:url\" content=\"https:\/\/restyling.exenia.eu\/fr\/projets\/clinique-dentaire-de-valdespartera\/\" \/>\n<meta property=\"og:site_name\" content=\"Exenia\" \/>\n<meta property=\"article:publisher\" content=\"https:\/\/www.facebook.com\/exenialighting\" \/>\n<meta property=\"article:modified_time\" content=\"2024-06-07T12:48:08+00:00\" \/>\n<meta property=\"og:image\" content=\"https:\/\/restyling.exenia.eu\/wp-content\/uploads\/2024\/06\/DSC_8672-2024-02-21-14_34_25-scaled.jpg\" \/>\n\t<meta property=\"og:image:width\" content=\"2560\" \/>\n\t<meta property=\"og:image:height\" content=\"1703\" \/>\n\t<meta property=\"og:image:type\" content=\"image\/jpeg\" \/>\n<!-- \/ Yoast SEO plugin. -->","yoast_head_json":{"title":"CLINIQUE DENTAIRE DE VALDESPARTERA | Exenia","robots":{"index":"noindex","follow":"follow","max-snippet":"max-snippet:-1","max-image-preview":"max-image-preview:large","max-video-preview":"max-video-preview:-1"},"og_locale":"fr_FR","og_type":"article","og_title":"CLINIQUE DENTAIRE DE VALDESPARTERA | Exenia","og_description":"Le projet, con\u00e7u par l&rsquo;architecte d&rsquo;int\u00e9rieur Nati Hueso, consistait \u00e0...","og_url":"https:\/\/restyling.exenia.eu\/fr\/projets\/clinique-dentaire-de-valdespartera\/","og_site_name":"Exenia","article_publisher":"https:\/\/www.facebook.com\/exenialighting","article_modified_time":"2024-06-07T12:48:08+00:00","og_image":[{"width":2560,"height":1703,"url":"https:\/\/restyling.exenia.eu\/wp-content\/uploads\/2024\/06\/DSC_8672-2024-02-21-14_34_25-scaled.jpg","type":"image\/jpeg"}],"schema":{"@context":"https:\/\/schema.org","@graph":[{"@type":"WebPage","@id":"https:\/\/restyling.exenia.eu\/fr\/projets\/clinique-dentaire-de-valdespartera\/","url":"https:\/\/restyling.exenia.eu\/fr\/projets\/clinique-dentaire-de-valdespartera\/","name":"CLINIQUE DENTAIRE DE VALDESPARTERA | Exenia","isPartOf":{"@id":"https:\/\/restyling.exenia.eu\/#website"},"primaryImageOfPage":{"@id":"https:\/\/restyling.exenia.eu\/fr\/projets\/clinique-dentaire-de-valdespartera\/#primaryimage"},"image":{"@id":"https:\/\/restyling.exenia.eu\/fr\/projets\/clinique-dentaire-de-valdespartera\/#primaryimage"},"thumbnailUrl":"https:\/\/restyling.exenia.eu\/wp-content\/uploads\/2024\/06\/DSC_8672-2024-02-21-14_34_25-scaled.jpg","datePublished":"2024-06-05T09:07:31+00:00","dateModified":"2024-06-07T12:48:08+00:00","breadcrumb":{"@id":"https:\/\/restyling.exenia.eu\/fr\/projets\/clinique-dentaire-de-valdespartera\/#breadcrumb"},"inLanguage":"fr-FR","potentialAction":[{"@type":"ReadAction","target":["https:\/\/restyling.exenia.eu\/fr\/projets\/clinique-dentaire-de-valdespartera\/"]}]},{"@type":"ImageObject","inLanguage":"fr-FR","@id":"https:\/\/restyling.exenia.eu\/fr\/projets\/clinique-dentaire-de-valdespartera\/#primaryimage","url":"https:\/\/restyling.exenia.eu\/wp-content\/uploads\/2024\/06\/DSC_8672-2024-02-21-14_34_25-scaled.jpg","contentUrl":"https:\/\/restyling.exenia.eu\/wp-content\/uploads\/2024\/06\/DSC_8672-2024-02-21-14_34_25-scaled.jpg","width":2560,"height":1703},{"@type":"BreadcrumbList","@id":"https:\/\/restyling.exenia.eu\/fr\/projets\/clinique-dentaire-de-valdespartera\/#breadcrumb","itemListElement":[{"@type":"ListItem","position":1,"name":"Home","item":"https:\/\/restyling.exenia.eu\/"},{"@type":"ListItem","position":2,"name":"Progetti","item":"https:\/\/restyling.exenia.eu\/progetti\/"},{"@type":"ListItem","position":3,"name":"CLINIQUE DENTAIRE DE VALDESPARTERA"}]},{"@type":"WebSite","@id":"https:\/\/restyling.exenia.eu\/#website","url":"https:\/\/restyling.exenia.eu\/","name":"Exenia","description":"","publisher":{"@id":"https:\/\/restyling.exenia.eu\/#organization"},"potentialAction":[{"@type":"SearchAction","target":{"@type":"EntryPoint","urlTemplate":"https:\/\/restyling.exenia.eu\/?s={search_term_string}"},"query-input":{"@type":"PropertyValueSpecification","valueRequired":true,"valueName":"search_term_string"}}],"inLanguage":"fr-FR"},{"@type":"Organization","@id":"https:\/\/restyling.exenia.eu\/#organization","name":"Exenia","url":"https:\/\/restyling.exenia.eu\/","logo":{"@type":"ImageObject","inLanguage":"fr-FR","@id":"https:\/\/restyling.exenia.eu\/#\/schema\/logo\/image\/","url":"https:\/\/restyling.exenia.eu\/wp-content\/uploads\/2022\/09\/logo_exenia-e1678467519405.png","contentUrl":"https:\/\/restyling.exenia.eu\/wp-content\/uploads\/2022\/09\/logo_exenia-e1678467519405.png","width":600,"height":194,"caption":"Exenia"},"image":{"@id":"https:\/\/restyling.exenia.eu\/#\/schema\/logo\/image\/"},"sameAs":["https:\/\/www.facebook.com\/exenialighting","https:\/\/x.com\/ExeniaLighting"]}]}},"_links":{"self":[{"href":"https:\/\/restyling.exenia.eu\/fr\/wp-json\/wp\/v2\/progetti\/52669","targetHints":{"allow":["GET"]}}],"collection":[{"href":"https:\/\/restyling.exenia.eu\/fr\/wp-json\/wp\/v2\/progetti"}],"about":[{"href":"https:\/\/restyling.exenia.eu\/fr\/wp-json\/wp\/v2\/types\/progetti"}],"version-history":[{"count":0,"href":"https:\/\/restyling.exenia.eu\/fr\/wp-json\/wp\/v2\/progetti\/52669\/revisions"}],"wp:featuredmedia":[{"embeddable":true,"href":"https:\/\/restyling.exenia.eu\/fr\/wp-json\/wp\/v2\/media\/52619"}],"wp:attachment":[{"href":"https:\/\/restyling.exenia.eu\/fr\/wp-json\/wp\/v2\/media?parent=52669"}],"wp:term":[{"taxonomy":"famiglia_progetto","embeddable":true,"href":"https:\/\/restyling.exenia.eu\/fr\/wp-json\/wp\/v2\/famiglia_progetto?post=52669"},{"taxonomy":"applicazione_progetto","embeddable":true,"href":"https:\/\/restyling.exenia.eu\/fr\/wp-json\/wp\/v2\/applicazione_progetto?post=52669"},{"taxonomy":"nazione_progetto","embeddable":true,"href":"https:\/\/restyling.exenia.eu\/fr\/wp-json\/wp\/v2\/nazione_progetto?post=52669"},{"taxonomy":"market","embeddable":true,"href":"https:\/\/restyling.exenia.eu\/fr\/wp-json\/wp\/v2\/market?post=52669"}],"curies":[{"name":"wp","href":"https:\/\/api.w.org\/{rel}","templated":true}]}}

<p>Le projet, conçu par l&rsquo;architecte d&rsquo;intérieur Nati Hueso, consistait à adapter un espace de 150 m² à une clinique dentaire, en combinant la fonctionnalité des soins de santé avec un environnement agréable et tranquille, comme le souhaitait le client. Un langage cohérent et commun a été créé pour tous les espaces qui composent la clinique, en donnant à chacun d&rsquo;eux des éléments différenciateurs qui, à leur tour, ont donné de la personnalité au projet.<br>L&rsquo;éclairage a été considéré comme l&rsquo;élément le plus crucial du projet. Les luminaires Exenia ont été choisis pour donner de la personnalité et de la continuité aux espaces. Une longue ligne de lumières guide le parcours du patient depuis la réception jusqu&rsquo;aux cabinets dentaires, avec des rails suspendus qui projettent la lumière vers le plafond vert foncé et des spots qui éclairent les portes des cabinets. Ce système d&rsquo;éclairage est conçu pour créer un jeu d&rsquo;ombres et de lumières, mettant en valeur les éléments nécessaires et laissant dans l&rsquo;ombre ceux qui sont moins importants, transmettant ainsi un sentiment de chaleur et de bien-être. La lumière ne remplit donc pas seulement une fonction pratique, mais contribue également à définir l&rsquo;atmosphère sereine et relaxante de la clinique, conformément aux souhaits du client.</p>

<p>Le projet, conçu par l&rsquo;architecte d&rsquo;intérieur Nati Hueso, consistait à&#8230;</p>

<!-- This site is optimized with the Yoast SEO plugin v27.5 - https://yoast.com/product/yoast-seo-wordpress/ -->
<title>CLINIQUE DENTAIRE DE VALDESPARTERA | Exenia</title>
<meta name="robots" content="noindex, follow, max-snippet:-1, max-image-preview:large, max-video-preview:-1" />
<meta property="og:locale" content="fr_FR" />
<meta property="og:type" content="article" />
<meta property="og:title" content="CLINIQUE DENTAIRE DE VALDESPARTERA | Exenia" />
<meta property="og:description" content="Le projet, conçu par l&rsquo;architecte d&rsquo;intérieur Nati Hueso, consistait à..." />
<meta property="og:url" content="https://restyling.exenia.eu/fr/projets/clinique-dentaire-de-valdespartera/" />
<meta property="og:site_name" content="Exenia" />
<meta property="article:publisher" content="https://www.facebook.com/exenialighting" />
<meta property="article:modified_time" content="2024-06-07T12:48:08+00:00" />
<meta property="og:image" content="https://restyling.exenia.eu/wp-content/uploads/2024/06/DSC_8672-2024-02-21-14_34_25-scaled.jpg" />
	<meta property="og:image:width" content="2560" />
	<meta property="og:image:height" content="1703" />
	<meta property="og:image:type" content="image/jpeg" />
<!-- / Yoast SEO plugin. -->

Le projet, conçu par l&rsquo;architecte d&rsquo;intérieur Nati Hueso, consistait à...
