{"id":9909,"date":"2022-02-04T00:00:00","date_gmt":"2022-02-03T23:00:00","guid":{"rendered":"https:\/\/www.exenia.eu\/progetti\/dar-zefta\/"},"modified":"2022-02-04T00:00:00","modified_gmt":"2022-02-03T23:00:00","slug":"dar-zefta","status":"publish","type":"progetti","link":"https:\/\/restyling.exenia.eu\/fr\/projets\/dar-zefta\/","title":{"rendered":"Dar Zefta"},"content":{"rendered":"<p>&nbsp;&nbsp;<br \/>&nbsp;En 2014, un incendie a ravag\u00e9 Dar Zefta, mena&ccedil;ant l&rsquo;histoire d&rsquo;un joyau architectural centenaire con&ccedil;u en 1911 par Hussein Beik El Darwiche avec l&rsquo;aide d&rsquo;architectes italiens et orientaux.<br \/>Gr&acirc;ce aux efforts de Simone Kosremelli, architecte et urbaniste, la maison a \u00e9t\u00e9 restaur\u00e9e en utilisant des mat\u00e9riaux durables et naturels, en ramenant le jardin &agrave; l&rsquo;int\u00e9rieur de la maison et en privil\u00e9giant la lumi&egrave;re naturelle.<br \/>Alta Light a \u00e9t\u00e9 engag\u00e9 par son propri\u00e9taire actuel, Bahjat El Darwiche, pour donner vie, la nuit, &agrave; la vaste histoire de la fa&ccedil;ade et &agrave; ses d\u00e9tails complexes.<br \/>Pour \u00e9clairer les arches, des uplights de la marque londonienne Phos ont \u00e9t\u00e9 choisis en raison de leur petite taille et de la puissance de leur lumi&egrave;re. L&rsquo;optique a \u00e9t\u00e9 soigneusement s\u00e9lectionn\u00e9e pour mettre en valeur les arches, le plafond en pierre orn\u00e9 et pour \u00e9clairer le mur du fond.<br \/>Afin d&rsquo;obtenir l&rsquo;effet d\u00e9sir\u00e9, l&rsquo;angle et l&rsquo;intensit\u00e9 du faisceau ont d&ucirc; &ecirc;tre test\u00e9s et re-test\u00e9s d&rsquo;innombrables fois.<br \/>Pour les autres murs de la fa&ccedil;ade, un jeu dramatique d&rsquo;ombres et de lumi&egrave;res provenant des buissons et des arbres a \u00e9t\u00e9 r\u00e9alis\u00e9 avec des projecteurs &agrave; pointes de la marque Exenia.<br \/>Histoire de la fa&ccedil;ade :<br \/>L&rsquo;influence italienne est \u00e9vidente dans l&rsquo;architecture romaine classique du Dar. Le Dar est sur\u00e9lev\u00e9, et sa fa&ccedil;ade est quelque peu sym\u00e9trique. L&rsquo;influence italienne est \u00e9galement visible dans la fa&ccedil;ade de style baroque qui utilise des mouvements exag\u00e9r\u00e9s et des d\u00e9tails clairs et faciles &agrave; interpr\u00e9ter pour produire du drame, de la tension, de l&rsquo;exub\u00e9rance et de la grandeur.<br \/>Le drapeau ottoman, sculpt\u00e9 dans la pierre, occupe la place centrale de la toiture et accueille le visiteur de Dar Zefta.<br \/>La vari\u00e9t\u00e9 des ornements rassembl\u00e9s &agrave; Dar Zefta t\u00e9moigne longuement de cette convergence d&rsquo;influences culturelles et graphiques justifi\u00e9e par la situation g\u00e9opolitique de ce pays.<br \/>Les chapiteaux des colonnes de l&rsquo;arcade sont orn\u00e9s de motifs de fleurs de lotus. La fleur de lotus est l\u00e9gendaire pour de nombreuses civilisations anciennes comme dans l&rsquo;&Eacute;gypte ancienne o&ugrave; elle signifie la renaissance et la r\u00e9g\u00e9n\u00e9ration ou encore dans le bouddhisme o&ugrave; elle signifie la fortune, la purification et la fid\u00e9lit\u00e9.<\/p>\n<p>&nbsp;<\/p>\n","protected":false},"excerpt":{"rendered":"<p>&nbsp;&nbsp;&nbsp;En 2014, un incendie a ravag\u00e9 Dar Zefta, mena&ccedil;ant l&rsquo;histoire&#8230;<\/p>\n","protected":false},"featured_media":9365,"parent":0,"menu_order":0,"template":"","meta":{"_acf_changed":false,"footnotes":""},"famiglia_progetto":[],"applicazione_progetto":[342],"nazione_progetto":[3687],"market":[630],"class_list":["post-9909","progetti","type-progetti","status-publish","has-post-thumbnail","hentry","applicazione_progetto-projection-fr","nazione_progetto-liban","market-home"],"acf":[],"yoast_head":"<!-- This site is optimized with the Yoast SEO plugin v27.4 - https:\/\/yoast.com\/product\/yoast-seo-wordpress\/ -->\n<title>Dar Zefta | Exenia<\/title>\n<meta name=\"robots\" content=\"noindex, follow, max-snippet:-1, max-image-preview:large, max-video-preview:-1\" \/>\n<meta property=\"og:locale\" content=\"fr_FR\" \/>\n<meta property=\"og:type\" content=\"article\" \/>\n<meta property=\"og:title\" content=\"Dar Zefta | Exenia\" \/>\n<meta property=\"og:description\" content=\"&nbsp;&nbsp;&nbsp;En 2014, un incendie a ravag\u00e9 Dar Zefta, mena&ccedil;ant l&rsquo;histoire...\" \/>\n<meta property=\"og:url\" content=\"https:\/\/restyling.exenia.eu\/fr\/projets\/dar-zefta\/\" \/>\n<meta property=\"og:site_name\" content=\"Exenia\" \/>\n<meta property=\"article:publisher\" content=\"https:\/\/www.facebook.com\/exenialighting\" \/>\n<meta property=\"og:image\" content=\"https:\/\/restyling.exenia.eu\/wp-content\/uploads\/2023\/01\/1-14.jpg\" \/>\n\t<meta property=\"og:image:width\" content=\"2048\" \/>\n\t<meta property=\"og:image:height\" content=\"1365\" \/>\n\t<meta property=\"og:image:type\" content=\"image\/jpeg\" \/>\n<!-- \/ Yoast SEO plugin. -->","yoast_head_json":{"title":"Dar Zefta | Exenia","robots":{"index":"noindex","follow":"follow","max-snippet":"max-snippet:-1","max-image-preview":"max-image-preview:large","max-video-preview":"max-video-preview:-1"},"og_locale":"fr_FR","og_type":"article","og_title":"Dar Zefta | Exenia","og_description":"&nbsp;&nbsp;&nbsp;En 2014, un incendie a ravag\u00e9 Dar Zefta, mena&ccedil;ant l&rsquo;histoire...","og_url":"https:\/\/restyling.exenia.eu\/fr\/projets\/dar-zefta\/","og_site_name":"Exenia","article_publisher":"https:\/\/www.facebook.com\/exenialighting","og_image":[{"width":2048,"height":1365,"url":"https:\/\/restyling.exenia.eu\/wp-content\/uploads\/2023\/01\/1-14.jpg","type":"image\/jpeg"}],"schema":{"@context":"https:\/\/schema.org","@graph":[{"@type":"WebPage","@id":"https:\/\/restyling.exenia.eu\/fr\/projets\/dar-zefta\/","url":"https:\/\/restyling.exenia.eu\/fr\/projets\/dar-zefta\/","name":"Dar Zefta | Exenia","isPartOf":{"@id":"https:\/\/restyling.exenia.eu\/#website"},"primaryImageOfPage":{"@id":"https:\/\/restyling.exenia.eu\/fr\/projets\/dar-zefta\/#primaryimage"},"image":{"@id":"https:\/\/restyling.exenia.eu\/fr\/projets\/dar-zefta\/#primaryimage"},"thumbnailUrl":"https:\/\/restyling.exenia.eu\/wp-content\/uploads\/2023\/01\/1-14.jpg","datePublished":"2022-02-03T23:00:00+00:00","breadcrumb":{"@id":"https:\/\/restyling.exenia.eu\/fr\/projets\/dar-zefta\/#breadcrumb"},"inLanguage":"fr-FR","potentialAction":[{"@type":"ReadAction","target":["https:\/\/restyling.exenia.eu\/fr\/projets\/dar-zefta\/"]}]},{"@type":"ImageObject","inLanguage":"fr-FR","@id":"https:\/\/restyling.exenia.eu\/fr\/projets\/dar-zefta\/#primaryimage","url":"https:\/\/restyling.exenia.eu\/wp-content\/uploads\/2023\/01\/1-14.jpg","contentUrl":"https:\/\/restyling.exenia.eu\/wp-content\/uploads\/2023\/01\/1-14.jpg","width":2048,"height":1365},{"@type":"BreadcrumbList","@id":"https:\/\/restyling.exenia.eu\/fr\/projets\/dar-zefta\/#breadcrumb","itemListElement":[{"@type":"ListItem","position":1,"name":"Home","item":"https:\/\/restyling.exenia.eu\/"},{"@type":"ListItem","position":2,"name":"Progetti","item":"https:\/\/restyling.exenia.eu\/progetti\/"},{"@type":"ListItem","position":3,"name":"Dar Zefta"}]},{"@type":"WebSite","@id":"https:\/\/restyling.exenia.eu\/#website","url":"https:\/\/restyling.exenia.eu\/","name":"Exenia","description":"","publisher":{"@id":"https:\/\/restyling.exenia.eu\/#organization"},"potentialAction":[{"@type":"SearchAction","target":{"@type":"EntryPoint","urlTemplate":"https:\/\/restyling.exenia.eu\/?s={search_term_string}"},"query-input":{"@type":"PropertyValueSpecification","valueRequired":true,"valueName":"search_term_string"}}],"inLanguage":"fr-FR"},{"@type":"Organization","@id":"https:\/\/restyling.exenia.eu\/#organization","name":"Exenia","url":"https:\/\/restyling.exenia.eu\/","logo":{"@type":"ImageObject","inLanguage":"fr-FR","@id":"https:\/\/restyling.exenia.eu\/#\/schema\/logo\/image\/","url":"https:\/\/restyling.exenia.eu\/wp-content\/uploads\/2022\/09\/logo_exenia-e1678467519405.png","contentUrl":"https:\/\/restyling.exenia.eu\/wp-content\/uploads\/2022\/09\/logo_exenia-e1678467519405.png","width":600,"height":194,"caption":"Exenia"},"image":{"@id":"https:\/\/restyling.exenia.eu\/#\/schema\/logo\/image\/"},"sameAs":["https:\/\/www.facebook.com\/exenialighting","https:\/\/x.com\/ExeniaLighting"]}]}},"_links":{"self":[{"href":"https:\/\/restyling.exenia.eu\/fr\/wp-json\/wp\/v2\/progetti\/9909","targetHints":{"allow":["GET"]}}],"collection":[{"href":"https:\/\/restyling.exenia.eu\/fr\/wp-json\/wp\/v2\/progetti"}],"about":[{"href":"https:\/\/restyling.exenia.eu\/fr\/wp-json\/wp\/v2\/types\/progetti"}],"version-history":[{"count":0,"href":"https:\/\/restyling.exenia.eu\/fr\/wp-json\/wp\/v2\/progetti\/9909\/revisions"}],"wp:featuredmedia":[{"embeddable":true,"href":"https:\/\/restyling.exenia.eu\/fr\/wp-json\/wp\/v2\/media\/9365"}],"wp:attachment":[{"href":"https:\/\/restyling.exenia.eu\/fr\/wp-json\/wp\/v2\/media?parent=9909"}],"wp:term":[{"taxonomy":"famiglia_progetto","embeddable":true,"href":"https:\/\/restyling.exenia.eu\/fr\/wp-json\/wp\/v2\/famiglia_progetto?post=9909"},{"taxonomy":"applicazione_progetto","embeddable":true,"href":"https:\/\/restyling.exenia.eu\/fr\/wp-json\/wp\/v2\/applicazione_progetto?post=9909"},{"taxonomy":"nazione_progetto","embeddable":true,"href":"https:\/\/restyling.exenia.eu\/fr\/wp-json\/wp\/v2\/nazione_progetto?post=9909"},{"taxonomy":"market","embeddable":true,"href":"https:\/\/restyling.exenia.eu\/fr\/wp-json\/wp\/v2\/market?post=9909"}],"curies":[{"name":"wp","href":"https:\/\/api.w.org\/{rel}","templated":true}]}}

<p>&nbsp;&nbsp;<br />&nbsp;En 2014, un incendie a ravagé Dar Zefta, mena&ccedil;ant l&rsquo;histoire d&rsquo;un joyau architectural centenaire con&ccedil;u en 1911 par Hussein Beik El Darwiche avec l&rsquo;aide d&rsquo;architectes italiens et orientaux.<br />Gr&acirc;ce aux efforts de Simone Kosremelli, architecte et urbaniste, la maison a été restaurée en utilisant des matériaux durables et naturels, en ramenant le jardin &agrave; l&rsquo;intérieur de la maison et en privilégiant la lumi&egrave;re naturelle.<br />Alta Light a été engagé par son propriétaire actuel, Bahjat El Darwiche, pour donner vie, la nuit, &agrave; la vaste histoire de la fa&ccedil;ade et &agrave; ses détails complexes.<br />Pour éclairer les arches, des uplights de la marque londonienne Phos ont été choisis en raison de leur petite taille et de la puissance de leur lumi&egrave;re. L&rsquo;optique a été soigneusement sélectionnée pour mettre en valeur les arches, le plafond en pierre orné et pour éclairer le mur du fond.<br />Afin d&rsquo;obtenir l&rsquo;effet désiré, l&rsquo;angle et l&rsquo;intensité du faisceau ont d&ucirc; &ecirc;tre testés et re-testés d&rsquo;innombrables fois.<br />Pour les autres murs de la fa&ccedil;ade, un jeu dramatique d&rsquo;ombres et de lumi&egrave;res provenant des buissons et des arbres a été réalisé avec des projecteurs &agrave; pointes de la marque Exenia.<br />Histoire de la fa&ccedil;ade :<br />L&rsquo;influence italienne est évidente dans l&rsquo;architecture romaine classique du Dar. Le Dar est surélevé, et sa fa&ccedil;ade est quelque peu symétrique. L&rsquo;influence italienne est également visible dans la fa&ccedil;ade de style baroque qui utilise des mouvements exagérés et des détails clairs et faciles &agrave; interpréter pour produire du drame, de la tension, de l&rsquo;exubérance et de la grandeur.<br />Le drapeau ottoman, sculpté dans la pierre, occupe la place centrale de la toiture et accueille le visiteur de Dar Zefta.<br />La variété des ornements rassemblés &agrave; Dar Zefta témoigne longuement de cette convergence d&rsquo;influences culturelles et graphiques justifiée par la situation géopolitique de ce pays.<br />Les chapiteaux des colonnes de l&rsquo;arcade sont ornés de motifs de fleurs de lotus. La fleur de lotus est légendaire pour de nombreuses civilisations anciennes comme dans l&rsquo;&Eacute;gypte ancienne o&ugrave; elle signifie la renaissance et la régénération ou encore dans le bouddhisme o&ugrave; elle signifie la fortune, la purification et la fidélité.</p>
<p>&nbsp;</p>

<p>&nbsp;&nbsp;&nbsp;En 2014, un incendie a ravagé Dar Zefta, mena&ccedil;ant l&rsquo;histoire&#8230;</p>

<!-- This site is optimized with the Yoast SEO plugin v27.4 - https://yoast.com/product/yoast-seo-wordpress/ -->
<title>Dar Zefta | Exenia</title>
<meta name="robots" content="noindex, follow, max-snippet:-1, max-image-preview:large, max-video-preview:-1" />
<meta property="og:locale" content="fr_FR" />
<meta property="og:type" content="article" />
<meta property="og:title" content="Dar Zefta | Exenia" />
<meta property="og:description" content="&nbsp;&nbsp;&nbsp;En 2014, un incendie a ravagé Dar Zefta, mena&ccedil;ant l&rsquo;histoire..." />
<meta property="og:url" content="https://restyling.exenia.eu/fr/projets/dar-zefta/" />
<meta property="og:site_name" content="Exenia" />
<meta property="article:publisher" content="https://www.facebook.com/exenialighting" />
<meta property="og:image" content="https://restyling.exenia.eu/wp-content/uploads/2023/01/1-14.jpg" />
	<meta property="og:image:width" content="2048" />
	<meta property="og:image:height" content="1365" />
	<meta property="og:image:type" content="image/jpeg" />
<!-- / Yoast SEO plugin. -->

&nbsp;&nbsp;&nbsp;En 2014, un incendie a ravagé Dar Zefta, mena&ccedil;ant l&rsquo;histoire...
