{"id":9916,"date":"2022-05-20T00:00:00","date_gmt":"2022-05-19T22:00:00","guid":{"rendered":"https:\/\/www.exenia.eu\/progetti\/fillia-kindergarten\/"},"modified":"2022-05-20T00:00:00","modified_gmt":"2022-05-19T22:00:00","slug":"fillia-kindergarten","status":"publish","type":"progetti","link":"https:\/\/restyling.exenia.eu\/fr\/projets\/fillia-kindergarten\/","title":{"rendered":"Fillia Kindergarten"},"content":{"rendered":"<p> Le projet du nouveau jardin d&rsquo;enfants \u00e0 Cuneo a \u00e9t\u00e9 d\u00e9velopp\u00e9 dans le but de r\u00e9pondre \u00e0 un ph\u00e9nom\u00e8ne d&rsquo;une forte augmentation d\u00e9mographique du quartier et \u00e0 de nouveaux besoins didactiques, que la structure scolaire pr\u00e9existante n&rsquo;\u00e9tait plus en mesure de satisfaire . &#038; nbsp; Le volume de l&rsquo;\u00e9cole est sculpt\u00e9 par une s\u00e9rie d&rsquo;alc\u00f4ves, lambriss\u00e9e de bois de m\u00e9l\u00e8ze, un mat\u00e9riau chaud et confortable, qui cr\u00e9e un lieu prot\u00e9g\u00e9 et un abri pour les enfants. &#038; nbsp; L&rsquo;acc\u00e8s \u00e0 l&rsquo;\u00e9cole a lieu \u00e0 travers le plus profond d&rsquo;entre eux, qui agit comme un filtre entre l&rsquo;int\u00e9rieur et l&rsquo;ext\u00e9rieur et accueille les enfants, les guidant \u00e0 l&rsquo;int\u00e9rieur de l&rsquo;espace scolaire. &#038; NBSP; Pendant les mois d&rsquo;hiver, les grandes fen\u00eatres deviennent des syst\u00e8mes solaires passifs, qui permettent d&rsquo;accumuler de l&rsquo;\u00e9nergie solaire et de la transf\u00e9rer \u00e0 l&rsquo;int\u00e9rieur du b\u00e2timent . Dans les mois les plus chauds, en revanche, les nuances de soleil horizontales en aluminium, r\u00e9glables avec un contr\u00f4le motoris\u00e9, r\u00e9duisent l&rsquo;exposition solaire et \u00e9vitent la surchauffe des int\u00e9rieurs. <\/p>\n","protected":false},"excerpt":{"rendered":"<p>Le projet du nouveau jardin d&rsquo;enfants \u00e0 Cuneo a \u00e9t\u00e9&#8230;<\/p>\n","protected":false},"featured_media":9402,"parent":0,"menu_order":0,"template":"","meta":{"_acf_changed":false,"footnotes":""},"famiglia_progetto":[],"applicazione_progetto":[342],"nazione_progetto":[674],"market":[625],"class_list":["post-9916","progetti","type-progetti","status-publish","has-post-thumbnail","hentry","applicazione_progetto-projection-fr","nazione_progetto-italie","market-education"],"acf":[],"yoast_head":"<!-- This site is optimized with the Yoast SEO plugin v27.4 - https:\/\/yoast.com\/product\/yoast-seo-wordpress\/ -->\n<title>Fillia Kindergarten | Exenia<\/title>\n<meta name=\"robots\" content=\"noindex, follow, max-snippet:-1, max-image-preview:large, max-video-preview:-1\" \/>\n<meta property=\"og:locale\" content=\"fr_FR\" \/>\n<meta property=\"og:type\" content=\"article\" \/>\n<meta property=\"og:title\" content=\"Fillia Kindergarten | Exenia\" \/>\n<meta property=\"og:description\" content=\"Le projet du nouveau jardin d&rsquo;enfants \u00e0 Cuneo a \u00e9t\u00e9...\" \/>\n<meta property=\"og:url\" content=\"https:\/\/restyling.exenia.eu\/fr\/projets\/fillia-kindergarten\/\" \/>\n<meta property=\"og:site_name\" content=\"Exenia\" \/>\n<meta property=\"article:publisher\" content=\"https:\/\/www.facebook.com\/exenialighting\" \/>\n<meta property=\"og:image\" content=\"https:\/\/restyling.exenia.eu\/wp-content\/uploads\/2023\/01\/img1-4.jpg\" \/>\n\t<meta property=\"og:image:width\" content=\"2048\" \/>\n\t<meta property=\"og:image:height\" content=\"1365\" \/>\n\t<meta property=\"og:image:type\" content=\"image\/jpeg\" \/>\n<!-- \/ Yoast SEO plugin. -->","yoast_head_json":{"title":"Fillia Kindergarten | Exenia","robots":{"index":"noindex","follow":"follow","max-snippet":"max-snippet:-1","max-image-preview":"max-image-preview:large","max-video-preview":"max-video-preview:-1"},"og_locale":"fr_FR","og_type":"article","og_title":"Fillia Kindergarten | Exenia","og_description":"Le projet du nouveau jardin d&rsquo;enfants \u00e0 Cuneo a \u00e9t\u00e9...","og_url":"https:\/\/restyling.exenia.eu\/fr\/projets\/fillia-kindergarten\/","og_site_name":"Exenia","article_publisher":"https:\/\/www.facebook.com\/exenialighting","og_image":[{"width":2048,"height":1365,"url":"https:\/\/restyling.exenia.eu\/wp-content\/uploads\/2023\/01\/img1-4.jpg","type":"image\/jpeg"}],"schema":{"@context":"https:\/\/schema.org","@graph":[{"@type":"WebPage","@id":"https:\/\/restyling.exenia.eu\/fr\/projets\/fillia-kindergarten\/","url":"https:\/\/restyling.exenia.eu\/fr\/projets\/fillia-kindergarten\/","name":"Fillia Kindergarten | Exenia","isPartOf":{"@id":"https:\/\/restyling.exenia.eu\/#website"},"primaryImageOfPage":{"@id":"https:\/\/restyling.exenia.eu\/fr\/projets\/fillia-kindergarten\/#primaryimage"},"image":{"@id":"https:\/\/restyling.exenia.eu\/fr\/projets\/fillia-kindergarten\/#primaryimage"},"thumbnailUrl":"https:\/\/restyling.exenia.eu\/wp-content\/uploads\/2023\/01\/img1-4.jpg","datePublished":"2022-05-19T22:00:00+00:00","breadcrumb":{"@id":"https:\/\/restyling.exenia.eu\/fr\/projets\/fillia-kindergarten\/#breadcrumb"},"inLanguage":"fr-FR","potentialAction":[{"@type":"ReadAction","target":["https:\/\/restyling.exenia.eu\/fr\/projets\/fillia-kindergarten\/"]}]},{"@type":"ImageObject","inLanguage":"fr-FR","@id":"https:\/\/restyling.exenia.eu\/fr\/projets\/fillia-kindergarten\/#primaryimage","url":"https:\/\/restyling.exenia.eu\/wp-content\/uploads\/2023\/01\/img1-4.jpg","contentUrl":"https:\/\/restyling.exenia.eu\/wp-content\/uploads\/2023\/01\/img1-4.jpg","width":2048,"height":1365},{"@type":"BreadcrumbList","@id":"https:\/\/restyling.exenia.eu\/fr\/projets\/fillia-kindergarten\/#breadcrumb","itemListElement":[{"@type":"ListItem","position":1,"name":"Home","item":"https:\/\/restyling.exenia.eu\/"},{"@type":"ListItem","position":2,"name":"Progetti","item":"https:\/\/restyling.exenia.eu\/progetti\/"},{"@type":"ListItem","position":3,"name":"Fillia Kindergarten"}]},{"@type":"WebSite","@id":"https:\/\/restyling.exenia.eu\/#website","url":"https:\/\/restyling.exenia.eu\/","name":"Exenia","description":"","publisher":{"@id":"https:\/\/restyling.exenia.eu\/#organization"},"potentialAction":[{"@type":"SearchAction","target":{"@type":"EntryPoint","urlTemplate":"https:\/\/restyling.exenia.eu\/?s={search_term_string}"},"query-input":{"@type":"PropertyValueSpecification","valueRequired":true,"valueName":"search_term_string"}}],"inLanguage":"fr-FR"},{"@type":"Organization","@id":"https:\/\/restyling.exenia.eu\/#organization","name":"Exenia","url":"https:\/\/restyling.exenia.eu\/","logo":{"@type":"ImageObject","inLanguage":"fr-FR","@id":"https:\/\/restyling.exenia.eu\/#\/schema\/logo\/image\/","url":"https:\/\/restyling.exenia.eu\/wp-content\/uploads\/2022\/09\/logo_exenia-e1678467519405.png","contentUrl":"https:\/\/restyling.exenia.eu\/wp-content\/uploads\/2022\/09\/logo_exenia-e1678467519405.png","width":600,"height":194,"caption":"Exenia"},"image":{"@id":"https:\/\/restyling.exenia.eu\/#\/schema\/logo\/image\/"},"sameAs":["https:\/\/www.facebook.com\/exenialighting","https:\/\/x.com\/ExeniaLighting"]}]}},"_links":{"self":[{"href":"https:\/\/restyling.exenia.eu\/fr\/wp-json\/wp\/v2\/progetti\/9916","targetHints":{"allow":["GET"]}}],"collection":[{"href":"https:\/\/restyling.exenia.eu\/fr\/wp-json\/wp\/v2\/progetti"}],"about":[{"href":"https:\/\/restyling.exenia.eu\/fr\/wp-json\/wp\/v2\/types\/progetti"}],"version-history":[{"count":0,"href":"https:\/\/restyling.exenia.eu\/fr\/wp-json\/wp\/v2\/progetti\/9916\/revisions"}],"wp:featuredmedia":[{"embeddable":true,"href":"https:\/\/restyling.exenia.eu\/fr\/wp-json\/wp\/v2\/media\/9402"}],"wp:attachment":[{"href":"https:\/\/restyling.exenia.eu\/fr\/wp-json\/wp\/v2\/media?parent=9916"}],"wp:term":[{"taxonomy":"famiglia_progetto","embeddable":true,"href":"https:\/\/restyling.exenia.eu\/fr\/wp-json\/wp\/v2\/famiglia_progetto?post=9916"},{"taxonomy":"applicazione_progetto","embeddable":true,"href":"https:\/\/restyling.exenia.eu\/fr\/wp-json\/wp\/v2\/applicazione_progetto?post=9916"},{"taxonomy":"nazione_progetto","embeddable":true,"href":"https:\/\/restyling.exenia.eu\/fr\/wp-json\/wp\/v2\/nazione_progetto?post=9916"},{"taxonomy":"market","embeddable":true,"href":"https:\/\/restyling.exenia.eu\/fr\/wp-json\/wp\/v2\/market?post=9916"}],"curies":[{"name":"wp","href":"https:\/\/api.w.org\/{rel}","templated":true}]}}

<p> Le projet du nouveau jardin d&rsquo;enfants à Cuneo a été développé dans le but de répondre à un phénomène d&rsquo;une forte augmentation démographique du quartier et à de nouveaux besoins didactiques, que la structure scolaire préexistante n&rsquo;était plus en mesure de satisfaire . &#038; nbsp; Le volume de l&rsquo;école est sculpté par une série d&rsquo;alcôves, lambrissée de bois de mélèze, un matériau chaud et confortable, qui crée un lieu protégé et un abri pour les enfants. &#038; nbsp; L&rsquo;accès à l&rsquo;école a lieu à travers le plus profond d&rsquo;entre eux, qui agit comme un filtre entre l&rsquo;intérieur et l&rsquo;extérieur et accueille les enfants, les guidant à l&rsquo;intérieur de l&rsquo;espace scolaire. &#038; NBSP; Pendant les mois d&rsquo;hiver, les grandes fenêtres deviennent des systèmes solaires passifs, qui permettent d&rsquo;accumuler de l&rsquo;énergie solaire et de la transférer à l&rsquo;intérieur du bâtiment . Dans les mois les plus chauds, en revanche, les nuances de soleil horizontales en aluminium, réglables avec un contrôle motorisé, réduisent l&rsquo;exposition solaire et évitent la surchauffe des intérieurs. </p>

<p>Le projet du nouveau jardin d&rsquo;enfants à Cuneo a été&#8230;</p>

<!-- This site is optimized with the Yoast SEO plugin v27.4 - https://yoast.com/product/yoast-seo-wordpress/ -->
<title>Fillia Kindergarten | Exenia</title>
<meta name="robots" content="noindex, follow, max-snippet:-1, max-image-preview:large, max-video-preview:-1" />
<meta property="og:locale" content="fr_FR" />
<meta property="og:type" content="article" />
<meta property="og:title" content="Fillia Kindergarten | Exenia" />
<meta property="og:description" content="Le projet du nouveau jardin d&rsquo;enfants à Cuneo a été..." />
<meta property="og:url" content="https://restyling.exenia.eu/fr/projets/fillia-kindergarten/" />
<meta property="og:site_name" content="Exenia" />
<meta property="article:publisher" content="https://www.facebook.com/exenialighting" />
<meta property="og:image" content="https://restyling.exenia.eu/wp-content/uploads/2023/01/img1-4.jpg" />
	<meta property="og:image:width" content="2048" />
	<meta property="og:image:height" content="1365" />
	<meta property="og:image:type" content="image/jpeg" />
<!-- / Yoast SEO plugin. -->

Le projet du nouveau jardin d&rsquo;enfants à Cuneo a été...
