{"id":9942,"date":"2017-09-18T00:00:00","date_gmt":"2017-09-17T22:00:00","guid":{"rendered":"https:\/\/www.exenia.eu\/progetti\/paris-office\/"},"modified":"2017-09-18T00:00:00","modified_gmt":"2017-09-17T22:00:00","slug":"paris-office","status":"publish","type":"progetti","link":"https:\/\/restyling.exenia.eu\/fr\/projets\/paris-office\/","title":{"rendered":"Paris Office"},"content":{"rendered":"<p>Notre bureau de Paris inaugur\u00e9 en septembre 2015, qui dessert non seulement la France, mais \u00e9galement toute l&rsquo;Europe, est le sixi&egrave;me bureau international du Groupe Lumenpulse &agrave; ouvrir ses portes. Nos \u00e9quipes de vente et de service de Paris, reconnues pour l&rsquo;excellence de leur service &agrave; la client&egrave;le aupr&egrave;s des prescripteurs et des designers de toute l&rsquo;Europe, ont pris de l&rsquo;expansion parall&egrave;lement &agrave; la croissance que conna&icirc;t la compagnie. Le moment \u00e9tait venu de leur offrir un milieu de travail plus convivial, chaleureux et r\u00e9solument moderne.<\/p>\n<p>Avec une aire principale chaleureuse gr&acirc;ce au mur de briques expos\u00e9, des fa&ccedil;ades de contreplaqu\u00e9 textur\u00e9 adjacentes &agrave; une combinaison de murs noirs et blancs ainsi qu&rsquo;un m\u00e9lange de planchers recouverts de moquette et au bois, le bureau fait double office. Il est &agrave; la fois un lieu de travail accueillant et une salle d&rsquo;exposition des produits europ\u00e9ens du Groupe, mettant en sc&egrave;ne les diff\u00e9rentes marques de l&rsquo;entreprise.&nbsp;<\/p>\n<p>Les lampes Exenia LIA qui y sont parsem\u00e9es \u00e9clairent la cuisine et le coin salle &agrave; manger, tandis que des luminaires Exenia WILLY, flanqu\u00e9s de deux plafonniers Clear Small de Lumenalpha, surplombent la table de la salle de conf\u00e9rence. Des luminaires Lumencove dominent les parois en contreplaqu\u00e9 du bureau principal, tandis qu&rsquo;un luminaire Fluxwerx PROFILE \u00e9claire le bureau de travail central et qu&rsquo;une optique Fluxwerx VIEW, toujours tr&egrave;s pris\u00e9e, orne l&rsquo;espace central de bureaux d\u00e9limit\u00e9 par des parois de verre.<\/p>\n<p>De passage &agrave; Paris, ne manquez pas de venir y jeter un coup d&rsquo;&oelig;il. Nous serons ravis de vous montrer nos locaux.&nbsp;<\/p>\n","protected":false},"excerpt":{"rendered":"<p>Notre bureau de Paris inaugur\u00e9 en septembre 2015, qui dessert&#8230;<\/p>\n","protected":false},"featured_media":9535,"parent":0,"menu_order":0,"template":"","meta":{"_acf_changed":false,"footnotes":""},"famiglia_progetto":[],"applicazione_progetto":[330,332,335],"nazione_progetto":[672],"market":[641],"class_list":["post-9942","progetti","type-progetti","status-publish","has-post-thumbnail","hentry","applicazione_progetto-cove-lighting-fr","applicazione_progetto-eclairage-daccentuation","applicazione_progetto-eclairage-diffus","nazione_progetto-france","market-office"],"acf":[],"yoast_head":"<!-- This site is optimized with the Yoast SEO plugin v27.5 - https:\/\/yoast.com\/product\/yoast-seo-wordpress\/ -->\n<title>Paris Office | Exenia<\/title>\n<meta name=\"robots\" content=\"noindex, follow, max-snippet:-1, max-image-preview:large, max-video-preview:-1\" \/>\n<meta property=\"og:locale\" content=\"fr_FR\" \/>\n<meta property=\"og:type\" content=\"article\" \/>\n<meta property=\"og:title\" content=\"Paris Office | Exenia\" \/>\n<meta property=\"og:description\" content=\"Notre bureau de Paris inaugur\u00e9 en septembre 2015, qui dessert...\" \/>\n<meta property=\"og:url\" content=\"https:\/\/restyling.exenia.eu\/fr\/projets\/paris-office\/\" \/>\n<meta property=\"og:site_name\" content=\"Exenia\" \/>\n<meta property=\"article:publisher\" content=\"https:\/\/www.facebook.com\/exenialighting\" \/>\n<meta property=\"og:image\" content=\"https:\/\/restyling.exenia.eu\/wp-content\/uploads\/2023\/01\/lumenpulse-paris-new-office-01-web.jpg\" \/>\n\t<meta property=\"og:image:width\" content=\"2560\" \/>\n\t<meta property=\"og:image:height\" content=\"1599\" \/>\n\t<meta property=\"og:image:type\" content=\"image\/jpeg\" \/>\n<!-- \/ Yoast SEO plugin. -->","yoast_head_json":{"title":"Paris Office | Exenia","robots":{"index":"noindex","follow":"follow","max-snippet":"max-snippet:-1","max-image-preview":"max-image-preview:large","max-video-preview":"max-video-preview:-1"},"og_locale":"fr_FR","og_type":"article","og_title":"Paris Office | Exenia","og_description":"Notre bureau de Paris inaugur\u00e9 en septembre 2015, qui dessert...","og_url":"https:\/\/restyling.exenia.eu\/fr\/projets\/paris-office\/","og_site_name":"Exenia","article_publisher":"https:\/\/www.facebook.com\/exenialighting","og_image":[{"width":2560,"height":1599,"url":"https:\/\/restyling.exenia.eu\/wp-content\/uploads\/2023\/01\/lumenpulse-paris-new-office-01-web.jpg","type":"image\/jpeg"}],"schema":{"@context":"https:\/\/schema.org","@graph":[{"@type":"WebPage","@id":"https:\/\/restyling.exenia.eu\/fr\/projets\/paris-office\/","url":"https:\/\/restyling.exenia.eu\/fr\/projets\/paris-office\/","name":"Paris Office | Exenia","isPartOf":{"@id":"https:\/\/restyling.exenia.eu\/#website"},"primaryImageOfPage":{"@id":"https:\/\/restyling.exenia.eu\/fr\/projets\/paris-office\/#primaryimage"},"image":{"@id":"https:\/\/restyling.exenia.eu\/fr\/projets\/paris-office\/#primaryimage"},"thumbnailUrl":"https:\/\/restyling.exenia.eu\/wp-content\/uploads\/2023\/01\/lumenpulse-paris-new-office-01-web.jpg","datePublished":"2017-09-17T22:00:00+00:00","breadcrumb":{"@id":"https:\/\/restyling.exenia.eu\/fr\/projets\/paris-office\/#breadcrumb"},"inLanguage":"fr-FR","potentialAction":[{"@type":"ReadAction","target":["https:\/\/restyling.exenia.eu\/fr\/projets\/paris-office\/"]}]},{"@type":"ImageObject","inLanguage":"fr-FR","@id":"https:\/\/restyling.exenia.eu\/fr\/projets\/paris-office\/#primaryimage","url":"https:\/\/restyling.exenia.eu\/wp-content\/uploads\/2023\/01\/lumenpulse-paris-new-office-01-web.jpg","contentUrl":"https:\/\/restyling.exenia.eu\/wp-content\/uploads\/2023\/01\/lumenpulse-paris-new-office-01-web.jpg","width":2560,"height":1599},{"@type":"BreadcrumbList","@id":"https:\/\/restyling.exenia.eu\/fr\/projets\/paris-office\/#breadcrumb","itemListElement":[{"@type":"ListItem","position":1,"name":"Home","item":"https:\/\/restyling.exenia.eu\/"},{"@type":"ListItem","position":2,"name":"Progetti","item":"https:\/\/restyling.exenia.eu\/progetti\/"},{"@type":"ListItem","position":3,"name":"Paris Office"}]},{"@type":"WebSite","@id":"https:\/\/restyling.exenia.eu\/#website","url":"https:\/\/restyling.exenia.eu\/","name":"Exenia","description":"","publisher":{"@id":"https:\/\/restyling.exenia.eu\/#organization"},"potentialAction":[{"@type":"SearchAction","target":{"@type":"EntryPoint","urlTemplate":"https:\/\/restyling.exenia.eu\/?s={search_term_string}"},"query-input":{"@type":"PropertyValueSpecification","valueRequired":true,"valueName":"search_term_string"}}],"inLanguage":"fr-FR"},{"@type":"Organization","@id":"https:\/\/restyling.exenia.eu\/#organization","name":"Exenia","url":"https:\/\/restyling.exenia.eu\/","logo":{"@type":"ImageObject","inLanguage":"fr-FR","@id":"https:\/\/restyling.exenia.eu\/#\/schema\/logo\/image\/","url":"https:\/\/restyling.exenia.eu\/wp-content\/uploads\/2022\/09\/logo_exenia-e1678467519405.png","contentUrl":"https:\/\/restyling.exenia.eu\/wp-content\/uploads\/2022\/09\/logo_exenia-e1678467519405.png","width":600,"height":194,"caption":"Exenia"},"image":{"@id":"https:\/\/restyling.exenia.eu\/#\/schema\/logo\/image\/"},"sameAs":["https:\/\/www.facebook.com\/exenialighting","https:\/\/x.com\/ExeniaLighting"]}]}},"_links":{"self":[{"href":"https:\/\/restyling.exenia.eu\/fr\/wp-json\/wp\/v2\/progetti\/9942","targetHints":{"allow":["GET"]}}],"collection":[{"href":"https:\/\/restyling.exenia.eu\/fr\/wp-json\/wp\/v2\/progetti"}],"about":[{"href":"https:\/\/restyling.exenia.eu\/fr\/wp-json\/wp\/v2\/types\/progetti"}],"version-history":[{"count":0,"href":"https:\/\/restyling.exenia.eu\/fr\/wp-json\/wp\/v2\/progetti\/9942\/revisions"}],"wp:featuredmedia":[{"embeddable":true,"href":"https:\/\/restyling.exenia.eu\/fr\/wp-json\/wp\/v2\/media\/9535"}],"wp:attachment":[{"href":"https:\/\/restyling.exenia.eu\/fr\/wp-json\/wp\/v2\/media?parent=9942"}],"wp:term":[{"taxonomy":"famiglia_progetto","embeddable":true,"href":"https:\/\/restyling.exenia.eu\/fr\/wp-json\/wp\/v2\/famiglia_progetto?post=9942"},{"taxonomy":"applicazione_progetto","embeddable":true,"href":"https:\/\/restyling.exenia.eu\/fr\/wp-json\/wp\/v2\/applicazione_progetto?post=9942"},{"taxonomy":"nazione_progetto","embeddable":true,"href":"https:\/\/restyling.exenia.eu\/fr\/wp-json\/wp\/v2\/nazione_progetto?post=9942"},{"taxonomy":"market","embeddable":true,"href":"https:\/\/restyling.exenia.eu\/fr\/wp-json\/wp\/v2\/market?post=9942"}],"curies":[{"name":"wp","href":"https:\/\/api.w.org\/{rel}","templated":true}]}}

<p>Notre bureau de Paris inauguré en septembre 2015, qui dessert non seulement la France, mais également toute l&rsquo;Europe, est le sixi&egrave;me bureau international du Groupe Lumenpulse &agrave; ouvrir ses portes. Nos équipes de vente et de service de Paris, reconnues pour l&rsquo;excellence de leur service &agrave; la client&egrave;le aupr&egrave;s des prescripteurs et des designers de toute l&rsquo;Europe, ont pris de l&rsquo;expansion parall&egrave;lement &agrave; la croissance que conna&icirc;t la compagnie. Le moment était venu de leur offrir un milieu de travail plus convivial, chaleureux et résolument moderne.</p>
<p>Avec une aire principale chaleureuse gr&acirc;ce au mur de briques exposé, des fa&ccedil;ades de contreplaqué texturé adjacentes &agrave; une combinaison de murs noirs et blancs ainsi qu&rsquo;un mélange de planchers recouverts de moquette et au bois, le bureau fait double office. Il est &agrave; la fois un lieu de travail accueillant et une salle d&rsquo;exposition des produits européens du Groupe, mettant en sc&egrave;ne les différentes marques de l&rsquo;entreprise.&nbsp;</p>
<p>Les lampes Exenia LIA qui y sont parsemées éclairent la cuisine et le coin salle &agrave; manger, tandis que des luminaires Exenia WILLY, flanqués de deux plafonniers Clear Small de Lumenalpha, surplombent la table de la salle de conférence. Des luminaires Lumencove dominent les parois en contreplaqué du bureau principal, tandis qu&rsquo;un luminaire Fluxwerx PROFILE éclaire le bureau de travail central et qu&rsquo;une optique Fluxwerx VIEW, toujours tr&egrave;s prisée, orne l&rsquo;espace central de bureaux délimité par des parois de verre.</p>
<p>De passage &agrave; Paris, ne manquez pas de venir y jeter un coup d&rsquo;&oelig;il. Nous serons ravis de vous montrer nos locaux.&nbsp;</p>

<p>Notre bureau de Paris inauguré en septembre 2015, qui dessert&#8230;</p>

<!-- This site is optimized with the Yoast SEO plugin v27.5 - https://yoast.com/product/yoast-seo-wordpress/ -->
<title>Paris Office | Exenia</title>
<meta name="robots" content="noindex, follow, max-snippet:-1, max-image-preview:large, max-video-preview:-1" />
<meta property="og:locale" content="fr_FR" />
<meta property="og:type" content="article" />
<meta property="og:title" content="Paris Office | Exenia" />
<meta property="og:description" content="Notre bureau de Paris inauguré en septembre 2015, qui dessert..." />
<meta property="og:url" content="https://restyling.exenia.eu/fr/projets/paris-office/" />
<meta property="og:site_name" content="Exenia" />
<meta property="article:publisher" content="https://www.facebook.com/exenialighting" />
<meta property="og:image" content="https://restyling.exenia.eu/wp-content/uploads/2023/01/lumenpulse-paris-new-office-01-web.jpg" />
	<meta property="og:image:width" content="2560" />
	<meta property="og:image:height" content="1599" />
	<meta property="og:image:type" content="image/jpeg" />
<!-- / Yoast SEO plugin. -->

Notre bureau de Paris inauguré en septembre 2015, qui dessert...
