{"id":9949,"date":"2022-05-24T00:00:00","date_gmt":"2022-05-23T22:00:00","guid":{"rendered":"https:\/\/www.exenia.eu\/progetti\/private-apartment-v2\/"},"modified":"2025-03-06T14:40:30","modified_gmt":"2025-03-06T13:40:30","slug":"private-apartment-v2","status":"publish","type":"progetti","link":"https:\/\/restyling.exenia.eu\/fr\/projets\/private-apartment-v2\/","title":{"rendered":"Private apartment V2"},"content":{"rendered":"<div class=\"flex max-w-full flex-col flex-grow\">\n<div class=\"min-h-8 text-message relative flex w-full flex-col items-end gap-2 whitespace-normal break-words text-start [.text-message+&amp;]:mt-5\" dir=\"auto\" data-message-author-role=\"assistant\" data-message-id=\"427240a3-9f5f-4da7-9ab3-59642c4dde27\" data-message-model-slug=\"gpt-4o-mini\">\n<div class=\"flex w-full flex-col gap-1 empty:hidden first:pt-[3px]\">\n<div class=\"markdown prose w-full break-words dark:prose-invert light\">\n<p data-start=\"46\" data-end=\"816\"><strong data-start=\"46\" data-end=\"63\">Appartement 1<\/strong><br data-start=\"63\" data-end=\"66\" \/>Le projet r\u00e9sulte d&rsquo;une collaboration \u00e9troite et cr\u00e9ative entre notre studio et les clients, dont l&rsquo;approche ouverte et la volont\u00e9 d&rsquo;explorer des solutions innovantes ont rendu cet espace possible. Situ\u00e9 au premier \u00e9tage d&rsquo;un b\u00e2timent historique en plein c\u0153ur de Koper, l&rsquo;appartement poss\u00e8de des racines profondes dans l&rsquo;histoire. Ancienne r\u00e9sidence d&rsquo;une famille noble, l&rsquo;immeuble a \u00e9t\u00e9 divis\u00e9 en appartements plus petits apr\u00e8s la Seconde Guerre mondiale, comme beaucoup d&rsquo;autres propri\u00e9t\u00e9s de la r\u00e9gion. Au-del\u00e0 de son emplacement privil\u00e9gi\u00e9, de sa fa\u00e7ade charmante et de ses d\u00e9tails architecturaux, l&rsquo;une des caract\u00e9ristiques les plus saisissantes de l&rsquo;immeuble est le \u00ab\u2009piano nobile\u2009\u00bb, caract\u00e9ris\u00e9 par une hauteur impressionnante de 4,3 m\u00e8tres.<\/p>\n<p data-start=\"818\" data-end=\"1248\">Dans notre intervention, l&rsquo;objectif \u00e9tait de restaurer une partie de la grandeur originale, en affrontant deux d\u00e9fis principaux :<br data-start=\"947\" data-end=\"950\" \/>\u2013 Le nombre limit\u00e9 de fen\u00eatres (seulement trois, toutes sur la m\u00eame fa\u00e7ade).<br data-start=\"1026\" data-end=\"1029\" \/>\u2013 Les besoins sp\u00e9cifiques des clients, qui d\u00e9siraient un salon spacieux, une chambre \u00e0 coucher, un bureau facilement transformable en une autre chambre \u00e0 coucher, une salle de bain, un d\u00e9barras et une salle technique.<\/p>\n<p data-start=\"1250\" data-end=\"1827\">Alors qu&rsquo;une approche traditionnelle aurait sugg\u00e9r\u00e9 de placer la chambre \u00e0 coucher devant l&rsquo;une des fen\u00eatres, limitant ainsi l&rsquo;espace et la lumi\u00e8re naturelle, nous avons choisi d&rsquo;optimiser l&rsquo;utilisation des fen\u00eatres existantes et de d\u00e9placer les autres pi\u00e8ces vers l&rsquo;int\u00e9rieur de l&rsquo;appartement. Les chambres sont dispos\u00e9es sur deux niveaux, s\u00e9par\u00e9s par une deuxi\u00e8me fa\u00e7ade. L&rsquo;utilisation du verre et de deux couches de rideaux permet d&rsquo;\u00e9quilibrer la vie priv\u00e9e et la lumi\u00e8re naturelle, offrant des vues sur la rue principale et tirant le meilleur parti de la lumi\u00e8re naturelle.<\/p>\n<p data-start=\"1829\" data-end=\"2394\"><strong data-start=\"1829\" data-end=\"1846\">Appartement 2<\/strong><br data-start=\"1846\" data-end=\"1849\" \/>Ce projet concerne un petit studio dans le centre historique de Koper, con\u00e7u sur le principe de \u00ab\u2009une bo\u00eete dans une bo\u00eete\u2009\u00bb. La nouvelle \u00ab bo\u00eete noire \u00bb abrite toutes les fonctions principales de l&rsquo;appartement, r\u00e9parties sur deux niveaux : la cuisine et la salle de bain sont au premier niveau, et la chambre \u00e0 coucher au deuxi\u00e8me. La \u00ab bo\u00eete blanche \u00bb repr\u00e9sente l&rsquo;ancien appartement, conserv\u00e9 dans sa forme originale, avec des plafonds hauts, des murs en pierre, des fen\u00eatres et une porte de balcon qui t\u00e9moignent de l\u2019histoire du b\u00e2timent.<\/p>\n<p data-start=\"2396\" data-end=\"2746\" data-is-last-node=\"\" data-is-only-node=\"\">Le contraste entre les formes et les couleurs des deux espaces cr\u00e9e un langage expressif unique, enrichissant l&rsquo;exp\u00e9rience de vie et conf\u00e9rant au projet une personnalit\u00e9 distinctive et originale. La fusion d&rsquo;\u00e9l\u00e9ments modernes et historiques offre une exp\u00e9rience unique, o\u00f9 chaque d\u00e9tail contribue \u00e0 un dialogue fascinant entre le pass\u00e9 et le pr\u00e9sent.<\/p>\n<\/div>\n<\/div>\n<\/div>\n<\/div>\n<div class=\"mb-2 flex gap-3 -ml-2\">\n<div class=\"items-center justify-start rounded-xl p-1 flex\">\n<div class=\"flex items-center\"><button class=\"rounded-lg text-token-text-secondary hover:bg-token-main-surface-secondary\" aria-label=\"Copia\" data-testid=\"copy-turn-action-button\"><\/button><\/p>\n<div class=\"flex\"><\/div>\n<p><button class=\"rounded-lg text-token-text-secondary hover:bg-token-main-surface-secondary\" aria-label=\"Read aloud\" data-testid=\"voice-play-turn-action-button\"><\/button><button class=\"rounded-lg text-token-text-secondary hover:bg-token-main-surface-secondary\" aria-label=\"Modifica in un quadro\"><\/button><\/p>\n<div class=\"flex items-center pb-0\"><\/div>\n<\/div>\n<\/div>\n<\/div>\n","protected":false},"excerpt":{"rendered":"<p>Appartement 1Le projet r\u00e9sulte d&rsquo;une collaboration \u00e9troite et cr\u00e9ative entre&#8230;<\/p>\n","protected":false},"featured_media":9571,"parent":0,"menu_order":0,"template":"","meta":{"_acf_changed":false,"footnotes":""},"famiglia_progetto":[],"applicazione_progetto":[342],"nazione_progetto":[681],"market":[630],"class_list":["post-9949","progetti","type-progetti","status-publish","has-post-thumbnail","hentry","applicazione_progetto-projection-fr","nazione_progetto-slovenie","market-home"],"acf":[],"yoast_head":"<!-- This site is optimized with the Yoast SEO plugin v27.5 - https:\/\/yoast.com\/product\/yoast-seo-wordpress\/ -->\n<title>Private apartment V2 | Exenia<\/title>\n<meta name=\"robots\" content=\"noindex, follow, max-snippet:-1, max-image-preview:large, max-video-preview:-1\" \/>\n<meta property=\"og:locale\" content=\"fr_FR\" \/>\n<meta property=\"og:type\" content=\"article\" \/>\n<meta property=\"og:title\" content=\"Private apartment V2 | Exenia\" \/>\n<meta property=\"og:description\" content=\"Appartement 1Le projet r\u00e9sulte d&rsquo;une collaboration \u00e9troite et cr\u00e9ative entre...\" \/>\n<meta property=\"og:url\" content=\"https:\/\/restyling.exenia.eu\/fr\/projets\/private-apartment-v2\/\" \/>\n<meta property=\"og:site_name\" content=\"Exenia\" \/>\n<meta property=\"article:publisher\" content=\"https:\/\/www.facebook.com\/exenialighting\" \/>\n<meta property=\"article:modified_time\" content=\"2025-03-06T13:40:30+00:00\" \/>\n<meta property=\"og:image\" content=\"https:\/\/restyling.exenia.eu\/wp-content\/uploads\/2023\/01\/img1-5.jpg\" \/>\n\t<meta property=\"og:image:width\" content=\"2048\" \/>\n\t<meta property=\"og:image:height\" content=\"1365\" \/>\n\t<meta property=\"og:image:type\" content=\"image\/jpeg\" \/>\n<!-- \/ Yoast SEO plugin. -->","yoast_head_json":{"title":"Private apartment V2 | Exenia","robots":{"index":"noindex","follow":"follow","max-snippet":"max-snippet:-1","max-image-preview":"max-image-preview:large","max-video-preview":"max-video-preview:-1"},"og_locale":"fr_FR","og_type":"article","og_title":"Private apartment V2 | Exenia","og_description":"Appartement 1Le projet r\u00e9sulte d&rsquo;une collaboration \u00e9troite et cr\u00e9ative entre...","og_url":"https:\/\/restyling.exenia.eu\/fr\/projets\/private-apartment-v2\/","og_site_name":"Exenia","article_publisher":"https:\/\/www.facebook.com\/exenialighting","article_modified_time":"2025-03-06T13:40:30+00:00","og_image":[{"width":2048,"height":1365,"url":"https:\/\/restyling.exenia.eu\/wp-content\/uploads\/2023\/01\/img1-5.jpg","type":"image\/jpeg"}],"schema":{"@context":"https:\/\/schema.org","@graph":[{"@type":"WebPage","@id":"https:\/\/restyling.exenia.eu\/fr\/projets\/private-apartment-v2\/","url":"https:\/\/restyling.exenia.eu\/fr\/projets\/private-apartment-v2\/","name":"Private apartment V2 | Exenia","isPartOf":{"@id":"https:\/\/restyling.exenia.eu\/#website"},"primaryImageOfPage":{"@id":"https:\/\/restyling.exenia.eu\/fr\/projets\/private-apartment-v2\/#primaryimage"},"image":{"@id":"https:\/\/restyling.exenia.eu\/fr\/projets\/private-apartment-v2\/#primaryimage"},"thumbnailUrl":"https:\/\/restyling.exenia.eu\/wp-content\/uploads\/2023\/01\/img1-5.jpg","datePublished":"2022-05-23T22:00:00+00:00","dateModified":"2025-03-06T13:40:30+00:00","breadcrumb":{"@id":"https:\/\/restyling.exenia.eu\/fr\/projets\/private-apartment-v2\/#breadcrumb"},"inLanguage":"fr-FR","potentialAction":[{"@type":"ReadAction","target":["https:\/\/restyling.exenia.eu\/fr\/projets\/private-apartment-v2\/"]}]},{"@type":"ImageObject","inLanguage":"fr-FR","@id":"https:\/\/restyling.exenia.eu\/fr\/projets\/private-apartment-v2\/#primaryimage","url":"https:\/\/restyling.exenia.eu\/wp-content\/uploads\/2023\/01\/img1-5.jpg","contentUrl":"https:\/\/restyling.exenia.eu\/wp-content\/uploads\/2023\/01\/img1-5.jpg","width":2048,"height":1365},{"@type":"BreadcrumbList","@id":"https:\/\/restyling.exenia.eu\/fr\/projets\/private-apartment-v2\/#breadcrumb","itemListElement":[{"@type":"ListItem","position":1,"name":"Home","item":"https:\/\/restyling.exenia.eu\/"},{"@type":"ListItem","position":2,"name":"Progetti","item":"https:\/\/restyling.exenia.eu\/progetti\/"},{"@type":"ListItem","position":3,"name":"Private apartment V2"}]},{"@type":"WebSite","@id":"https:\/\/restyling.exenia.eu\/#website","url":"https:\/\/restyling.exenia.eu\/","name":"Exenia","description":"","publisher":{"@id":"https:\/\/restyling.exenia.eu\/#organization"},"potentialAction":[{"@type":"SearchAction","target":{"@type":"EntryPoint","urlTemplate":"https:\/\/restyling.exenia.eu\/?s={search_term_string}"},"query-input":{"@type":"PropertyValueSpecification","valueRequired":true,"valueName":"search_term_string"}}],"inLanguage":"fr-FR"},{"@type":"Organization","@id":"https:\/\/restyling.exenia.eu\/#organization","name":"Exenia","url":"https:\/\/restyling.exenia.eu\/","logo":{"@type":"ImageObject","inLanguage":"fr-FR","@id":"https:\/\/restyling.exenia.eu\/#\/schema\/logo\/image\/","url":"https:\/\/restyling.exenia.eu\/wp-content\/uploads\/2022\/09\/logo_exenia-e1678467519405.png","contentUrl":"https:\/\/restyling.exenia.eu\/wp-content\/uploads\/2022\/09\/logo_exenia-e1678467519405.png","width":600,"height":194,"caption":"Exenia"},"image":{"@id":"https:\/\/restyling.exenia.eu\/#\/schema\/logo\/image\/"},"sameAs":["https:\/\/www.facebook.com\/exenialighting","https:\/\/x.com\/ExeniaLighting"]}]}},"_links":{"self":[{"href":"https:\/\/restyling.exenia.eu\/fr\/wp-json\/wp\/v2\/progetti\/9949","targetHints":{"allow":["GET"]}}],"collection":[{"href":"https:\/\/restyling.exenia.eu\/fr\/wp-json\/wp\/v2\/progetti"}],"about":[{"href":"https:\/\/restyling.exenia.eu\/fr\/wp-json\/wp\/v2\/types\/progetti"}],"version-history":[{"count":0,"href":"https:\/\/restyling.exenia.eu\/fr\/wp-json\/wp\/v2\/progetti\/9949\/revisions"}],"wp:featuredmedia":[{"embeddable":true,"href":"https:\/\/restyling.exenia.eu\/fr\/wp-json\/wp\/v2\/media\/9571"}],"wp:attachment":[{"href":"https:\/\/restyling.exenia.eu\/fr\/wp-json\/wp\/v2\/media?parent=9949"}],"wp:term":[{"taxonomy":"famiglia_progetto","embeddable":true,"href":"https:\/\/restyling.exenia.eu\/fr\/wp-json\/wp\/v2\/famiglia_progetto?post=9949"},{"taxonomy":"applicazione_progetto","embeddable":true,"href":"https:\/\/restyling.exenia.eu\/fr\/wp-json\/wp\/v2\/applicazione_progetto?post=9949"},{"taxonomy":"nazione_progetto","embeddable":true,"href":"https:\/\/restyling.exenia.eu\/fr\/wp-json\/wp\/v2\/nazione_progetto?post=9949"},{"taxonomy":"market","embeddable":true,"href":"https:\/\/restyling.exenia.eu\/fr\/wp-json\/wp\/v2\/market?post=9949"}],"curies":[{"name":"wp","href":"https:\/\/api.w.org\/{rel}","templated":true}]}}

<div class="flex max-w-full flex-col flex-grow">
<div class="min-h-8 text-message relative flex w-full flex-col items-end gap-2 whitespace-normal break-words text-start [.text-message+&amp;]:mt-5" dir="auto" data-message-author-role="assistant" data-message-id="427240a3-9f5f-4da7-9ab3-59642c4dde27" data-message-model-slug="gpt-4o-mini">
<div class="flex w-full flex-col gap-1 empty:hidden first:pt-[3px]">
<div class="markdown prose w-full break-words dark:prose-invert light">
<p data-start="46" data-end="816"><strong data-start="46" data-end="63">Appartement 1</strong><br data-start="63" data-end="66" />Le projet résulte d&rsquo;une collaboration étroite et créative entre notre studio et les clients, dont l&rsquo;approche ouverte et la volonté d&rsquo;explorer des solutions innovantes ont rendu cet espace possible. Situé au premier étage d&rsquo;un bâtiment historique en plein cœur de Koper, l&rsquo;appartement possède des racines profondes dans l&rsquo;histoire. Ancienne résidence d&rsquo;une famille noble, l&rsquo;immeuble a été divisé en appartements plus petits après la Seconde Guerre mondiale, comme beaucoup d&rsquo;autres propriétés de la région. Au-delà de son emplacement privilégié, de sa façade charmante et de ses détails architecturaux, l&rsquo;une des caractéristiques les plus saisissantes de l&rsquo;immeuble est le « piano nobile », caractérisé par une hauteur impressionnante de 4,3 mètres.</p>
<p data-start="818" data-end="1248">Dans notre intervention, l&rsquo;objectif était de restaurer une partie de la grandeur originale, en affrontant deux défis principaux :<br data-start="947" data-end="950" />– Le nombre limité de fenêtres (seulement trois, toutes sur la même façade).<br data-start="1026" data-end="1029" />– Les besoins spécifiques des clients, qui désiraient un salon spacieux, une chambre à coucher, un bureau facilement transformable en une autre chambre à coucher, une salle de bain, un débarras et une salle technique.</p>
<p data-start="1250" data-end="1827">Alors qu&rsquo;une approche traditionnelle aurait suggéré de placer la chambre à coucher devant l&rsquo;une des fenêtres, limitant ainsi l&rsquo;espace et la lumière naturelle, nous avons choisi d&rsquo;optimiser l&rsquo;utilisation des fenêtres existantes et de déplacer les autres pièces vers l&rsquo;intérieur de l&rsquo;appartement. Les chambres sont disposées sur deux niveaux, séparés par une deuxième façade. L&rsquo;utilisation du verre et de deux couches de rideaux permet d&rsquo;équilibrer la vie privée et la lumière naturelle, offrant des vues sur la rue principale et tirant le meilleur parti de la lumière naturelle.</p>
<p data-start="1829" data-end="2394"><strong data-start="1829" data-end="1846">Appartement 2</strong><br data-start="1846" data-end="1849" />Ce projet concerne un petit studio dans le centre historique de Koper, conçu sur le principe de « une boîte dans une boîte ». La nouvelle « boîte noire » abrite toutes les fonctions principales de l&rsquo;appartement, réparties sur deux niveaux : la cuisine et la salle de bain sont au premier niveau, et la chambre à coucher au deuxième. La « boîte blanche » représente l&rsquo;ancien appartement, conservé dans sa forme originale, avec des plafonds hauts, des murs en pierre, des fenêtres et une porte de balcon qui témoignent de l’histoire du bâtiment.</p>
<p data-start="2396" data-end="2746" data-is-last-node="" data-is-only-node="">Le contraste entre les formes et les couleurs des deux espaces crée un langage expressif unique, enrichissant l&rsquo;expérience de vie et conférant au projet une personnalité distinctive et originale. La fusion d&rsquo;éléments modernes et historiques offre une expérience unique, où chaque détail contribue à un dialogue fascinant entre le passé et le présent.</p>
</div>
</div>
</div>
</div>
<div class="mb-2 flex gap-3 -ml-2">
<div class="items-center justify-start rounded-xl p-1 flex">
<div class="flex items-center"><button class="rounded-lg text-token-text-secondary hover:bg-token-main-surface-secondary" aria-label="Copia" data-testid="copy-turn-action-button"></button></p>
<div class="flex"></div>
<p><button class="rounded-lg text-token-text-secondary hover:bg-token-main-surface-secondary" aria-label="Read aloud" data-testid="voice-play-turn-action-button"></button><button class="rounded-lg text-token-text-secondary hover:bg-token-main-surface-secondary" aria-label="Modifica in un quadro"></button></p>
<div class="flex items-center pb-0"></div>
</div>
</div>
</div>

<p>Appartement 1Le projet résulte d&rsquo;une collaboration étroite et créative entre&#8230;</p>

<!-- This site is optimized with the Yoast SEO plugin v27.5 - https://yoast.com/product/yoast-seo-wordpress/ -->
<title>Private apartment V2 | Exenia</title>
<meta name="robots" content="noindex, follow, max-snippet:-1, max-image-preview:large, max-video-preview:-1" />
<meta property="og:locale" content="fr_FR" />
<meta property="og:type" content="article" />
<meta property="og:title" content="Private apartment V2 | Exenia" />
<meta property="og:description" content="Appartement 1Le projet résulte d&rsquo;une collaboration étroite et créative entre..." />
<meta property="og:url" content="https://restyling.exenia.eu/fr/projets/private-apartment-v2/" />
<meta property="og:site_name" content="Exenia" />
<meta property="article:publisher" content="https://www.facebook.com/exenialighting" />
<meta property="article:modified_time" content="2025-03-06T13:40:30+00:00" />
<meta property="og:image" content="https://restyling.exenia.eu/wp-content/uploads/2023/01/img1-5.jpg" />
	<meta property="og:image:width" content="2048" />
	<meta property="og:image:height" content="1365" />
	<meta property="og:image:type" content="image/jpeg" />
<!-- / Yoast SEO plugin. -->

Appartement 1Le projet résulte d&rsquo;une collaboration étroite et créative entre...
