{"id":9965,"date":"2021-03-09T00:00:00","date_gmt":"2021-03-08T23:00:00","guid":{"rendered":"https:\/\/www.exenia.eu\/progetti\/the-guercino-in-cento\/"},"modified":"2021-03-09T00:00:00","modified_gmt":"2021-03-08T23:00:00","slug":"the-guercino-in-cento","status":"publish","type":"progetti","link":"https:\/\/restyling.exenia.eu\/fr\/projets\/the-guercino-in-cento\/","title":{"rendered":"The Guercino in Cento"},"content":{"rendered":"<p>L&rsquo;exposition \u00ab\u00a0L&rsquo;\u00e9motion baroque. Il Guercino a Cento\u00a0\u00bb a offert une occasion importante d&rsquo;admirer l&rsquo;&oelig;uvre de Giovanni Francesco Barbieri, dit Guercino (Cento, 1575 &#8211; Bologne, 1666) dans sa ville natale, &agrave; laquelle il \u00e9tait intimement li\u00e9 et dont il \u00e9tait profond\u00e9ment aim\u00e9. L&rsquo;exposition s&rsquo;est d\u00e9roul\u00e9e dans l&rsquo;\u00e9glise de San Francesco, aujourd&rsquo;hui d\u00e9sacralis\u00e9e, qui appartient depuis 1870 au Patrimoine des \u00e9tudes et qui, apr&egrave;s les tremblements de terre de 2012, est devenue le si&egrave;ge de la Galerie d&rsquo;art San Lorenzo.<\/p>\n<p>&nbsp;<\/p>\n<p>L&rsquo;int\u00e9rieur de l&rsquo;\u00e9glise, enti&egrave;rement blanc, pr\u00e9sente des solutions de composition d&rsquo;inspiration clairement baroque.&nbsp;<\/p>\n<p>Parmi tous les \u00e9l\u00e9ments architecturaux et sculpturaux, les g\u00e9n\u00e9reuses corniches &#8211; plac\u00e9es &agrave; plus de onze m&egrave;tres de hauteur &#8211; qui entourent toute l&rsquo;\u00e9glise se sont certainement distingu\u00e9es. La pr\u00e9sence g\u00e9n\u00e9ralis\u00e9e de ces cadres a sugg\u00e9r\u00e9 l&rsquo;id\u00e9e d&rsquo;utiliser les nouveaux projecteurs MUSEO Radius pour apporter une solution &agrave; l&rsquo;\u00e9clairage des &oelig;uvres d&rsquo;art.<\/p>\n<p>&nbsp;<\/p>\n<p>Dans l&rsquo;espace offert par la nef principale et la zone du presbyt&egrave;re, un cadre int\u00e9ressant cr\u00e9\u00e9 par un fort contraste chromatique, a accueilli 27 tableaux &#8211; dont la plupart appartiennent &agrave; la galerie d&rsquo;art civique. Dans l&rsquo;\u00e9vocatrice \u00ab\u00a0salle bleue\u00a0\u00bb a \u00e9t\u00e9 retrouv\u00e9e une collection de plus de 20 dessins &#8211; propri\u00e9t\u00e9 de la Municipalit\u00e9 de Cento &#8211; rarement visibles par le public. Dans les deux expositions, le MUSEO Radius a cr\u00e9\u00e9 un \u00e9clairage respectueux de l&rsquo;histoire du b&acirc;timent, minimal en perturbation, mais surtout d&rsquo;une grande pr\u00e9cision.<\/p>\n<p>&nbsp;<\/p>\n<p>La disposition des panneaux d&rsquo;affichage et leur distance consid\u00e9rable par rapport aux cadres ont n\u00e9cessit\u00e9 la r\u00e9alisation d&rsquo;une \u00e9tude pr\u00e9liminaire d&rsquo;\u00e9clairage pour l&rsquo;installation des luminaires.&nbsp;<\/p>\n<p>La simulation calcul\u00e9e a permis d&rsquo;identifier avec pr\u00e9cision &agrave; la fois le besoin en angle de faisceau du MUSEO Radius et les rendements lumineux, qui ont tous deux \u00e9t\u00e9 adapt\u00e9s aux niveaux d&rsquo;\u00e9clairage requis.&nbsp;<\/p>\n<p>Tout au long du processus de consultation, le r\u00e9seau et les volumes des panneaux d&rsquo;affichage contenus dans les \u00e9l\u00e9ments architecturaux ont n\u00e9cessit\u00e9 une \u00e9tude appropri\u00e9e afin de permettre un positionnement optimal des luminaires.&nbsp;<\/p>\n<p>Ainsi, les ombres et les r\u00e9flexions lumineuses ind\u00e9sirables sur les &oelig;uvres d&rsquo;art sont r\u00e9duites.&nbsp;<\/p>\n<p>La pr\u00e9cision des faisceaux offerte par le MUSEO Radius combin\u00e9e &agrave; l&rsquo;utilisation de l&rsquo;accessoire Visor, a permis d&rsquo;obtenir un \u00e9clairage optimal des &oelig;uvres expos\u00e9es, ainsi qu&rsquo;un haut niveau de confort visuel pour le visiteur.<\/p>\n","protected":false},"excerpt":{"rendered":"<p>L&rsquo;exposition \u00ab\u00a0L&rsquo;\u00e9motion baroque. Il Guercino a Cento\u00a0\u00bb a offert une&#8230;<\/p>\n","protected":false},"featured_media":9647,"parent":0,"menu_order":0,"template":"","meta":{"_acf_changed":false,"footnotes":""},"famiglia_progetto":[],"applicazione_progetto":[332],"nazione_progetto":[674],"market":[637],"class_list":["post-9965","progetti","type-progetti","status-publish","has-post-thumbnail","hentry","applicazione_progetto-eclairage-daccentuation","nazione_progetto-italie","market-lieux-de-culte-monuments-et-musees"],"acf":[],"yoast_head":"<!-- This site is optimized with the Yoast SEO plugin v27.5 - https:\/\/yoast.com\/product\/yoast-seo-wordpress\/ -->\n<title>The Guercino in Cento | Exenia<\/title>\n<meta name=\"robots\" content=\"noindex, follow, max-snippet:-1, max-image-preview:large, max-video-preview:-1\" \/>\n<meta property=\"og:locale\" content=\"fr_FR\" \/>\n<meta property=\"og:type\" content=\"article\" \/>\n<meta property=\"og:title\" content=\"The Guercino in Cento | Exenia\" \/>\n<meta property=\"og:description\" content=\"L&rsquo;exposition \u00ab\u00a0L&rsquo;\u00e9motion baroque. Il Guercino a Cento\u00a0\u00bb a offert une...\" \/>\n<meta property=\"og:url\" content=\"https:\/\/restyling.exenia.eu\/fr\/projets\/the-guercino-in-cento\/\" \/>\n<meta property=\"og:site_name\" content=\"Exenia\" \/>\n<meta property=\"article:publisher\" content=\"https:\/\/www.facebook.com\/exenialighting\" \/>\n<meta property=\"og:image\" content=\"https:\/\/restyling.exenia.eu\/wp-content\/uploads\/2023\/01\/dsc5800.jpg\" \/>\n\t<meta property=\"og:image:width\" content=\"2560\" \/>\n\t<meta property=\"og:image:height\" content=\"1707\" \/>\n\t<meta property=\"og:image:type\" content=\"image\/jpeg\" \/>\n<!-- \/ Yoast SEO plugin. -->","yoast_head_json":{"title":"The Guercino in Cento | Exenia","robots":{"index":"noindex","follow":"follow","max-snippet":"max-snippet:-1","max-image-preview":"max-image-preview:large","max-video-preview":"max-video-preview:-1"},"og_locale":"fr_FR","og_type":"article","og_title":"The Guercino in Cento | Exenia","og_description":"L&rsquo;exposition \u00ab\u00a0L&rsquo;\u00e9motion baroque. Il Guercino a Cento\u00a0\u00bb a offert une...","og_url":"https:\/\/restyling.exenia.eu\/fr\/projets\/the-guercino-in-cento\/","og_site_name":"Exenia","article_publisher":"https:\/\/www.facebook.com\/exenialighting","og_image":[{"width":2560,"height":1707,"url":"https:\/\/restyling.exenia.eu\/wp-content\/uploads\/2023\/01\/dsc5800.jpg","type":"image\/jpeg"}],"schema":{"@context":"https:\/\/schema.org","@graph":[{"@type":"WebPage","@id":"https:\/\/restyling.exenia.eu\/fr\/projets\/the-guercino-in-cento\/","url":"https:\/\/restyling.exenia.eu\/fr\/projets\/the-guercino-in-cento\/","name":"The Guercino in Cento | Exenia","isPartOf":{"@id":"https:\/\/restyling.exenia.eu\/#website"},"primaryImageOfPage":{"@id":"https:\/\/restyling.exenia.eu\/fr\/projets\/the-guercino-in-cento\/#primaryimage"},"image":{"@id":"https:\/\/restyling.exenia.eu\/fr\/projets\/the-guercino-in-cento\/#primaryimage"},"thumbnailUrl":"https:\/\/restyling.exenia.eu\/wp-content\/uploads\/2023\/01\/dsc5800.jpg","datePublished":"2021-03-08T23:00:00+00:00","breadcrumb":{"@id":"https:\/\/restyling.exenia.eu\/fr\/projets\/the-guercino-in-cento\/#breadcrumb"},"inLanguage":"fr-FR","potentialAction":[{"@type":"ReadAction","target":["https:\/\/restyling.exenia.eu\/fr\/projets\/the-guercino-in-cento\/"]}]},{"@type":"ImageObject","inLanguage":"fr-FR","@id":"https:\/\/restyling.exenia.eu\/fr\/projets\/the-guercino-in-cento\/#primaryimage","url":"https:\/\/restyling.exenia.eu\/wp-content\/uploads\/2023\/01\/dsc5800.jpg","contentUrl":"https:\/\/restyling.exenia.eu\/wp-content\/uploads\/2023\/01\/dsc5800.jpg","width":2560,"height":1707},{"@type":"BreadcrumbList","@id":"https:\/\/restyling.exenia.eu\/fr\/projets\/the-guercino-in-cento\/#breadcrumb","itemListElement":[{"@type":"ListItem","position":1,"name":"Home","item":"https:\/\/restyling.exenia.eu\/"},{"@type":"ListItem","position":2,"name":"Progetti","item":"https:\/\/restyling.exenia.eu\/progetti\/"},{"@type":"ListItem","position":3,"name":"The Guercino in Cento"}]},{"@type":"WebSite","@id":"https:\/\/restyling.exenia.eu\/#website","url":"https:\/\/restyling.exenia.eu\/","name":"Exenia","description":"","publisher":{"@id":"https:\/\/restyling.exenia.eu\/#organization"},"potentialAction":[{"@type":"SearchAction","target":{"@type":"EntryPoint","urlTemplate":"https:\/\/restyling.exenia.eu\/?s={search_term_string}"},"query-input":{"@type":"PropertyValueSpecification","valueRequired":true,"valueName":"search_term_string"}}],"inLanguage":"fr-FR"},{"@type":"Organization","@id":"https:\/\/restyling.exenia.eu\/#organization","name":"Exenia","url":"https:\/\/restyling.exenia.eu\/","logo":{"@type":"ImageObject","inLanguage":"fr-FR","@id":"https:\/\/restyling.exenia.eu\/#\/schema\/logo\/image\/","url":"https:\/\/restyling.exenia.eu\/wp-content\/uploads\/2022\/09\/logo_exenia-e1678467519405.png","contentUrl":"https:\/\/restyling.exenia.eu\/wp-content\/uploads\/2022\/09\/logo_exenia-e1678467519405.png","width":600,"height":194,"caption":"Exenia"},"image":{"@id":"https:\/\/restyling.exenia.eu\/#\/schema\/logo\/image\/"},"sameAs":["https:\/\/www.facebook.com\/exenialighting","https:\/\/x.com\/ExeniaLighting"]}]}},"_links":{"self":[{"href":"https:\/\/restyling.exenia.eu\/fr\/wp-json\/wp\/v2\/progetti\/9965","targetHints":{"allow":["GET"]}}],"collection":[{"href":"https:\/\/restyling.exenia.eu\/fr\/wp-json\/wp\/v2\/progetti"}],"about":[{"href":"https:\/\/restyling.exenia.eu\/fr\/wp-json\/wp\/v2\/types\/progetti"}],"version-history":[{"count":0,"href":"https:\/\/restyling.exenia.eu\/fr\/wp-json\/wp\/v2\/progetti\/9965\/revisions"}],"wp:featuredmedia":[{"embeddable":true,"href":"https:\/\/restyling.exenia.eu\/fr\/wp-json\/wp\/v2\/media\/9647"}],"wp:attachment":[{"href":"https:\/\/restyling.exenia.eu\/fr\/wp-json\/wp\/v2\/media?parent=9965"}],"wp:term":[{"taxonomy":"famiglia_progetto","embeddable":true,"href":"https:\/\/restyling.exenia.eu\/fr\/wp-json\/wp\/v2\/famiglia_progetto?post=9965"},{"taxonomy":"applicazione_progetto","embeddable":true,"href":"https:\/\/restyling.exenia.eu\/fr\/wp-json\/wp\/v2\/applicazione_progetto?post=9965"},{"taxonomy":"nazione_progetto","embeddable":true,"href":"https:\/\/restyling.exenia.eu\/fr\/wp-json\/wp\/v2\/nazione_progetto?post=9965"},{"taxonomy":"market","embeddable":true,"href":"https:\/\/restyling.exenia.eu\/fr\/wp-json\/wp\/v2\/market?post=9965"}],"curies":[{"name":"wp","href":"https:\/\/api.w.org\/{rel}","templated":true}]}}

<p>L&rsquo;exposition « L&rsquo;émotion baroque. Il Guercino a Cento » a offert une occasion importante d&rsquo;admirer l&rsquo;&oelig;uvre de Giovanni Francesco Barbieri, dit Guercino (Cento, 1575 &#8211; Bologne, 1666) dans sa ville natale, &agrave; laquelle il était intimement lié et dont il était profondément aimé. L&rsquo;exposition s&rsquo;est déroulée dans l&rsquo;église de San Francesco, aujourd&rsquo;hui désacralisée, qui appartient depuis 1870 au Patrimoine des études et qui, apr&egrave;s les tremblements de terre de 2012, est devenue le si&egrave;ge de la Galerie d&rsquo;art San Lorenzo.</p>
<p>&nbsp;</p>
<p>L&rsquo;intérieur de l&rsquo;église, enti&egrave;rement blanc, présente des solutions de composition d&rsquo;inspiration clairement baroque.&nbsp;</p>
<p>Parmi tous les éléments architecturaux et sculpturaux, les généreuses corniches &#8211; placées &agrave; plus de onze m&egrave;tres de hauteur &#8211; qui entourent toute l&rsquo;église se sont certainement distinguées. La présence généralisée de ces cadres a suggéré l&rsquo;idée d&rsquo;utiliser les nouveaux projecteurs MUSEO Radius pour apporter une solution &agrave; l&rsquo;éclairage des &oelig;uvres d&rsquo;art.</p>
<p>&nbsp;</p>
<p>Dans l&rsquo;espace offert par la nef principale et la zone du presbyt&egrave;re, un cadre intéressant créé par un fort contraste chromatique, a accueilli 27 tableaux &#8211; dont la plupart appartiennent &agrave; la galerie d&rsquo;art civique. Dans l&rsquo;évocatrice « salle bleue » a été retrouvée une collection de plus de 20 dessins &#8211; propriété de la Municipalité de Cento &#8211; rarement visibles par le public. Dans les deux expositions, le MUSEO Radius a créé un éclairage respectueux de l&rsquo;histoire du b&acirc;timent, minimal en perturbation, mais surtout d&rsquo;une grande précision.</p>
<p>&nbsp;</p>
<p>La disposition des panneaux d&rsquo;affichage et leur distance considérable par rapport aux cadres ont nécessité la réalisation d&rsquo;une étude préliminaire d&rsquo;éclairage pour l&rsquo;installation des luminaires.&nbsp;</p>
<p>La simulation calculée a permis d&rsquo;identifier avec précision &agrave; la fois le besoin en angle de faisceau du MUSEO Radius et les rendements lumineux, qui ont tous deux été adaptés aux niveaux d&rsquo;éclairage requis.&nbsp;</p>
<p>Tout au long du processus de consultation, le réseau et les volumes des panneaux d&rsquo;affichage contenus dans les éléments architecturaux ont nécessité une étude appropriée afin de permettre un positionnement optimal des luminaires.&nbsp;</p>
<p>Ainsi, les ombres et les réflexions lumineuses indésirables sur les &oelig;uvres d&rsquo;art sont réduites.&nbsp;</p>
<p>La précision des faisceaux offerte par le MUSEO Radius combinée &agrave; l&rsquo;utilisation de l&rsquo;accessoire Visor, a permis d&rsquo;obtenir un éclairage optimal des &oelig;uvres exposées, ainsi qu&rsquo;un haut niveau de confort visuel pour le visiteur.</p>

<p>L&rsquo;exposition « L&rsquo;émotion baroque. Il Guercino a Cento » a offert une&#8230;</p>

<!-- This site is optimized with the Yoast SEO plugin v27.5 - https://yoast.com/product/yoast-seo-wordpress/ -->
<title>The Guercino in Cento | Exenia</title>
<meta name="robots" content="noindex, follow, max-snippet:-1, max-image-preview:large, max-video-preview:-1" />
<meta property="og:locale" content="fr_FR" />
<meta property="og:type" content="article" />
<meta property="og:title" content="The Guercino in Cento | Exenia" />
<meta property="og:description" content="L&rsquo;exposition « L&rsquo;émotion baroque. Il Guercino a Cento » a offert une..." />
<meta property="og:url" content="https://restyling.exenia.eu/fr/projets/the-guercino-in-cento/" />
<meta property="og:site_name" content="Exenia" />
<meta property="article:publisher" content="https://www.facebook.com/exenialighting" />
<meta property="og:image" content="https://restyling.exenia.eu/wp-content/uploads/2023/01/dsc5800.jpg" />
	<meta property="og:image:width" content="2560" />
	<meta property="og:image:height" content="1707" />
	<meta property="og:image:type" content="image/jpeg" />
<!-- / Yoast SEO plugin. -->

L&rsquo;exposition « L&rsquo;émotion baroque. Il Guercino a Cento » a offert une...
